{"id":770,"date":"2015-10-25T13:52:32","date_gmt":"2015-10-25T12:52:32","guid":{"rendered":"http:\/\/pages.pedf.cuni.cz\/khv\/?page_id=770"},"modified":"2015-10-25T13:54:59","modified_gmt":"2015-10-25T12:54:59","slug":"magisterske-studium","status":"publish","type":"page","link":"https:\/\/pages.pedf.cuni.cz\/khv\/studium\/magisterske-studium\/","title":{"rendered":"U\u010ditelstv\u00ed pro 1. st. Z\u0160"},"content":{"rendered":"<ul class=\"list-pages-shortcode child-pages\"><li class=\"page_item page-item-892\"><a href=\"https:\/\/pages.pedf.cuni.cz\/khv\/studium\/magisterske-studium\/prehravky-a-verejna-vystoupeni\/\">P\u0159ehr\u00e1vky a ve\u0159ejn\u00e1 vystoupen\u00ed<\/a><\/li>\n<li class=\"page_item page-item-1094\"><a href=\"https:\/\/pages.pedf.cuni.cz\/khv\/studium\/magisterske-studium\/specializace-hv\/\">Zam\u011b\u0159en\u00ed HV<\/a><\/li>\n<li class=\"page_item page-item-779\"><a href=\"https:\/\/pages.pedf.cuni.cz\/khv\/studium\/magisterske-studium\/statni-zaverecna-zkouska\/\">St\u00e1tn\u00ed z\u00e1v\u011bre\u010dn\u00e1 zkou\u0161ka<\/a><\/li>\n<li class=\"page_item page-item-1267\"><a href=\"https:\/\/pages.pedf.cuni.cz\/khv\/studium\/magisterske-studium\/tematicke-okruhy-ke-zkousce-z-didaktiky-hudebni-vychovy-specializace-hv\/\">Tematick\u00e9 okruhy ke zkou\u0161ce z didaktiky HV \u2013 specializace HV<\/a><\/li>\n<li class=\"page_item page-item-783\"><a href=\"https:\/\/pages.pedf.cuni.cz\/khv\/studium\/magisterske-studium\/pedagogicka-praxe\/\">Pedagogick\u00e1 praxe<\/a><\/li>\n<\/ul>\n","protected":false},"excerpt":{"rendered":"","protected":false},"author":422,"featured_media":0,"parent":27,"menu_order":3,"comment_status":"closed","ping_status":"closed","template":"","meta":{"footnotes":""},"class_list":["post-770","page","type-page","status-publish","hentry"],"_links":{"self":[{"href":"https:\/\/pages.pedf.cuni.cz\/khv\/wp-json\/wp\/v2\/pages\/770","targetHints":{"allow":["GET"]}}],"collection":[{"href":"https:\/\/pages.pedf.cuni.cz\/khv\/wp-json\/wp\/v2\/pages"}],"about":[{"href":"https:\/\/pages.pedf.cuni.cz\/khv\/wp-json\/wp\/v2\/types\/page"}],"author":[{"embeddable":true,"href":"https:\/\/pages.pedf.cuni.cz\/khv\/wp-json\/wp\/v2\/users\/422"}],"replies":[{"embeddable":true,"href":"https:\/\/pages.pedf.cuni.cz\/khv\/wp-json\/wp\/v2\/comments?post=770"}],"version-history":[{"count":0,"href":"https:\/\/pages.pedf.cuni.cz\/khv\/wp-json\/wp\/v2\/pages\/770\/revisions"}],"up":[{"embeddable":true,"href":"https:\/\/pages.pedf.cuni.cz\/khv\/wp-json\/wp\/v2\/pages\/27"}],"wp:attachment":[{"href":"https:\/\/pages.pedf.cuni.cz\/khv\/wp-json\/wp\/v2\/media?parent=770"}],"curies":[{"name":"wp","href":"https:\/\/api.w.org\/{rel}","templated":true}]}}