{"id":783,"date":"2015-10-25T14:15:41","date_gmt":"2015-10-25T13:15:41","guid":{"rendered":"http:\/\/pages.pedf.cuni.cz\/khv\/?page_id=783"},"modified":"2021-10-05T10:01:01","modified_gmt":"2021-10-05T08:01:01","slug":"pedagogicka-praxe","status":"publish","type":"page","link":"https:\/\/pages.pedf.cuni.cz\/khv\/studium\/magisterske-studium\/pedagogicka-praxe\/","title":{"rendered":"Pedagogick\u00e1 praxe"},"content":{"rendered":"<p>Protokol o evidenci praxe pro dob\u00edhaj\u00edc\u00ed studium podle star\u00e9 akreditace:\u00a0<\/p>\n<p>&#8211; <a href=\"https:\/\/pages.pedf.cuni.cz\/khv\/files\/2016\/10\/protokol-o-evidenci-praxe-1.xls\" target=\"_blank\" rel=\"noopener noreferrer\">ke sta\u017een\u00ed<\/a><\/p>\n<p>Protokol o evidenci praxe podle nov\u00e9 akreditace\u00a0 <a href=\"https:\/\/pages.pedf.cuni.cz\/khv\/files\/2021\/10\/Protokol-o-evidenci-praxe-z-HV-nova-akreditace.docx\">zde<\/a><\/p>\n<p>\u00a0<\/p>\n\n\n<p><\/p>\n","protected":false},"excerpt":{"rendered":"<p>Protokol o evidenci praxe pro dob\u00edhaj\u00edc\u00ed studium podle star\u00e9 akreditace:\u00a0 &#8211; ke sta\u017een\u00ed Protokol o evidenci praxe podle nov\u00e9 akreditace\u00a0 zde \u00a0<\/p>\n","protected":false},"author":422,"featured_media":0,"parent":770,"menu_order":2,"comment_status":"closed","ping_status":"closed","template":"","meta":{"footnotes":""},"class_list":["post-783","page","type-page","status-publish","hentry"],"_links":{"self":[{"href":"https:\/\/pages.pedf.cuni.cz\/khv\/wp-json\/wp\/v2\/pages\/783","targetHints":{"allow":["GET"]}}],"collection":[{"href":"https:\/\/pages.pedf.cuni.cz\/khv\/wp-json\/wp\/v2\/pages"}],"about":[{"href":"https:\/\/pages.pedf.cuni.cz\/khv\/wp-json\/wp\/v2\/types\/page"}],"author":[{"embeddable":true,"href":"https:\/\/pages.pedf.cuni.cz\/khv\/wp-json\/wp\/v2\/users\/422"}],"replies":[{"embeddable":true,"href":"https:\/\/pages.pedf.cuni.cz\/khv\/wp-json\/wp\/v2\/comments?post=783"}],"version-history":[{"count":5,"href":"https:\/\/pages.pedf.cuni.cz\/khv\/wp-json\/wp\/v2\/pages\/783\/revisions"}],"predecessor-version":[{"id":4217,"href":"https:\/\/pages.pedf.cuni.cz\/khv\/wp-json\/wp\/v2\/pages\/783\/revisions\/4217"}],"up":[{"embeddable":true,"href":"https:\/\/pages.pedf.cuni.cz\/khv\/wp-json\/wp\/v2\/pages\/770"}],"wp:attachment":[{"href":"https:\/\/pages.pedf.cuni.cz\/khv\/wp-json\/wp\/v2\/media?parent=783"}],"curies":[{"name":"wp","href":"https:\/\/api.w.org\/{rel}","templated":true}]}}