{"id":3,"date":"2014-10-24T09:50:19","date_gmt":"2014-10-24T09:50:19","guid":{"rendered":"http:\/\/pages.pedf.cuni.cz\/konference-ctu\/?page_id=3"},"modified":"2026-04-21T09:27:11","modified_gmt":"2026-04-21T07:27:11","slug":"uvodni-stranka","status":"publish","type":"page","link":"https:\/\/pages.pedf.cuni.cz\/konference-ctu\/","title":{"rendered":"Po\u010d\u00e1te\u010dn\u00ed \u010dten\u00ed: \u010dtu a st\u00e1v\u00e1m se \u010dten\u00e1\u0159em \u2013 cesty propojen\u00ed v\u00fdzkumu a praxe (2026)"},"content":{"rendered":"\n<p><strong>Konferenci Po\u010d\u00e1te\u010dn\u00ed \u010dten\u00ed: \u010dtu a st\u00e1v\u00e1m se \u010dten\u00e1\u0159em, se uskute\u010dn\u00ed 23.9.2026 na Pedagogick\u00e9 fakult\u011b Univerzity Karlovy.<\/strong><\/p>\n\n\n\n<p>Dne 23. 9. 2026 prob\u011bhne konference Po\u010d\u00e1te\u010dn\u00ed \u010dten\u00ed: \u010dtu a st\u00e1v\u00e1m se \u010dten\u00e1\u0159em \u2013 cesty propojen\u00ed v\u00fdzkumu a praxe, kter\u00e1 je ji\u017e tradi\u010dn\u011b po\u0159\u00e1d\u00e1na na Pedagogick\u00e9 fakult\u011b Univerzity Karlovy.<\/p>\n\n\n\n<p>Konference navazuje na ji\u017e realizovan\u00e9 konference v letech 2014 a\u017e 2024. Jej\u00edm c\u00edlem je p\u0159edstavit nov\u00e9 poznatky vze\u0161l\u00e9 z v\u00fdzkum\u016f a projekt\u016f, ale tak\u00e9 d\u00e1t prostor praktick\u00fdm zku\u0161enostem a osv\u011bd\u010den\u00fdm postup\u016fm ze v\u0161ech aktivit podporuj\u00edc\u00edch rozvoj \u010dten\u00e1\u0159sk\u00e9 gramotnosti a \u010dten\u00e1\u0159stv\u00ed u na\u0161ich \u017e\u00e1k\u016f, z pohledu r\u016fzn\u00fdch v\u011bdn\u00edch discipl\u00edn.<\/p>\n\n\n\n<p><strong><em>Uv\u00edt\u00e1me pro zve\u0159ejn\u011bn\u00ed t\u00e9\u017e prezentace v\u0161ech aktivn\u00edch vystupuj\u00edc\u00edch. V p\u0159\u00edpad\u011b z\u00e1jmu za\u0161lete sv\u00e9 prezentace na monika.kadrnozkova@pedf.cuni.cz<\/em><\/strong><\/p>\n\n\n\n<p><strong>Na konferenci jsou v\u00edt\u00e1ny p\u0159\u00edsp\u011bvky v aktu\u00e1ln\u00edch t\u00e9matech pro rok 2026, kter\u00e9 budou&nbsp; p\u0159edstaveny v p\u0159\u00edslu\u0161n\u00fdch sekc\u00edch:<\/strong><\/p>\n\n\n\n<ul class=\"wp-block-list\">\n<li>Porozum\u011bn\u00ed jako faktor rozvoje gramotnosti<\/li>\n\n\n\n<li>Rozvoj jazykov\u00e9 a \u010dten\u00e1\u0159sk\u00e9 gramotnosti d\u011bt\u00ed p\u0159ed\u0161koln\u00edho v\u011bku a za\u010d\u00ednaj\u00edc\u00edch \u010dten\u00e1\u0159\u016f<\/li>\n\n\n\n<li>Diagnostick\u00e9 a interven\u010dn\u00ed aspekty gramotnostn\u00edch dovednost\u00ed z hlediska poradensk\u00e9 praxe<\/li>\n\n\n\n<li>Aktivity knihoven rozv\u00edjej\u00edc\u00ed \u010dten\u00ed a \u010dten\u00e1\u0159stv\u00ed<\/li>\n\n\n\n<li>Didaktick\u00e9 aspekty rozvoje \u010dten\u00e1\u0159sk\u00fdch dovednost\u00ed na z\u00e1kladn\u00ed a st\u0159edn\u00ed \u0161kole<\/li>\n\n\n\n<li>Digit\u00e1ln\u00ed technologie a jejich p\u0159\u00ednos k rozvoji \u010dten\u00e1\u0159stv\u00ed a my\u0161len\u00ed<\/li>\n\n\n\n<li>Podpora rozvoje gramotnostn\u00edch dovednost\u00ed u \u017e\u00e1k\u016f se speci\u00e1ln\u00edmi vzd\u011bl\u00e1vac\u00edmi pot\u0159ebami a \u017e\u00e1k\u016f nadan\u00fdch<\/li>\n\n\n\n<li>Hudebn\u00ed gramotnost a jej\u00ed podpora u d\u011bt\u00ed a \u017e\u00e1k\u016f<\/li>\n\n\n\n<li>Workshopy: Generat\u00edvna AI vo vzdel\u00e1van\u00ed a Porozum\u011bn\u00ed textu \u2013 testov\u00e1 baterie PorTex<\/li>\n<\/ul>\n\n\n\n<p><\/p>\n\n\n\n<p><\/p>\n","protected":false},"excerpt":{"rendered":"<p>Konferenci Po\u010d\u00e1te\u010dn\u00ed \u010dten\u00ed: \u010dtu a st\u00e1v\u00e1m se \u010dten\u00e1\u0159em, se uskute\u010dn\u00ed 23.9.2026 na Pedagogick\u00e9 fakult\u011b Univerzity Karlovy. Dne 23. 9. 2026 prob\u011bhne konference Po\u010d\u00e1te\u010dn\u00ed \u010dten\u00ed: \u010dtu a st\u00e1v\u00e1m se \u010dten\u00e1\u0159em \u2013 cesty propojen\u00ed v\u00fdzkumu a praxe, kter\u00e1 je ji\u017e tradi\u010dn\u011b po\u0159\u00e1d\u00e1na &hellip; <a href=\"https:\/\/pages.pedf.cuni.cz\/konference-ctu\/\">Cel\u00fd p\u0159\u00edsp\u011bvek <span class=\"meta-nav\">&rarr;<\/span><\/a><\/p>\n","protected":false},"author":1,"featured_media":0,"parent":0,"menu_order":0,"comment_status":"closed","ping_status":"closed","template":"","meta":{"footnotes":""},"class_list":["post-3","page","type-page","status-publish","hentry"],"_links":{"self":[{"href":"https:\/\/pages.pedf.cuni.cz\/konference-ctu\/wp-json\/wp\/v2\/pages\/3","targetHints":{"allow":["GET"]}}],"collection":[{"href":"https:\/\/pages.pedf.cuni.cz\/konference-ctu\/wp-json\/wp\/v2\/pages"}],"about":[{"href":"https:\/\/pages.pedf.cuni.cz\/konference-ctu\/wp-json\/wp\/v2\/types\/page"}],"author":[{"embeddable":true,"href":"https:\/\/pages.pedf.cuni.cz\/konference-ctu\/wp-json\/wp\/v2\/users\/1"}],"replies":[{"embeddable":true,"href":"https:\/\/pages.pedf.cuni.cz\/konference-ctu\/wp-json\/wp\/v2\/comments?post=3"}],"version-history":[{"count":8,"href":"https:\/\/pages.pedf.cuni.cz\/konference-ctu\/wp-json\/wp\/v2\/pages\/3\/revisions"}],"predecessor-version":[{"id":539,"href":"https:\/\/pages.pedf.cuni.cz\/konference-ctu\/wp-json\/wp\/v2\/pages\/3\/revisions\/539"}],"wp:attachment":[{"href":"https:\/\/pages.pedf.cuni.cz\/konference-ctu\/wp-json\/wp\/v2\/media?parent=3"}],"curies":[{"name":"wp","href":"https:\/\/api.w.org\/{rel}","templated":true}]}}