{"id":31,"date":"2018-05-18T23:32:14","date_gmt":"2018-05-18T21:32:14","guid":{"rendered":"http:\/\/pages.pedf.cuni.cz\/konference-ctu\/?page_id=31"},"modified":"2026-04-21T08:52:10","modified_gmt":"2026-04-21T06:52:10","slug":"archiv","status":"publish","type":"page","link":"https:\/\/pages.pedf.cuni.cz\/konference-ctu\/archiv\/","title":{"rendered":"Archiv konferenc\u00ed"},"content":{"rendered":"\n<p>Zde naleznete informace k ji\u017e prob\u011bhl\u00fdm konferenc\u00edm <strong><strong>Po\u010d\u00e1te\u010dn\u00ed \u010dten\u00ed: \u010dtu a st\u00e1v\u00e1m se \u010dten\u00e1\u0159em (Cesty propojen\u00ed v\u00fdzkumu a praxe)<\/strong><\/strong>.<\/p>\n\n\n\n<p>Ro\u010dn\u00edk 2024 &#8211; <a href=\"https:\/\/pages.pedf.cuni.cz\/konference-ctu\/pocatecni-cteni-ctu-a-stavam-se-ctenarem-cesty-propojeni-vyzkumu-a-praxe-2024\/\"><strong>zde<\/strong><\/a><\/p>\n\n\n\n<p>Ro\u010dn\u00edk 2022 &#8211; <a href=\"https:\/\/pages.pedf.cuni.cz\/konference-ctu\/2022-2\/\"><strong>zde<\/strong><\/a><\/p>\n\n\n\n<p>Ro\u010dn\u00edk 2018 &#8211; <a href=\"https:\/\/pages.pedf.cuni.cz\/konference-ctu\/2018-2\/\"><strong>zde<\/strong><\/a><\/p>\n\n\n\n<p>Ro\u010dn\u00edk 2016 &#8211; <a href=\"https:\/\/pages.pedf.cuni.cz\/konference-ctu\/2016-2\/\"><strong>zde<\/strong><\/a><\/p>\n\n\n\n<p>Ro\u010dn\u00edk 2014 &#8211; <a href=\"https:\/\/pages.pedf.cuni.cz\/konference-ctu\/2014-2\/\"><strong>zde<\/strong><\/a><\/p>\n\n\n\n<p>V\u00edce o prob\u011bhl\u00fdch konferenc\u00edch se m\u016f\u017eete do\u010d\u00edt v bulletinu SKIP <strong><a href=\"https:\/\/bulletinskip.skipcr.cz\/vsechna-cisla\/prohlizet-cisla\/2018-rocnik-27-cislo-4\/konference-pocatecni-cteni-ctu-stavam-se\"><strong>zde<\/strong><\/a><\/strong>.<\/p>\n","protected":false},"excerpt":{"rendered":"<p>Zde naleznete informace k ji\u017e prob\u011bhl\u00fdm konferenc\u00edm Po\u010d\u00e1te\u010dn\u00ed \u010dten\u00ed: \u010dtu a st\u00e1v\u00e1m se \u010dten\u00e1\u0159em (Cesty propojen\u00ed v\u00fdzkumu a praxe). Ro\u010dn\u00edk 2024 &#8211; zde Ro\u010dn\u00edk 2022 &#8211; zde Ro\u010dn\u00edk 2018 &#8211; zde Ro\u010dn\u00edk 2016 &#8211; zde Ro\u010dn\u00edk 2014 &#8211; zde V\u00edce &hellip; <a href=\"https:\/\/pages.pedf.cuni.cz\/konference-ctu\/archiv\/\">Cel\u00fd p\u0159\u00edsp\u011bvek <span class=\"meta-nav\">&rarr;<\/span><\/a><\/p>\n","protected":false},"author":448,"featured_media":0,"parent":0,"menu_order":0,"comment_status":"closed","ping_status":"closed","template":"","meta":{"footnotes":""},"class_list":["post-31","page","type-page","status-publish","hentry"],"_links":{"self":[{"href":"https:\/\/pages.pedf.cuni.cz\/konference-ctu\/wp-json\/wp\/v2\/pages\/31","targetHints":{"allow":["GET"]}}],"collection":[{"href":"https:\/\/pages.pedf.cuni.cz\/konference-ctu\/wp-json\/wp\/v2\/pages"}],"about":[{"href":"https:\/\/pages.pedf.cuni.cz\/konference-ctu\/wp-json\/wp\/v2\/types\/page"}],"author":[{"embeddable":true,"href":"https:\/\/pages.pedf.cuni.cz\/konference-ctu\/wp-json\/wp\/v2\/users\/448"}],"replies":[{"embeddable":true,"href":"https:\/\/pages.pedf.cuni.cz\/konference-ctu\/wp-json\/wp\/v2\/comments?post=31"}],"version-history":[{"count":7,"href":"https:\/\/pages.pedf.cuni.cz\/konference-ctu\/wp-json\/wp\/v2\/pages\/31\/revisions"}],"predecessor-version":[{"id":520,"href":"https:\/\/pages.pedf.cuni.cz\/konference-ctu\/wp-json\/wp\/v2\/pages\/31\/revisions\/520"}],"wp:attachment":[{"href":"https:\/\/pages.pedf.cuni.cz\/konference-ctu\/wp-json\/wp\/v2\/media?parent=31"}],"curies":[{"name":"wp","href":"https:\/\/api.w.org\/{rel}","templated":true}]}}

Archiv konferencí

<p>Zde naleznete informace k již proběhlým konferencím <strong><strong>Počáteční čtení: čtu a stávám se čtenářem (Cesty propojení výzkumu a praxe)</strong></strong>.</p>



<p>Ročník 2024 &#8211; <a href="https://pages.pedf.cuni.cz/konference-ctu/pocatecni-cteni-ctu-a-stavam-se-ctenarem-cesty-propojeni-vyzkumu-a-praxe-2024/"><strong>zde</strong></a></p>



<p>Ročník 2022 &#8211; <a href="https://pages.pedf.cuni.cz/konference-ctu/2022-2/"><strong>zde</strong></a></p>



<p>Ročník 2018 &#8211; <a href="https://pages.pedf.cuni.cz/konference-ctu/2018-2/"><strong>zde</strong></a></p>



<p>Ročník 2016 &#8211; <a href="https://pages.pedf.cuni.cz/konference-ctu/2016-2/"><strong>zde</strong></a></p>



<p>Ročník 2014 &#8211; <a href="https://pages.pedf.cuni.cz/konference-ctu/2014-2/"><strong>zde</strong></a></p>



<p>Více o proběhlých konferencích se můžete dočít v bulletinu SKIP <strong><a href="https://bulletinskip.skipcr.cz/vsechna-cisla/prohlizet-cisla/2018-rocnik-27-cislo-4/konference-pocatecni-cteni-ctu-stavam-se"><strong>zde</strong></a></strong>.</p>

<p>Zde naleznete informace k již proběhlým konferencím Počáteční čtení: čtu a stávám se čtenářem (Cesty propojení výzkumu a praxe). Ročník 2024 &#8211; zde Ročník 2022 &#8211; zde Ročník 2018 &#8211; zde Ročník 2016 &#8211; zde Ročník 2014 &#8211; zde Více &hellip; <a href="https://pages.pedf.cuni.cz/konference-ctu/archiv/">Celý příspěvek <span class="meta-nav">&rarr;</span></a></p>
