{"id":35,"date":"2018-05-18T23:33:47","date_gmt":"2018-05-18T21:33:47","guid":{"rendered":"http:\/\/pages.pedf.cuni.cz\/konference-ctu\/?page_id=35"},"modified":"2022-04-29T13:00:00","modified_gmt":"2022-04-29T11:00:00","slug":"2016-2","status":"publish","type":"page","link":"https:\/\/pages.pedf.cuni.cz\/konference-ctu\/2016-2\/","title":{"rendered":"2016"},"content":{"rendered":"<h3>Po\u010d\u00e1te\u010dn\u00ed \u010dten\u00ed: \u010dtu a st\u00e1v\u00e1m se \u010dten\u00e1\u0159em (Cesty propojen\u00ed v\u00fdzkumu a\u00a0praxe)<\/h3>\n<h4>23.9.2016<\/h4>\n<h5>PedF UK, Magdal\u00e9ny Rettigov\u00e9 4, Praha 1<\/h5>\n<h5>po\u0159\u00e1d\u00e1: Pedagogick\u00e1 fakulta UK, katedra psychologie a katedra prim\u00e1rn\u00ed pedagogiky<\/h5>\n<p><strong>Program konference naleznete <a href=\"https:\/\/pages.pedf.cuni.cz\/konference-ctu\/files\/2018\/05\/Program-konference-tu-a-st\u00dfv\u00dfm-se-ten\u00dfem-2016-final.pdf\">zde<\/a><\/strong><\/p>\n<div>\n<p>V\u00fdzkum po\u010d\u00e1te\u010dn\u00ed \u010dten\u00e1\u0159sk\u00e9 gramotnosti a z\u00e1jem o obt\u00ed\u017ee v jej\u00edm rozvoji p\u0159edstavuje jedno z nejv\u00fdznamn\u011bj\u0161\u00edch t\u00e9mat sou\u010dasn\u00e9 prim\u00e1rn\u00ed pedagogiky, pedagogick\u00e9 psychologie, v\u00fdvojov\u00e9 psycholingvistiky i poradensk\u00e9 psychologie.<\/p>\n<p><strong>C\u00edlem konference<\/strong> je prezentovat sou\u010dasn\u00fd v\u00fdzkum po\u010d\u00e1te\u010dn\u00ed gramotnosti v pedagogice a psychologii a p\u0159\u00edbuzn\u00fdch humanitn\u00edch v\u011bd\u00e1ch a vytvo\u0159it tak prostor pro transfer poznatk\u016f z\u00e1kladn\u00edho i aplikovan\u00e9ho v\u00fdzkumu do pedagogick\u00e9 i poradensk\u00e9 praxe. Chceme vytvo\u0159it prostor pro setk\u00e1n\u00ed odborn\u00edk\u016f z vysok\u00fdch \u0161kol i profesion\u00e1l\u016f z praxe, kter\u00e9 spojuje z\u00e1jem o problematiku rozvoje \u010dten\u00ed a \u010dten\u00e1\u0159stv\u00ed a souvisej\u00edc\u00edch gramotnostn\u00edch dovednost\u00ed. <strong>Navazujeme na \u00fasp\u011b\u0161nou konferenci \u201e\u010ctu a st\u00e1v\u00e1m se \u010dten\u00e1\u0159em\u201c z\u00a0roku 2014.<\/strong><\/p>\n<p>Konference p\u0159edstav\u00ed <strong>p\u0159\u00edsp\u011bvky z oblasti<\/strong> v\u00fdzkumu po\u010d\u00e1te\u010dn\u00ed gramotnosti u d\u011bt\u00ed prvn\u00edho stupn\u011b z\u00e1kladn\u00edch \u0161kol, v\u00fduky \u010dten\u00ed v prim\u00e1rn\u00edm vzd\u011bl\u00e1v\u00e1n\u00ed, podpory \u010dten\u00e1\u0159stv\u00ed, d\u00e1le p\u0159\u00edsp\u011bvky k t\u00e9matu prevence i \u0159e\u0161en\u00ed obt\u00ed\u017e\u00ed v rozvoji \u010dten\u00e1\u0159sk\u00fdch dovednost\u00ed a intervenc\u00ed v t\u00e9to oblasti.<\/p>\n<p><strong>Konference je vhodn\u00e1<\/strong> nejen pro <strong>akademick\u00e9 pracovn\u00edky a studenty magistersk\u00fdch a doktorsk\u00fdch program\u016f<\/strong>, ale tak\u00e9 <strong>pro pracovn\u00edky odborn\u00e9 praxe<\/strong> &#8211; u\u010ditele mate\u0159sk\u00fdch a z\u00e1kladn\u00edch \u0161kol, vychovatele, pracovn\u00edky \u0161koln\u00edch poradensk\u00fdch pracovi\u0161\u0165 a \u0161kolsk\u00fdch poradensk\u00fdch za\u0159\u00edzen\u00ed, ale tak\u00e9 pro v\u0161echny ostatn\u00ed, kter\u00e9 rozvoj gramotnosti, \u010dten\u00ed a \u010dten\u00e1\u0159stv\u00ed na\u0161ich d\u011bt\u00ed zaj\u00edmaj\u00ed.<\/p>\n<p><em>\u00a0<\/em><\/p>\n<\/div>\n","protected":false},"excerpt":{"rendered":"<p>Po\u010d\u00e1te\u010dn\u00ed \u010dten\u00ed: \u010dtu a st\u00e1v\u00e1m se \u010dten\u00e1\u0159em (Cesty propojen\u00ed v\u00fdzkumu a\u00a0praxe) 23.9.2016 PedF UK, Magdal\u00e9ny Rettigov\u00e9 4, Praha 1 po\u0159\u00e1d\u00e1: Pedagogick\u00e1 fakulta UK, katedra psychologie a katedra prim\u00e1rn\u00ed pedagogiky Program konference naleznete zde V\u00fdzkum po\u010d\u00e1te\u010dn\u00ed \u010dten\u00e1\u0159sk\u00e9 gramotnosti a z\u00e1jem o &hellip; <a href=\"https:\/\/pages.pedf.cuni.cz\/konference-ctu\/2016-2\/\">Cel\u00fd p\u0159\u00edsp\u011bvek <span class=\"meta-nav\">&rarr;<\/span><\/a><\/p>\n","protected":false},"author":448,"featured_media":0,"parent":0,"menu_order":0,"comment_status":"closed","ping_status":"closed","template":"","meta":{"footnotes":""},"class_list":["post-35","page","type-page","status-publish","hentry"],"_links":{"self":[{"href":"https:\/\/pages.pedf.cuni.cz\/konference-ctu\/wp-json\/wp\/v2\/pages\/35","targetHints":{"allow":["GET"]}}],"collection":[{"href":"https:\/\/pages.pedf.cuni.cz\/konference-ctu\/wp-json\/wp\/v2\/pages"}],"about":[{"href":"https:\/\/pages.pedf.cuni.cz\/konference-ctu\/wp-json\/wp\/v2\/types\/page"}],"author":[{"embeddable":true,"href":"https:\/\/pages.pedf.cuni.cz\/konference-ctu\/wp-json\/wp\/v2\/users\/448"}],"replies":[{"embeddable":true,"href":"https:\/\/pages.pedf.cuni.cz\/konference-ctu\/wp-json\/wp\/v2\/comments?post=35"}],"version-history":[{"count":9,"href":"https:\/\/pages.pedf.cuni.cz\/konference-ctu\/wp-json\/wp\/v2\/pages\/35\/revisions"}],"predecessor-version":[{"id":218,"href":"https:\/\/pages.pedf.cuni.cz\/konference-ctu\/wp-json\/wp\/v2\/pages\/35\/revisions\/218"}],"wp:attachment":[{"href":"https:\/\/pages.pedf.cuni.cz\/konference-ctu\/wp-json\/wp\/v2\/media?parent=35"}],"curies":[{"name":"wp","href":"https:\/\/api.w.org\/{rel}","templated":true}]}}

<h3>Počáteční čtení: čtu a stávám se čtenářem (Cesty propojení výzkumu a praxe)</h3>
<h4>23.9.2016</h4>
<h5>PedF UK, Magdalény Rettigové 4, Praha 1</h5>
<h5>pořádá: Pedagogická fakulta UK, katedra psychologie a katedra primární pedagogiky</h5>
<p><strong>Program konference naleznete <a href="https://pages.pedf.cuni.cz/konference-ctu/files/2018/05/Program-konference-tu-a-stßvßm-se-tenßem-2016-final.pdf">zde</a></strong></p>
<div>
<p>Výzkum počáteční čtenářské gramotnosti a zájem o obtíže v jejím rozvoji představuje jedno z nejvýznamnějších témat současné primární pedagogiky, pedagogické psychologie, vývojové psycholingvistiky i poradenské psychologie.</p>
<p><strong>Cílem konference</strong> je prezentovat současný výzkum počáteční gramotnosti v pedagogice a psychologii a příbuzných humanitních vědách a vytvořit tak prostor pro transfer poznatků základního i aplikovaného výzkumu do pedagogické i poradenské praxe. Chceme vytvořit prostor pro setkání odborníků z vysokých škol i profesionálů z praxe, které spojuje zájem o problematiku rozvoje čtení a čtenářství a souvisejících gramotnostních dovedností. <strong>Navazujeme na úspěšnou konferenci „Čtu a stávám se čtenářem“ z roku 2014.</strong></p>
<p>Konference představí <strong>příspěvky z oblasti</strong> výzkumu počáteční gramotnosti u dětí prvního stupně základních škol, výuky čtení v primárním vzdělávání, podpory čtenářství, dále příspěvky k tématu prevence i řešení obtíží v rozvoji čtenářských dovedností a intervencí v této oblasti.</p>
<p><strong>Konference je vhodná</strong> nejen pro <strong>akademické pracovníky a studenty magisterských a doktorských programů</strong>, ale také <strong>pro pracovníky odborné praxe</strong> &#8211; učitele mateřských a základních škol, vychovatele, pracovníky školních poradenských pracovišť a školských poradenských zařízení, ale také pro všechny ostatní, které rozvoj gramotnosti, čtení a čtenářství našich dětí zajímají.</p>
<p><em> </em></p>
</div>

<p>Počáteční čtení: čtu a stávám se čtenářem (Cesty propojení výzkumu a praxe) 23.9.2016 PedF UK, Magdalény Rettigové 4, Praha 1 pořádá: Pedagogická fakulta UK, katedra psychologie a katedra primární pedagogiky Program konference naleznete zde Výzkum počáteční čtenářské gramotnosti a zájem o &hellip; <a href="https://pages.pedf.cuni.cz/konference-ctu/2016-2/">Celý příspěvek <span class="meta-nav">&rarr;</span></a></p>
