{"id":442,"date":"2024-05-19T22:00:34","date_gmt":"2024-05-19T20:00:34","guid":{"rendered":"https:\/\/pages.pedf.cuni.cz\/konference-ctu\/?page_id=442"},"modified":"2026-04-21T08:52:07","modified_gmt":"2026-04-21T06:52:07","slug":"2022-2","status":"publish","type":"page","link":"https:\/\/pages.pedf.cuni.cz\/konference-ctu\/2022-2\/","title":{"rendered":"2022"},"content":{"rendered":"\n<p><strong>Po\u010d\u00e1te\u010dn\u00ed \u010dten\u00ed: \u010dtu a st\u00e1v\u00e1m se \u010dten\u00e1\u0159em \u2013 cesty propojen\u00ed v\u00fdzkumu a praxe (2022)<\/strong><\/p>\n\n\n\n<p><strong>Konferenci Po\u010d\u00e1te\u010dn\u00ed \u010dten\u00ed: \u010dtu a st\u00e1v\u00e1m se \u010dten\u00e1\u0159em, se uskute\u010dnila 21.9.2022 na Pedagogick\u00e9 fakult\u011b Univerzity Karlovy.<\/strong><\/p>\n\n\n\n<p>Dne 21. 9. 2022 prob\u011bhla konference Po\u010d\u00e1te\u010dn\u00ed \u010dten\u00ed: \u010dtu a st\u00e1v\u00e1m se \u010dten\u00e1\u0159em \u2013 cesty propojen\u00ed v\u00fdzkumu a praxe, kter\u00e1 byla ji\u017e tradi\u010dn\u011b po\u0159\u00e1d\u00e1na na Pedagogick\u00e9 fakult\u011b Univerzity Karlovy.<\/p>\n\n\n\n<p>Konference navazuje na ji\u017e realizovan\u00e9 konference v letech 2014, 2016 a 2018. Jej\u00edm c\u00edlem bylo p\u0159edstavit nov\u00e9 poznatky vze\u0161l\u00e9 z v\u00fdzkum\u016f a projekt\u016f, ale tak\u00e9 d\u00e1t prostor praktick\u00fdm zku\u0161enostem a osv\u011bd\u010den\u00fdm postup\u016fm ze v\u0161ech aktivit podporuj\u00edc\u00edch rozvoj \u010dten\u00e1\u0159sk\u00e9 gramotnosti a \u010dten\u00e1\u0159stv\u00ed u na\u0161ich \u017e\u00e1k\u016f, z pohledu r\u016fzn\u00fdch v\u011bdn\u00edch discipl\u00edn.<\/p>\n\n\n\n<p>V dopoledn\u00edm programu bylo vzpomenuto na prof. Zde\u0148ka Mat\u011bj\u010dka, kter\u00fd by se do\u017eil 100 let.<\/p>\n\n\n\n<p><strong>Na konferenci byly v\u00edt\u00e1ny p\u0159\u00edsp\u011bvky v aktu\u00e1ln\u00edch t\u00e9matech pro rok 2022, kter\u00e9 byly&nbsp; p\u0159edstaveny v p\u0159\u00edslu\u0161n\u00fdch sekc\u00edch:<\/strong><\/p>\n\n\n\n<ul class=\"wp-block-list\">\n<li>Didaktick\u00e9 aspekty gramotnostn\u00edch dovednost\u00ed, metody<br>a metodiky<\/li>\n\n\n\n<li>Aktivity \u0161kol, rodi\u010d\u016f a organizac\u00ed k podpo\u0159e \u010dten\u00ed a \u010dten\u00e1\u0159stv\u00ed<\/li>\n\n\n\n<li>Porozum\u011bn\u00ed jako faktor rozvoje gramotnosti<\/li>\n\n\n\n<li>Podpora rozvoje v oblasti um\u011bleck\u00e9 gramotnosti<\/li>\n\n\n\n<li>N\u00e1m\u011bty pro pr\u00e1ci poradensk\u00fdch pracovn\u00edk\u016f v oblasti diagnostiky<br>ve \u0161kol\u00e1ch i \u0161kolsk\u00fdch poradensk\u00fdch za\u0159\u00edzen\u00edch<\/li>\n\n\n\n<li>Podpora a rozvoj gramotnostn\u00edch dovednost\u00ed ve \u0161kol\u00e1ch<br>a \u0161kolsk\u00fdch poradensk\u00fdch za\u0159\u00edzen\u00edch<\/li>\n<\/ul>\n\n\n\n<p><strong>Konference je vhodn\u00e1<\/strong>\u00a0nejen pro\u00a0<strong>akademick\u00e9 pracovn\u00edky a studenty magistersk\u00fdch a doktorsk\u00fdch program\u016f<\/strong>, ale tak\u00e9\u00a0<strong>pro pracovn\u00edky odborn\u00e9 praxe<\/strong>\u00a0\u2013 u\u010ditele mate\u0159sk\u00fdch a z\u00e1kladn\u00edch \u0161kol, vychovatele, pracovn\u00edky \u0161koln\u00edch poradensk\u00fdch pracovi\u0161\u0165 a \u0161kolsk\u00fdch poradensk\u00fdch za\u0159\u00edzen\u00ed, ale tak\u00e9 pro v\u0161echny ostatn\u00ed, kter\u00e9 rozvoj gramotnosti, \u010dten\u00ed a \u010dten\u00e1\u0159stv\u00ed na\u0161ich d\u011bt\u00ed zaj\u00edmaj\u00ed.<\/p>\n\n\n\n<p><strong>Posterov\u00e1 sekce:<\/strong><\/p>\n\n\n\n<p>Velikost posteru: A1 420 x 594 mm na&nbsp;v\u00fd\u0161ku.<br>Pom\u016fcky pro p\u0159ipevn\u011bn\u00ed Va\u0161ich materi\u00e1l\u016f \u2013 tzn. p\u0159ip\u00edn\u00e1\u010dky a lepic\u00ed p\u00e1sku budou zaji\u0161t\u011bny na m\u00edst\u011b.<\/p>\n\n\n\n<p><strong>N\u00e1vrh&nbsp;struktury posteru:<\/strong><\/p>\n\n\n\n<ul class=\"wp-block-list\">\n<li>n\u00e1zev, jm\u00e9no autora\/\u016f a instituci zv\u00fdrazn\u011bte v\u011bt\u0161\u00edmi p\u00edsmeny;<\/li>\n\n\n\n<li>text na posteru by m\u011bl b\u00fdt \u010diteln\u00fd nejm\u00e9n\u011b z 1 m;<\/li>\n\n\n\n<li>nen\u00ed nutn\u00e9 ps\u00e1t cel\u00e9 v\u011bty, sta\u010d\u00ed heslovit\u00fd text;<\/li>\n\n\n\n<li>je vhodn\u00e9 pou\u017e\u00edvat odr\u00e1\u017eky a dal\u0161\u00ed grafick\u00e9 prvky v textu;<\/li>\n\n\n\n<li>praktick\u00e9 je zv\u00fdraznit kl\u00ed\u010dov\u00e1 slova;<\/li>\n\n\n\n<li>pro dopln\u011bn\u00ed textu je vhodn\u00e9 vyu\u017e\u00edt grafy a obr\u00e1zky.<\/li>\n<\/ul>\n\n\n\n<p><strong>Odborn\u00e1 garance konference<\/strong><\/p>\n\n\n\n<ul class=\"wp-block-list\">\n<li>doc. PhDr. PaedDr. Anna Kucharsk\u00e1, Ph.D.<\/li>\n\n\n\n<li>prof. PaedDr. Radka Wildov\u00e1, CSc.<\/li>\n<\/ul>\n\n\n\n<p><strong>Organiza\u010dn\u00ed v\u00fdbor konference:<\/strong><\/p>\n\n\n\n<ul class=\"wp-block-list\">\n<li>PhDr. Kl\u00e1ra \u0160pa\u010dkov\u00e1, Ph.D.<\/li>\n\n\n\n<li>PhDr. Hana Sot\u00e1kov\u00e1<\/li>\n\n\n\n<li>PhDr. Veronika Laufkov\u00e1, Ph.D.<\/li>\n\n\n\n<li>Mgr. Jolana Ronkov\u00e1, Ph.D.<\/li>\n\n\n\n<li>Mgr. Monika Kadrno\u017ekov\u00e1, Ph.D.<\/li>\n\n\n\n<li>Terezie \u0160turmov\u00e1<\/li>\n<\/ul>\n\n\n\n<p><strong>Program konference naleznete <a href=\"https:\/\/pages.pedf.cuni.cz\/konference-ctu\/files\/2022\/08\/Konference_program_f.pdf\">zde<\/a>.<\/strong><\/p>\n\n\n\n<div class=\"wp-block-file\"><a href=\"https:\/\/pages.pedf.cuni.cz\/7fffb824-6b5d-4eb0-9fb7-1a369d1157df\" class=\"wp-block-file__button wp-element-button\" download>St\u00e1hnout<\/a><\/div>\n\n\n\n<p><strong>Program konference<\/strong><\/p>\n\n\n\n<div data-wp-interactive=\"core\/file\" class=\"wp-block-file\"><object data-wp-bind--hidden=\"!state.hasPdfPreview\" hidden class=\"wp-block-file__embed\" data=\"https:\/\/pages.pedf.cuni.cz\/konference-ctu\/files\/2023\/08\/konference_5.pdf\" type=\"application\/pdf\" style=\"width:100%;height:600px\" aria-label=\"Vlo\u017eit z konference_5.\"><\/object><a id=\"wp-block-file--media-41655160-7488-48fb-92da-4f8137592fa6\" href=\"https:\/\/pages.pedf.cuni.cz\/konference-ctu\/files\/2023\/08\/konference_5.pdf\">konference_5<\/a><a href=\"https:\/\/pages.pedf.cuni.cz\/konference-ctu\/files\/2023\/08\/konference_5.pdf\" class=\"wp-block-file__button wp-element-button\" download aria-describedby=\"wp-block-file--media-41655160-7488-48fb-92da-4f8137592fa6\">St\u00e1hnout<\/a><\/div>\n\n\n\n<p><strong>Sborn\u00edk konference<\/strong><\/p>\n\n\n\n<div data-wp-interactive=\"core\/file\" class=\"wp-block-file\"><object data-wp-bind--hidden=\"!state.hasPdfPreview\" hidden class=\"wp-block-file__embed\" data=\"https:\/\/pages.pedf.cuni.cz\/konference-ctu\/files\/2023\/08\/sbornik_anotaci_def-2-1.pdf\" type=\"application\/pdf\" style=\"width:100%;height:600px\" aria-label=\"Vlo\u017eit z sbornik_anotaci_def-2-1.\"><\/object><a id=\"wp-block-file--media-f9252cbd-cced-4e8a-ae80-4a8d43110c63\" href=\"https:\/\/pages.pedf.cuni.cz\/konference-ctu\/files\/2023\/08\/sbornik_anotaci_def-2-1.pdf\">sbornik_anotaci_def-2-1<\/a><a href=\"https:\/\/pages.pedf.cuni.cz\/konference-ctu\/files\/2023\/08\/sbornik_anotaci_def-2-1.pdf\" class=\"wp-block-file__button wp-element-button\" download aria-describedby=\"wp-block-file--media-f9252cbd-cced-4e8a-ae80-4a8d43110c63\">St\u00e1hnout<\/a><\/div>\n\n\n\n<p><\/p>\n","protected":false},"excerpt":{"rendered":"<p>Po\u010d\u00e1te\u010dn\u00ed \u010dten\u00ed: \u010dtu a st\u00e1v\u00e1m se \u010dten\u00e1\u0159em \u2013 cesty propojen\u00ed v\u00fdzkumu a praxe (2022) Konferenci Po\u010d\u00e1te\u010dn\u00ed \u010dten\u00ed: \u010dtu a st\u00e1v\u00e1m se \u010dten\u00e1\u0159em, se uskute\u010dnila 21.9.2022 na Pedagogick\u00e9 fakult\u011b Univerzity Karlovy. Dne 21. 9. 2022 prob\u011bhla konference Po\u010d\u00e1te\u010dn\u00ed \u010dten\u00ed: \u010dtu a &hellip; <a href=\"https:\/\/pages.pedf.cuni.cz\/konference-ctu\/2022-2\/\">Cel\u00fd p\u0159\u00edsp\u011bvek <span class=\"meta-nav\">&rarr;<\/span><\/a><\/p>\n","protected":false},"author":465,"featured_media":0,"parent":0,"menu_order":0,"comment_status":"closed","ping_status":"closed","template":"","meta":{"footnotes":""},"class_list":["post-442","page","type-page","status-publish","hentry"],"_links":{"self":[{"href":"https:\/\/pages.pedf.cuni.cz\/konference-ctu\/wp-json\/wp\/v2\/pages\/442","targetHints":{"allow":["GET"]}}],"collection":[{"href":"https:\/\/pages.pedf.cuni.cz\/konference-ctu\/wp-json\/wp\/v2\/pages"}],"about":[{"href":"https:\/\/pages.pedf.cuni.cz\/konference-ctu\/wp-json\/wp\/v2\/types\/page"}],"author":[{"embeddable":true,"href":"https:\/\/pages.pedf.cuni.cz\/konference-ctu\/wp-json\/wp\/v2\/users\/465"}],"replies":[{"embeddable":true,"href":"https:\/\/pages.pedf.cuni.cz\/konference-ctu\/wp-json\/wp\/v2\/comments?post=442"}],"version-history":[{"count":8,"href":"https:\/\/pages.pedf.cuni.cz\/konference-ctu\/wp-json\/wp\/v2\/pages\/442\/revisions"}],"predecessor-version":[{"id":479,"href":"https:\/\/pages.pedf.cuni.cz\/konference-ctu\/wp-json\/wp\/v2\/pages\/442\/revisions\/479"}],"wp:attachment":[{"href":"https:\/\/pages.pedf.cuni.cz\/konference-ctu\/wp-json\/wp\/v2\/media?parent=442"}],"curies":[{"name":"wp","href":"https:\/\/api.w.org\/{rel}","templated":true}]}}

<p><strong>Počáteční čtení: čtu a stávám se čtenářem – cesty propojení výzkumu a praxe (2022)</strong></p>



<p><strong>Konferenci Počáteční čtení: čtu a stávám se čtenářem, se uskutečnila 21.9.2022 na Pedagogické fakultě Univerzity Karlovy.</strong></p>



<p>Dne 21. 9. 2022 proběhla konference Počáteční čtení: čtu a stávám se čtenářem – cesty propojení výzkumu a praxe, která byla již tradičně pořádána na Pedagogické fakultě Univerzity Karlovy.</p>



<p>Konference navazuje na již realizované konference v letech 2014, 2016 a 2018. Jejím cílem bylo představit nové poznatky vzešlé z výzkumů a projektů, ale také dát prostor praktickým zkušenostem a osvědčeným postupům ze všech aktivit podporujících rozvoj čtenářské gramotnosti a čtenářství u našich žáků, z pohledu různých vědních disciplín.</p>



<p>V dopoledním programu bylo vzpomenuto na prof. Zdeňka Matějčka, který by se dožil 100 let.</p>



<p><strong>Na konferenci byly vítány příspěvky v aktuálních tématech pro rok 2022, které byly&nbsp; představeny v příslušných sekcích:</strong></p>



<ul class="wp-block-list">
<li>Didaktické aspekty gramotnostních dovedností, metody<br>a metodiky</li>



<li>Aktivity škol, rodičů a organizací k podpoře čtení a čtenářství</li>



<li>Porozumění jako faktor rozvoje gramotnosti</li>



<li>Podpora rozvoje v oblasti umělecké gramotnosti</li>



<li>Náměty pro práci poradenských pracovníků v oblasti diagnostiky<br>ve školách i školských poradenských zařízeních</li>



<li>Podpora a rozvoj gramotnostních dovedností ve školách<br>a školských poradenských zařízeních</li>
</ul>



<p><strong>Konference je vhodná</strong> nejen pro <strong>akademické pracovníky a studenty magisterských a doktorských programů</strong>, ale také <strong>pro pracovníky odborné praxe</strong> – učitele mateřských a základních škol, vychovatele, pracovníky školních poradenských pracovišť a školských poradenských zařízení, ale také pro všechny ostatní, které rozvoj gramotnosti, čtení a čtenářství našich dětí zajímají.</p>



<p><strong>Posterová sekce:</strong></p>



<p>Velikost posteru: A1 420 x 594 mm na&nbsp;výšku.<br>Pomůcky pro připevnění Vašich materiálů – tzn. připínáčky a lepicí pásku budou zajištěny na místě.</p>



<p><strong>Návrh&nbsp;struktury posteru:</strong></p>



<ul class="wp-block-list">
<li>název, jméno autora/ů a instituci zvýrazněte většími písmeny;</li>



<li>text na posteru by měl být čitelný nejméně z 1 m;</li>



<li>není nutné psát celé věty, stačí heslovitý text;</li>



<li>je vhodné používat odrážky a další grafické prvky v textu;</li>



<li>praktické je zvýraznit klíčová slova;</li>



<li>pro doplnění textu je vhodné využít grafy a obrázky.</li>
</ul>



<p><strong>Odborná garance konference</strong></p>



<ul class="wp-block-list">
<li>doc. PhDr. PaedDr. Anna Kucharská, Ph.D.</li>



<li>prof. PaedDr. Radka Wildová, CSc.</li>
</ul>



<p><strong>Organizační výbor konference:</strong></p>



<ul class="wp-block-list">
<li>PhDr. Klára Špačková, Ph.D.</li>



<li>PhDr. Hana Sotáková</li>



<li>PhDr. Veronika Laufková, Ph.D.</li>



<li>Mgr. Jolana Ronková, Ph.D.</li>



<li>Mgr. Monika Kadrnožková, Ph.D.</li>



<li>Terezie Šturmová</li>
</ul>



<p><strong>Program konference naleznete <a href="https://pages.pedf.cuni.cz/konference-ctu/files/2022/08/Konference_program_f.pdf">zde</a>.</strong></p>



<div class="wp-block-file"><a href="https://pages.pedf.cuni.cz/7fffb824-6b5d-4eb0-9fb7-1a369d1157df" class="wp-block-file__button wp-element-button" download>Stáhnout</a></div>



<p><strong>Program konference</strong></p>



<div data-wp-interactive="core/file" class="wp-block-file"><object data-wp-bind--hidden="!state.hasPdfPreview" hidden class="wp-block-file__embed" data="https://pages.pedf.cuni.cz/konference-ctu/files/2023/08/konference_5.pdf" type="application/pdf" style="width:100%;height:600px" aria-label="Vložit z konference_5."></object><a id="wp-block-file--media-41655160-7488-48fb-92da-4f8137592fa6" href="https://pages.pedf.cuni.cz/konference-ctu/files/2023/08/konference_5.pdf">konference_5</a><a href="https://pages.pedf.cuni.cz/konference-ctu/files/2023/08/konference_5.pdf" class="wp-block-file__button wp-element-button" download aria-describedby="wp-block-file--media-41655160-7488-48fb-92da-4f8137592fa6">Stáhnout</a></div>



<p><strong>Sborník konference</strong></p>



<div data-wp-interactive="core/file" class="wp-block-file"><object data-wp-bind--hidden="!state.hasPdfPreview" hidden class="wp-block-file__embed" data="https://pages.pedf.cuni.cz/konference-ctu/files/2023/08/sbornik_anotaci_def-2-1.pdf" type="application/pdf" style="width:100%;height:600px" aria-label="Vložit z sbornik_anotaci_def-2-1."></object><a id="wp-block-file--media-f9252cbd-cced-4e8a-ae80-4a8d43110c63" href="https://pages.pedf.cuni.cz/konference-ctu/files/2023/08/sbornik_anotaci_def-2-1.pdf">sbornik_anotaci_def-2-1</a><a href="https://pages.pedf.cuni.cz/konference-ctu/files/2023/08/sbornik_anotaci_def-2-1.pdf" class="wp-block-file__button wp-element-button" download aria-describedby="wp-block-file--media-f9252cbd-cced-4e8a-ae80-4a8d43110c63">Stáhnout</a></div>



<p></p>

<p>Počáteční čtení: čtu a stávám se čtenářem – cesty propojení výzkumu a praxe (2022) Konferenci Počáteční čtení: čtu a stávám se čtenářem, se uskutečnila 21.9.2022 na Pedagogické fakultě Univerzity Karlovy. Dne 21. 9. 2022 proběhla konference Počáteční čtení: čtu a &hellip; <a href="https://pages.pedf.cuni.cz/konference-ctu/2022-2/">Celý příspěvek <span class="meta-nav">&rarr;</span></a></p>
