{"id":2024,"date":"2021-07-19T13:30:05","date_gmt":"2021-07-19T11:30:05","guid":{"rendered":"http:\/\/pages.pedf.cuni.cz\/ksppg\/?page_id=2024"},"modified":"2025-03-17T19:30:46","modified_gmt":"2025-03-17T18:30:46","slug":"aktuality_4","status":"publish","type":"page","link":"https:\/\/pages.pedf.cuni.cz\/ksppg\/aktuality_4","title":{"rendered":"KATEDRA"},"content":{"rendered":"<p data-start=\"79\" data-end=\"115\">V\u00e1\u017een\u00e9 studentky, v\u00e1\u017een\u00ed studenti,<\/p>\n<p data-start=\"117\" data-end=\"234\"><strong>r\u00e1di bychom v\u00e1s informovali, \u017ee katedra speci\u00e1ln\u00ed pedagogiky byla p\u0159est\u011bhov\u00e1na na novou adresu:<\/strong><span style=\"color: #008000\"> <a style=\"color: #008000\" href=\"https:\/\/www.google.com\/maps\/place\/Jungmannova+32,+110+00+Nov%C3%A9+M%C4%9Bsto\/@50.082347,14.4199572,17z\/data=!3m1!4b1!4m6!3m5!1s0x470b94edbeb8fff7:0x68af00741ad20dcb!8m2!3d50.082347!4d14.4225321!16s%2Fg%2F11pw2v8ffh?entry=ttu&amp;g_ep=EgoyMDI1MDMxMi4wIKXMDSoASAFQAw%3D%3D\"><strong data-start=\"213\" data-end=\"231\">Jungmannova 32<\/strong><\/a><\/span>.<\/p>\n<p data-start=\"236\" data-end=\"500\">P\u0159i p\u0159\u00edchodu k budov\u011b vyu\u017eijte <strong data-start=\"267\" data-end=\"283\">hlavn\u00ed vchod<\/strong>, u kter\u00e9ho naleznete zvonek ozna\u010den\u00fd <strong data-start=\"321\" data-end=\"332\">PedF UK<\/strong>. Po pr\u016fchodu chodbou se po prav\u00e9 stran\u011b nach\u00e1z\u00ed schodi\u0161t\u011b. U schodi\u0161t\u011b jsou dve\u0159e, kter\u00e9 ji\u017e nelze otev\u0159\u00edt p\u0159\u00edmo, proto je nutn\u00e9 op\u011bt zazvonit na zvonek <strong data-start=\"486\" data-end=\"497\">PedF UK<\/strong>.<\/p>\n<p data-start=\"502\" data-end=\"766\">Vzhledem k tomu, \u017ee se jedn\u00e1 o <strong data-start=\"533\" data-end=\"562\">sd\u00edlenou bytovou jednotku<\/strong>, pros\u00edme, <strong data-start=\"573\" data-end=\"634\">kontaktujte vyu\u010duj\u00edc\u00ed v\u017edy p\u0159edem prost\u0159ednictv\u00edm e-mailu<\/strong> a domluvte si konzultaci individu\u00e1ln\u011b. Vyu\u010duj\u00edc\u00ed p\u0159ech\u00e1zej\u00ed mezi v\u00fdukou a prostorami katedry, a proto je nutn\u00e1 p\u0159edchoz\u00ed domluva.<\/p>\n<p data-start=\"768\" data-end=\"878\">D\u011bkujeme za pochopen\u00ed a v\u011b\u0159\u00edme, \u017ee si na tento do\u010dasn\u00fd re\u017eim spole\u010dn\u011b zvykneme po dobu rekonstrukce fakulty.<\/p>\n<p data-start=\"880\" data-end=\"937\" data-is-last-node=\"\" data-is-only-node=\"\">S p\u0159\u00e1telsk\u00fdm pozdravem<br data-start=\"902\" data-end=\"905\" \/><strong data-start=\"905\" data-end=\"937\" data-is-last-node=\"\">Katedra speci\u00e1ln\u00ed pedagogiky<\/strong><\/p>\n<p data-start=\"880\" data-end=\"937\" data-is-last-node=\"\" data-is-only-node=\"\"><a href=\"https:\/\/pages.pedf.cuni.cz\/ksppg\/files\/2025\/03\/1.png\"><img loading=\"lazy\" decoding=\"async\" class=\"alignnone size-medium wp-image-3927\" src=\"https:\/\/pages.pedf.cuni.cz\/ksppg\/files\/2025\/03\/1-300x88.png\" alt=\"\" width=\"300\" height=\"88\" srcset=\"https:\/\/pages.pedf.cuni.cz\/ksppg\/files\/2025\/03\/1-300x88.png 300w, https:\/\/pages.pedf.cuni.cz\/ksppg\/files\/2025\/03\/1-1024x301.png 1024w, https:\/\/pages.pedf.cuni.cz\/ksppg\/files\/2025\/03\/1-768x226.png 768w, https:\/\/pages.pedf.cuni.cz\/ksppg\/files\/2025\/03\/1-1536x452.png 1536w, https:\/\/pages.pedf.cuni.cz\/ksppg\/files\/2025\/03\/1.png 1752w\" sizes=\"auto, (max-width: 300px) 100vw, 300px\" \/><\/a><\/p>\n","protected":false},"excerpt":{"rendered":"<p>V\u00e1\u017een\u00e9 studentky, v\u00e1\u017een\u00ed studenti, r\u00e1di bychom v\u00e1s informovali, \u017ee katedra speci\u00e1ln\u00ed pedagogiky byla p\u0159est\u011bhov\u00e1na na novou adresu: Jungmannova 32. P\u0159i p\u0159\u00edchodu k budov\u011b vyu\u017eijte hlavn\u00ed vchod, u kter\u00e9ho naleznete zvonek&#8230; <\/p>\n","protected":false},"author":465,"featured_media":3926,"parent":0,"menu_order":0,"comment_status":"closed","ping_status":"closed","template":"","meta":{"footnotes":""},"class_list":["post-2024","page","type-page","status-publish","has-post-thumbnail","hentry"],"_links":{"self":[{"href":"https:\/\/pages.pedf.cuni.cz\/ksppg\/wp-json\/wp\/v2\/pages\/2024","targetHints":{"allow":["GET"]}}],"collection":[{"href":"https:\/\/pages.pedf.cuni.cz\/ksppg\/wp-json\/wp\/v2\/pages"}],"about":[{"href":"https:\/\/pages.pedf.cuni.cz\/ksppg\/wp-json\/wp\/v2\/types\/page"}],"author":[{"embeddable":true,"href":"https:\/\/pages.pedf.cuni.cz\/ksppg\/wp-json\/wp\/v2\/users\/465"}],"replies":[{"embeddable":true,"href":"https:\/\/pages.pedf.cuni.cz\/ksppg\/wp-json\/wp\/v2\/comments?post=2024"}],"version-history":[{"count":82,"href":"https:\/\/pages.pedf.cuni.cz\/ksppg\/wp-json\/wp\/v2\/pages\/2024\/revisions"}],"predecessor-version":[{"id":3928,"href":"https:\/\/pages.pedf.cuni.cz\/ksppg\/wp-json\/wp\/v2\/pages\/2024\/revisions\/3928"}],"wp:featuredmedia":[{"embeddable":true,"href":"https:\/\/pages.pedf.cuni.cz\/ksppg\/wp-json\/wp\/v2\/media\/3926"}],"wp:attachment":[{"href":"https:\/\/pages.pedf.cuni.cz\/ksppg\/wp-json\/wp\/v2\/media?parent=2024"}],"curies":[{"name":"wp","href":"https:\/\/api.w.org\/{rel}","templated":true}]}}