{"id":22,"date":"2015-03-09T12:56:15","date_gmt":"2015-03-09T12:56:15","guid":{"rendered":"http:\/\/pages.pedf.cuni.cz\/ksppg\/?page_id=22"},"modified":"2026-03-30T13:17:57","modified_gmt":"2026-03-30T11:17:57","slug":"aktuality_3","status":"publish","type":"page","link":"https:\/\/pages.pedf.cuni.cz\/ksppg\/aktuality_3","title":{"rendered":"Konference"},"content":{"rendered":"<p class=\"isSelectedEnd\">Katedra speci\u00e1ln\u00ed pedagogiky si V\u00e1s dovoluje pozvat na inspirativn\u00ed konferenci <strong><span style=\"color: #008000\"><a style=\"color: #008000\" href=\"https:\/\/cneos.cz\/akce\/spolu-silnejsi-2026\/\">Spolu siln\u011bj\u0161\u00ed<\/a> <\/span>2026<\/strong>, kter\u00e1 je ur\u010dena v\u0161em, kdo dlouhodob\u011b pe\u010duj\u00ed o sv\u00e9 bl\u00edzk\u00e9, stejn\u011b jako t\u011bm, kte\u0159\u00ed se zaj\u00edmaj\u00ed o podporu rodin d\u011bt\u00ed se specifick\u00fdmi pot\u0159ebami.<\/p>\n<p class=\"isSelectedEnd\"><strong>Term\u00edn:<\/strong> \u010dtvrtek 23. dubna 2026<br \/>\n<strong>\u010cas:<\/strong> 9:00\u201314:00<br \/>\n<strong>M\u00edsto:<\/strong> WeWork, N\u00e1rodn\u00ed 135\/14, Praha 1 (p\u0159\u00edzem\u00ed budovy DRN)<br \/>\n<strong>Svou \u00fa\u010dast pros\u00edm potvr\u010fte prost\u0159ednictv\u00edm registra\u010dn\u00edho formul\u00e1\u0159e<a href=\"https:\/\/predcasnenarozenedeti.cz\/rezervace-seminare\/\"><span style=\"color: #008000\"> zde<\/span><\/a><\/strong><\/p>\n<p>Konference nab\u00eddne prostor pro sd\u00edlen\u00ed zku\u0161enost\u00ed, inspiraci i praktick\u00e9 informace. Setkaj\u00ed se zde pe\u010duj\u00edc\u00ed osoby, odborn\u00edci i z\u00e1stupci organizac\u00ed, kter\u00e9 poskytuj\u00ed podporu rodin\u00e1m v n\u00e1ro\u010dn\u00fdch \u017eivotn\u00edch situac\u00edch.<\/p>\n<p class=\"isSelectedEnd\"><strong>Jak\u00e1 t\u00e9mata v\u00e1s na konferenci \u010dekaj\u00ed:<\/strong><\/p>\n<ul data-spread=\"false\">\n<li>inspirativn\u00ed p\u0159edn\u00e1\u0161ky a otev\u0159en\u00e9 diskuse<\/li>\n<li>praktick\u00e9 informace pro ka\u017edodenn\u00ed p\u00e9\u010di<\/li>\n<li>sd\u00edlen\u00ed zku\u0161enost\u00ed s dal\u0161\u00edmi pe\u010duj\u00edc\u00edmi<\/li>\n<li>mo\u017enost nav\u00e1zat kontakt s podp\u016frn\u00fdmi organizacemi<\/li>\n<\/ul>\n<p class=\"isSelectedEnd\">Akce je vhodn\u00e1 tak\u00e9 pro rodiny, kter\u00e9 hledaj\u00ed zp\u016fsoby, jak l\u00e9pe podpo\u0159it sourozence d\u011bt\u00ed se specifick\u00fdmi vzd\u011bl\u00e1vac\u00edmi pot\u0159ebami.<\/p>\n<p class=\"isSelectedEnd\">Konferenci po\u0159\u00e1d\u00e1 Nada\u010dn\u00ed fond pro p\u0159ed\u010dasn\u011b narozen\u00e9 d\u011bti a jejich rodiny ve spolupr\u00e1ci s odbornou komunitou.<\/p>\n<p><a href=\"https:\/\/pages.pedf.cuni.cz\/ksppg\/files\/2026\/03\/program_konference_spolu_silnejsi_23042026.jpg\"><img loading=\"lazy\" decoding=\"async\" class=\"alignnone wp-image-4214 size-large\" src=\"https:\/\/pages.pedf.cuni.cz\/ksppg\/files\/2026\/03\/program_konference_spolu_silnejsi_23042026-724x1024.jpg\" alt=\"\" width=\"724\" height=\"1024\" srcset=\"https:\/\/pages.pedf.cuni.cz\/ksppg\/files\/2026\/03\/program_konference_spolu_silnejsi_23042026-724x1024.jpg 724w, https:\/\/pages.pedf.cuni.cz\/ksppg\/files\/2026\/03\/program_konference_spolu_silnejsi_23042026-212x300.jpg 212w, https:\/\/pages.pedf.cuni.cz\/ksppg\/files\/2026\/03\/program_konference_spolu_silnejsi_23042026-768x1086.jpg 768w, https:\/\/pages.pedf.cuni.cz\/ksppg\/files\/2026\/03\/program_konference_spolu_silnejsi_23042026-1086x1536.jpg 1086w, https:\/\/pages.pedf.cuni.cz\/ksppg\/files\/2026\/03\/program_konference_spolu_silnejsi_23042026.jpg 1200w\" sizes=\"auto, (max-width: 724px) 100vw, 724px\" \/><\/a><\/p>\n","protected":false},"excerpt":{"rendered":"<p>Katedra speci\u00e1ln\u00ed pedagogiky si V\u00e1s dovoluje pozvat na inspirativn\u00ed konferenci Spolu siln\u011bj\u0161\u00ed 2026, kter\u00e1 je ur\u010dena v\u0161em, kdo dlouhodob\u011b pe\u010duj\u00ed o sv\u00e9 bl\u00edzk\u00e9, stejn\u011b jako t\u011bm, kte\u0159\u00ed se zaj\u00edmaj\u00ed o&#8230; <\/p>\n","protected":false},"author":126,"featured_media":4213,"parent":0,"menu_order":0,"comment_status":"closed","ping_status":"closed","template":"","meta":{"footnotes":""},"class_list":["post-22","page","type-page","status-publish","has-post-thumbnail","hentry"],"_links":{"self":[{"href":"https:\/\/pages.pedf.cuni.cz\/ksppg\/wp-json\/wp\/v2\/pages\/22","targetHints":{"allow":["GET"]}}],"collection":[{"href":"https:\/\/pages.pedf.cuni.cz\/ksppg\/wp-json\/wp\/v2\/pages"}],"about":[{"href":"https:\/\/pages.pedf.cuni.cz\/ksppg\/wp-json\/wp\/v2\/types\/page"}],"author":[{"embeddable":true,"href":"https:\/\/pages.pedf.cuni.cz\/ksppg\/wp-json\/wp\/v2\/users\/126"}],"replies":[{"embeddable":true,"href":"https:\/\/pages.pedf.cuni.cz\/ksppg\/wp-json\/wp\/v2\/comments?post=22"}],"version-history":[{"count":9,"href":"https:\/\/pages.pedf.cuni.cz\/ksppg\/wp-json\/wp\/v2\/pages\/22\/revisions"}],"predecessor-version":[{"id":4216,"href":"https:\/\/pages.pedf.cuni.cz\/ksppg\/wp-json\/wp\/v2\/pages\/22\/revisions\/4216"}],"wp:featuredmedia":[{"embeddable":true,"href":"https:\/\/pages.pedf.cuni.cz\/ksppg\/wp-json\/wp\/v2\/media\/4213"}],"wp:attachment":[{"href":"https:\/\/pages.pedf.cuni.cz\/ksppg\/wp-json\/wp\/v2\/media?parent=22"}],"curies":[{"name":"wp","href":"https:\/\/api.w.org\/{rel}","templated":true}]}}