{"id":2341,"date":"2022-01-10T11:43:57","date_gmt":"2022-01-10T10:43:57","guid":{"rendered":"https:\/\/pages.pedf.cuni.cz\/ksppg\/?page_id=2341"},"modified":"2022-01-23T12:01:40","modified_gmt":"2022-01-23T11:01:40","slug":"praxe","status":"publish","type":"page","link":"https:\/\/pages.pedf.cuni.cz\/ksppg\/praxe","title":{"rendered":"Praxe"},"content":{"rendered":"<p><span style=\"text-decoration: underline\"><strong>1) Praxe pro studenty jednooborov\u00fdch studijn\u00edch program\u016f <\/strong><\/span><br \/>\n<strong>Oborov\u00e1 praxe pro bakal\u00e1\u0159sk\u00e9 studium:<\/strong><br \/>\n<span style=\"color: #008000\"><a style=\"color: #008000\" href=\"https:\/\/pages.pedf.cuni.cz\/ksppg\/specialni-pedagogika-bc\">Speci\u00e1ln\u00ed pedagogika<\/a><\/span><br \/>\n<a href=\"https:\/\/pages.pedf.cuni.cz\/ksppg\/2351-2\"><span style=\"color: #008000\">Speci\u00e1ln\u00ed pedagogika\/logopedie<\/span><\/a><br \/>\n<strong> Oborov\u00e1 praxe pro navazuj\u00edc\u00ed magistersk\u00e9 studium:<\/strong><br \/>\n<span style=\"color: #008000\"><a style=\"color: #008000\" href=\"https:\/\/pages.pedf.cuni.cz\/ksppg\/specialni-pedagogika\">Speci\u00e1ln\u00ed pedagogika<\/a><\/span><br \/>\n<span style=\"color: #008000\"><a style=\"color: #008000\" href=\"https:\/\/pages.pedf.cuni.cz\/ksppg\/logopedie-nmgr\">Logopedie<\/a><\/span><\/p>\n<p><span style=\"text-decoration: underline\"><strong>2) Praxe pro studenty u\u010ditelsk\u00e9ho studijn\u00edho programu (dvouobor)<\/strong><\/span><br \/>\n<strong>Praxe spole\u010dn\u00e9ho z\u00e1kladu:<\/strong><br \/>\ninformace pro vykon\u00e1n\u00ed pedagogick\u00e9 praxe v r\u00e1mci spole\u010dn\u00e9ho z\u00e1kladu v bakal\u00e1\u0159sk\u00e9m studijn\u00edm programu (Asistentsk\u00e1 praxe s reflex\u00ed,\u00a0 Lektorsk\u00e1 praxe s reflex\u00ed, Orienta\u010dn\u00ed praxe s reflex\u00ed a Volno\u010dasov\u00e1 praxe s reflex\u00ed)\u00a0 a v navazuj\u00edc\u00edm magistersk\u00e9m studiu (Pedagogicko-psychologick\u00e1 praxe s reflex\u00ed) naleznete na webov\u00fdch str\u00e1nk\u00e1ch <span style=\"color: #008000\"><a style=\"color: #008000\" href=\"https:\/\/pages.pedf.cuni.cz\/praxe\/\">St\u0159ediska pedagogick\u00e9 praxe<\/a><\/span>.<br \/>\n<strong>Oborov\u00e1 praxe pro bakal\u00e1\u0159sk\u00e9 studium: <\/strong><br \/>\n<a href=\"https:\/\/pages.pedf.cuni.cz\/ksppg\/specializace-v-pedagogice-specialni-pedagogika\"><span style=\"color: #008000\">Speci\u00e1ln\u00ed pedagogika se zam\u011b\u0159en\u00edm na vzd\u011bl\u00e1v\u00e1n\u00ed<\/span><\/a><br \/>\n<strong>Oborov\u00e1 praxe pro navazuj\u00edc\u00ed magistersk\u00e9 studium: <\/strong><br \/>\n<span style=\"color: #008000\"><a style=\"color: #008000\" href=\"https:\/\/pages.pedf.cuni.cz\/ksppg\/specialni-pedagogika-pro-ucitele-2-stupne-zakladnich-skol-a-stredni-skoly\">Speci\u00e1ln\u00ed pedagogika pro u\u010ditele 2. stupn\u011b z\u00e1kladn\u00edch \u0161kol a st\u0159edn\u00ed \u0161koly<\/a><\/span><\/p>\n","protected":false},"excerpt":{"rendered":"<p>1) Praxe pro studenty jednooborov\u00fdch studijn\u00edch program\u016f Oborov\u00e1 praxe pro bakal\u00e1\u0159sk\u00e9 studium: Speci\u00e1ln\u00ed pedagogika Speci\u00e1ln\u00ed pedagogika\/logopedie Oborov\u00e1 praxe pro navazuj\u00edc\u00ed magistersk\u00e9 studium: Speci\u00e1ln\u00ed pedagogika Logopedie 2) Praxe pro studenty u\u010ditelsk\u00e9ho&#8230; <\/p>\n","protected":false},"author":465,"featured_media":0,"parent":0,"menu_order":0,"comment_status":"closed","ping_status":"closed","template":"","meta":{"footnotes":""},"class_list":["post-2341","page","type-page","status-publish","hentry"],"_links":{"self":[{"href":"https:\/\/pages.pedf.cuni.cz\/ksppg\/wp-json\/wp\/v2\/pages\/2341","targetHints":{"allow":["GET"]}}],"collection":[{"href":"https:\/\/pages.pedf.cuni.cz\/ksppg\/wp-json\/wp\/v2\/pages"}],"about":[{"href":"https:\/\/pages.pedf.cuni.cz\/ksppg\/wp-json\/wp\/v2\/types\/page"}],"author":[{"embeddable":true,"href":"https:\/\/pages.pedf.cuni.cz\/ksppg\/wp-json\/wp\/v2\/users\/465"}],"replies":[{"embeddable":true,"href":"https:\/\/pages.pedf.cuni.cz\/ksppg\/wp-json\/wp\/v2\/comments?post=2341"}],"version-history":[{"count":25,"href":"https:\/\/pages.pedf.cuni.cz\/ksppg\/wp-json\/wp\/v2\/pages\/2341\/revisions"}],"predecessor-version":[{"id":2497,"href":"https:\/\/pages.pedf.cuni.cz\/ksppg\/wp-json\/wp\/v2\/pages\/2341\/revisions\/2497"}],"wp:attachment":[{"href":"https:\/\/pages.pedf.cuni.cz\/ksppg\/wp-json\/wp\/v2\/media?parent=2341"}],"curies":[{"name":"wp","href":"https:\/\/api.w.org\/{rel}","templated":true}]}}