{"id":2356,"date":"2022-01-10T12:09:08","date_gmt":"2022-01-10T11:09:08","guid":{"rendered":"https:\/\/pages.pedf.cuni.cz\/ksppg\/?page_id=2356"},"modified":"2022-01-24T10:46:33","modified_gmt":"2022-01-24T09:46:33","slug":"specializace-v-pedagogice-specialni-pedagogika","status":"publish","type":"page","link":"https:\/\/pages.pedf.cuni.cz\/ksppg\/specializace-v-pedagogice-specialni-pedagogika","title":{"rendered":"Speci\u00e1ln\u00ed pedagogika se zam\u011b\u0159en\u00edm na vzd\u011bl\u00e1v\u00e1n\u00ed"},"content":{"rendered":"<p><span style=\"color: #008000\"><strong>Speci\u00e1ln\u00ed pedagogika se zam\u011b\u0159en\u00edm na vzd\u011bl\u00e1v\u00e1n\u00ed (Bc.)<\/strong><\/span><br \/>\n1. ro\u010dn\u00edk (1\/ZS) \u2013 Oborov\u00e1 praxe v SPPG s reflex\u00ed (<a href=\"https:\/\/is.cuni.cz\/studium\/predmety\/redir.php?id=c97ff5e94cacb540a0598d511a1e73fe&amp;tid=&amp;redir=predmet&amp;kod=OPBS4S042A&amp;skr=2021&amp;fak=11410\">OPBS4S042A<\/a>)<\/p>\n<p><em>Bude dopln\u011bno.<\/em><\/p>\n","protected":false},"excerpt":{"rendered":"<p>Speci\u00e1ln\u00ed pedagogika se zam\u011b\u0159en\u00edm na vzd\u011bl\u00e1v\u00e1n\u00ed (Bc.) 1. ro\u010dn\u00edk (1\/ZS) \u2013 Oborov\u00e1 praxe v SPPG s reflex\u00ed (OPBS4S042A) Bude dopln\u011bno.<\/p>\n","protected":false},"author":465,"featured_media":0,"parent":0,"menu_order":0,"comment_status":"closed","ping_status":"closed","template":"","meta":{"footnotes":""},"class_list":["post-2356","page","type-page","status-publish","hentry"],"_links":{"self":[{"href":"https:\/\/pages.pedf.cuni.cz\/ksppg\/wp-json\/wp\/v2\/pages\/2356","targetHints":{"allow":["GET"]}}],"collection":[{"href":"https:\/\/pages.pedf.cuni.cz\/ksppg\/wp-json\/wp\/v2\/pages"}],"about":[{"href":"https:\/\/pages.pedf.cuni.cz\/ksppg\/wp-json\/wp\/v2\/types\/page"}],"author":[{"embeddable":true,"href":"https:\/\/pages.pedf.cuni.cz\/ksppg\/wp-json\/wp\/v2\/users\/465"}],"replies":[{"embeddable":true,"href":"https:\/\/pages.pedf.cuni.cz\/ksppg\/wp-json\/wp\/v2\/comments?post=2356"}],"version-history":[{"count":6,"href":"https:\/\/pages.pedf.cuni.cz\/ksppg\/wp-json\/wp\/v2\/pages\/2356\/revisions"}],"predecessor-version":[{"id":2501,"href":"https:\/\/pages.pedf.cuni.cz\/ksppg\/wp-json\/wp\/v2\/pages\/2356\/revisions\/2501"}],"wp:attachment":[{"href":"https:\/\/pages.pedf.cuni.cz\/ksppg\/wp-json\/wp\/v2\/media?parent=2356"}],"curies":[{"name":"wp","href":"https:\/\/api.w.org\/{rel}","templated":true}]}}

Speciální pedagogika se zaměřením na vzdělávání

<p><span style="color: #008000"><strong>Speciální pedagogika se zaměřením na vzdělávání (Bc.)</strong></span><br />
1. ročník (1/ZS) – Oborová praxe v SPPG s reflexí (<a href="https://is.cuni.cz/studium/predmety/redir.php?id=c97ff5e94cacb540a0598d511a1e73fe&amp;tid=&amp;redir=predmet&amp;kod=OPBS4S042A&amp;skr=2021&amp;fak=11410">OPBS4S042A</a>)</p>
<p><em>Bude doplněno.</em></p>

<p>Speciální pedagogika se zaměřením na vzdělávání (Bc.) 1. ročník (1/ZS) – Oborová praxe v SPPG s reflexí (OPBS4S042A) Bude doplněno.</p>
