{"id":2365,"date":"2022-01-10T12:17:46","date_gmt":"2022-01-10T11:17:46","guid":{"rendered":"https:\/\/pages.pedf.cuni.cz\/ksppg\/?page_id=2365"},"modified":"2022-01-24T10:47:28","modified_gmt":"2022-01-24T09:47:28","slug":"specialni-pedagogika-pro-ucitele-2-stupne-zakladnich-skol-a-stredni-skoly","status":"publish","type":"page","link":"https:\/\/pages.pedf.cuni.cz\/ksppg\/specialni-pedagogika-pro-ucitele-2-stupne-zakladnich-skol-a-stredni-skoly","title":{"rendered":"Speci\u00e1ln\u00ed pedagogika pro u\u010ditele 2. stupn\u011b z\u00e1kladn\u00edch \u0161kol a st\u0159edn\u00ed \u0161koly"},"content":{"rendered":"<p><strong><span style=\"color: #008000\">Speci\u00e1ln\u00ed pedagogika pro u\u010ditele 2. stupn\u011b z\u00e1kladn\u00edch \u0161kol a st\u0159edn\u00ed \u0161koly<\/span> <span style=\"color: #008000\">(NMgr.)<\/span><\/strong><br \/>\n1. ro\u010dn\u00edk (1\/ZS) \u2013 Oborov\u00e1 speci\u00e1ln\u011b pedagogick\u00e1 praxe s reflex\u00ed (<a href=\"https:\/\/is.cuni.cz\/studium\/predmety\/redir.php?id=c97ff5e94cacb540a0598d511a1e73fe&amp;tid=&amp;redir=predmet&amp;kod=OPNS4S013A&amp;skr=2021&amp;fak=11410\">OPNS4S013A<\/a>)<br \/>\n<em>Bude dopln\u011bno.<\/em><\/p>\n<p>1. ro\u010dn\u00edk (1\/LS) \u2013 Souvisl\u00e1 praxe na Z\u0160 s reflex\u00ed (<a href=\"https:\/\/is.cuni.cz\/studium\/predmety\/redir.php?id=c97ff5e94cacb540a0598d511a1e73fe&amp;tid=&amp;redir=predmet&amp;kod=OPNS4S023A&amp;skr=2021&amp;fak=11410\">OPNS4S023A<\/a>)<br \/>\n<em>Bude dopln\u011bno.<\/em><\/p>\n<p>2. ro\u010dn\u00edk (2\/ZS) \u2013 Souvisl\u00e1 praxe na S\u0160 s reflex\u00ed (<a href=\"https:\/\/is.cuni.cz\/studium\/predmety\/redir.php?id=c97ff5e94cacb540a0598d511a1e73fe&amp;tid=&amp;redir=predmet&amp;kod=OPNS4S033A&amp;skr=2021&amp;fak=11410\">OPNS4S033A<\/a>)<br \/>\n<em>Bude dopln\u011bno.<\/em><\/p>\n","protected":false},"excerpt":{"rendered":"<p>Speci\u00e1ln\u00ed pedagogika pro u\u010ditele 2. stupn\u011b z\u00e1kladn\u00edch \u0161kol a st\u0159edn\u00ed \u0161koly (NMgr.) 1. ro\u010dn\u00edk (1\/ZS) \u2013 Oborov\u00e1 speci\u00e1ln\u011b pedagogick\u00e1 praxe s reflex\u00ed (OPNS4S013A) Bude dopln\u011bno. 1. ro\u010dn\u00edk (1\/LS) \u2013 Souvisl\u00e1&#8230; <\/p>\n","protected":false},"author":465,"featured_media":0,"parent":0,"menu_order":0,"comment_status":"closed","ping_status":"closed","template":"","meta":{"footnotes":""},"class_list":["post-2365","page","type-page","status-publish","hentry"],"_links":{"self":[{"href":"https:\/\/pages.pedf.cuni.cz\/ksppg\/wp-json\/wp\/v2\/pages\/2365","targetHints":{"allow":["GET"]}}],"collection":[{"href":"https:\/\/pages.pedf.cuni.cz\/ksppg\/wp-json\/wp\/v2\/pages"}],"about":[{"href":"https:\/\/pages.pedf.cuni.cz\/ksppg\/wp-json\/wp\/v2\/types\/page"}],"author":[{"embeddable":true,"href":"https:\/\/pages.pedf.cuni.cz\/ksppg\/wp-json\/wp\/v2\/users\/465"}],"replies":[{"embeddable":true,"href":"https:\/\/pages.pedf.cuni.cz\/ksppg\/wp-json\/wp\/v2\/comments?post=2365"}],"version-history":[{"count":4,"href":"https:\/\/pages.pedf.cuni.cz\/ksppg\/wp-json\/wp\/v2\/pages\/2365\/revisions"}],"predecessor-version":[{"id":2502,"href":"https:\/\/pages.pedf.cuni.cz\/ksppg\/wp-json\/wp\/v2\/pages\/2365\/revisions\/2502"}],"wp:attachment":[{"href":"https:\/\/pages.pedf.cuni.cz\/ksppg\/wp-json\/wp\/v2\/media?parent=2365"}],"curies":[{"name":"wp","href":"https:\/\/api.w.org\/{rel}","templated":true}]}}

Speciální pedagogika pro učitele 2. stupně základních škol a střední školy

<p><strong><span style="color: #008000">Speciální pedagogika pro učitele 2. stupně základních škol a střední školy</span> <span style="color: #008000">(NMgr.)</span></strong><br />
1. ročník (1/ZS) – Oborová speciálně pedagogická praxe s reflexí (<a href="https://is.cuni.cz/studium/predmety/redir.php?id=c97ff5e94cacb540a0598d511a1e73fe&amp;tid=&amp;redir=predmet&amp;kod=OPNS4S013A&amp;skr=2021&amp;fak=11410">OPNS4S013A</a>)<br />
<em>Bude doplněno.</em></p>
<p>1. ročník (1/LS) – Souvislá praxe na ZŠ s reflexí (<a href="https://is.cuni.cz/studium/predmety/redir.php?id=c97ff5e94cacb540a0598d511a1e73fe&amp;tid=&amp;redir=predmet&amp;kod=OPNS4S023A&amp;skr=2021&amp;fak=11410">OPNS4S023A</a>)<br />
<em>Bude doplněno.</em></p>
<p>2. ročník (2/ZS) – Souvislá praxe na SŠ s reflexí (<a href="https://is.cuni.cz/studium/predmety/redir.php?id=c97ff5e94cacb540a0598d511a1e73fe&amp;tid=&amp;redir=predmet&amp;kod=OPNS4S033A&amp;skr=2021&amp;fak=11410">OPNS4S033A</a>)<br />
<em>Bude doplněno.</em></p>

<p>Speciální pedagogika pro učitele 2. stupně základních škol a střední školy (NMgr.) 1. ročník (1/ZS) – Oborová speciálně pedagogická praxe s reflexí (OPNS4S013A) Bude doplněno. 1. ročník (1/LS) – Souvislá&#8230; </p>
