{"id":2476,"date":"2022-01-23T11:51:22","date_gmt":"2022-01-23T10:51:22","guid":{"rendered":"https:\/\/pages.pedf.cuni.cz\/ksppg\/?page_id=2476"},"modified":"2022-01-23T11:51:54","modified_gmt":"2022-01-23T10:51:54","slug":"2476-2","status":"publish","type":"page","link":"https:\/\/pages.pedf.cuni.cz\/ksppg\/2476-2","title":{"rendered":"Praxe \u2013 Logopedie (NMgr.) \u2013 za\u0159\u00edzen\u00ed\/2. ro\u010dn\u00edk\/2ZS"},"content":{"rendered":"<p><strong>Logopedie (NMgr.)<\/strong><br \/>\n<strong>2. ro\u010dn\u00edk (2\/ZS) \u2013 Oborov\u00e1 praxe III logopedick\u00e1<\/strong> (<a href=\"https:\/\/is.cuni.cz\/studium\/predmety\/index.php?do=predmet&amp;kod=OPNO1S119A&amp;dlpar=YToxOntzOjg6InByZWRtZXR5IjthOjE6e3M6Mzoic2tyIjtzOjQ6IjIwMjEiO319\">OPNO1S119A<\/a>)<br \/>\nPraxe prob\u00edh\u00e1 v n\u00e1sleduj\u00edc\u00edch instituc\u00edch:<\/p>\n<p><em>Bude dopln\u011bno.<\/em><\/p>\n","protected":false},"excerpt":{"rendered":"<p>Logopedie (NMgr.) 2. ro\u010dn\u00edk (2\/ZS) \u2013 Oborov\u00e1 praxe III logopedick\u00e1 (OPNO1S119A) Praxe prob\u00edh\u00e1 v n\u00e1sleduj\u00edc\u00edch instituc\u00edch: Bude dopln\u011bno.<\/p>\n","protected":false},"author":465,"featured_media":0,"parent":0,"menu_order":0,"comment_status":"closed","ping_status":"closed","template":"","meta":{"footnotes":""},"class_list":["post-2476","page","type-page","status-publish","hentry"],"_links":{"self":[{"href":"https:\/\/pages.pedf.cuni.cz\/ksppg\/wp-json\/wp\/v2\/pages\/2476","targetHints":{"allow":["GET"]}}],"collection":[{"href":"https:\/\/pages.pedf.cuni.cz\/ksppg\/wp-json\/wp\/v2\/pages"}],"about":[{"href":"https:\/\/pages.pedf.cuni.cz\/ksppg\/wp-json\/wp\/v2\/types\/page"}],"author":[{"embeddable":true,"href":"https:\/\/pages.pedf.cuni.cz\/ksppg\/wp-json\/wp\/v2\/users\/465"}],"replies":[{"embeddable":true,"href":"https:\/\/pages.pedf.cuni.cz\/ksppg\/wp-json\/wp\/v2\/comments?post=2476"}],"version-history":[{"count":2,"href":"https:\/\/pages.pedf.cuni.cz\/ksppg\/wp-json\/wp\/v2\/pages\/2476\/revisions"}],"predecessor-version":[{"id":2478,"href":"https:\/\/pages.pedf.cuni.cz\/ksppg\/wp-json\/wp\/v2\/pages\/2476\/revisions\/2478"}],"wp:attachment":[{"href":"https:\/\/pages.pedf.cuni.cz\/ksppg\/wp-json\/wp\/v2\/media?parent=2476"}],"curies":[{"name":"wp","href":"https:\/\/api.w.org\/{rel}","templated":true}]}}