{"id":49,"date":"2015-03-09T17:56:21","date_gmt":"2015-03-09T17:56:21","guid":{"rendered":"http:\/\/pages.pedf.cuni.cz\/ksppg\/?page_id=49"},"modified":"2025-12-18T01:35:15","modified_gmt":"2025-12-18T00:35:15","slug":"prijimaci-rizeni","status":"publish","type":"page","link":"https:\/\/pages.pedf.cuni.cz\/ksppg\/prijimaci-rizeni","title":{"rendered":"P\u0159ij\u00edmac\u00ed \u0159\u00edzen\u00ed"},"content":{"rendered":"<p><strong><span style=\"color: #800000\">Aktu\u00e1ln\u00ed informace sledujte p\u0159\u00edmo na str\u00e1nk\u00e1ch <\/span><a href=\"https:\/\/pedf.cuni.cz\/PEDF-1478.html\"><span style=\"color: #800000\">Pedagogick\u00e9 fakulty.<\/span><\/a><\/strong><\/p>\n<ul>\n<li style=\"list-style-type: none\">\n<ul>\n<li><strong><a href=\"http:\/\/www.pedf.cuni.cz\/PEDF-125.html\">p\u0159ij\u00edmac\u00ed \u0159\u00edzen\u00ed<\/a><\/strong> na Pedf UK obecn\u011b (term\u00edny, p\u0159ihl\u00e1\u0161ky atd.)<\/li>\n<li><a href=\"https:\/\/is.cuni.cz\/studium\/prijimacky\/index.php?do=obory&amp;submitted=1&amp;fakulta=11410&amp;fst=&amp;druh=&amp;stupr=&amp;obor=&amp;obor2=&amp;jazyk=&amp;nazev=&amp;delka=&amp;zobraz=Hledat\"><strong>otev\u00edran\u00e9 studijn\u00ed programy<\/strong><\/a><\/li>\n<li><strong><a href=\"http:\/\/www.pedf.cuni.cz\/PEDF-133.html\">p\u0159ihl\u00e1\u0161ka ke studiu<\/a><br \/>\n<\/strong><\/li>\n<li><strong><a href=\"http:\/\/www.pedf.cuni.cz\/PEDF-134.html\">term\u00edny p\u0159ij\u00edmac\u00edch zkou\u0161ek<\/a><\/strong><\/li>\n<\/ul>\n<\/li>\n<\/ul>\n<p><span style=\"color: #800000\"><strong>Otev\u00edran\u00e9 studijn\u00ed programy na Kated\u0159e speci\u00e1ln\u00ed pedagogiky:<\/strong><\/span><br \/>\n<span style=\"color: #003300\"><strong>Bakal\u00e1\u0159sk\u00e9 studium<\/strong><\/span><br \/>\n<em>pln\u00fd pl\u00e1n (jednooborov\u00e9 studijn\u00ed programy):<\/em><br \/>\n<span style=\"color: #333333\"><strong>1) Speci\u00e1ln\u00ed pedagogika<\/strong><\/span><br \/>\n<span style=\"color: #333333\"><strong>2) Speci\u00e1ln\u00ed pedagogika\/Logopedie <\/strong><em>P\u0159edpokladem studijn\u00edho programu je adekv\u00e1tn\u00ed (nenaru\u0161en\u00e1) komunika\u010dn\u00ed schopnost.<\/em><\/span><br \/>\n<em>sdru\u017een\u00e9 studium (dvouoborov\u00e9 studijn\u00ed programy):<\/em><br \/>\n<strong>3) \u010cesk\u00fd jazyk se zam\u011b\u0159en\u00edm na vzd\u011bl\u00e1v\u00e1n\u00ed se sdru\u017een\u00fdm studiem Speci\u00e1ln\u00ed pedagogika se zam\u011b\u0159en\u00edm na vzd\u011bl\u00e1v\u00e1n\u00ed &#8211; dvouoborov\u00e9 studium<\/strong><br \/>\n<strong>4) V\u00fdtvarn\u00e1 v\u00fdchova se zam\u011b\u0159en\u00edm na vzd\u011bl\u00e1v\u00e1n\u00ed se sdru\u017een\u00fdm studiem Speci\u00e1ln\u00ed pedagogika se zam\u011b\u0159en\u00edm na vzd\u011bl\u00e1v\u00e1n\u00ed &#8211; dvouoborov\u00e9 studium<\/strong><\/p>\n<p><span style=\"color: #003300\"><strong>Navazuj\u00edc\u00ed magistersk\u00e9 studium<\/strong><\/span><br \/>\n<em>pln\u00fd pl\u00e1n (jednooborov\u00e9 studijn\u00ed programy):<\/em><br \/>\n<strong>1) Speci\u00e1ln\u00ed pedagogika<\/strong><br \/>\n<strong>2) Logopedie <\/strong><em>P\u0159edpokladem studijn\u00edho programu je adekv\u00e1tn\u00ed (nenaru\u0161en\u00e1) komunika\u010dn\u00ed schopnost.<\/em><br \/>\n<em>sdru\u017een\u00e9 studium (dvouoborov\u00e9 studijn\u00ed programy):<\/em><br \/>\n<strong>3) U\u010ditelstv\u00ed \u010desk\u00e9ho jazyka pro 2. stupe\u0148 z\u00e1kladn\u00ed \u0161koly a st\u0159edn\u00ed \u0161koly se sdru\u017een\u00fdm studiem Speci\u00e1ln\u00ed pedagogika pro u\u010ditele 2. stupn\u011b z\u00e1kladn\u00edch \u0161kol a st\u0159edn\u00ed \u0161koly<\/strong><br \/>\n<strong>4) U\u010ditelstv\u00ed v\u00fdchovy ke zdrav\u00ed pro 2. stupe\u0148 z\u00e1kladn\u00ed \u0161koly a st\u0159edn\u00ed \u0161koly se sdru\u017een\u00fdm studiem Speci\u00e1ln\u00ed pedagogika pro u\u010ditele 2. stupn\u011b z\u00e1kladn\u00edch \u0161kol a st\u0159edn\u00ed \u0161koly<\/strong><\/p>\n<ul>\n<li><span style=\"color: #800000\"><a style=\"color: #800000\" href=\"https:\/\/pedf.cuni.cz\/PEDF-3314.html\"><strong>Modelov\u00e9 testy<\/strong><\/a> <\/span>pro p\u0159ij\u00edmac\u00ed \u0159\u00edzen\u00ed na PedF UK<\/li>\n<li><span style=\"color: #800000\"><strong><a style=\"color: #800000\" href=\"https:\/\/pages.pedf.cuni.cz\/ksppg\/specialni-pedagogika-na-pedf-uk\">Charakteristika katedry<\/a><\/strong> <\/span>a jednotliv\u00fdch nab\u00edzen\u00fdch studijn\u00edch program\u016f.<\/li>\n<li><strong><span style=\"color: #333300\"><a style=\"color: #333300\" href=\"https:\/\/pages.pedf.cuni.cz\/ksppg\/absolventi\"><span style=\"color: #800000\">Uplatn\u011bn\u00ed absolvent\u016f<\/span><\/a><\/span><\/strong><span style=\"color: #333333\"> Katedry speci\u00e1ln\u00ed pedagogiky<\/span><\/li>\n<\/ul>\n","protected":false},"excerpt":{"rendered":"<p>Aktu\u00e1ln\u00ed informace sledujte p\u0159\u00edmo na str\u00e1nk\u00e1ch Pedagogick\u00e9 fakulty. p\u0159ij\u00edmac\u00ed \u0159\u00edzen\u00ed na Pedf UK obecn\u011b (term\u00edny, p\u0159ihl\u00e1\u0161ky atd.) otev\u00edran\u00e9 studijn\u00ed programy p\u0159ihl\u00e1\u0161ka ke studiu term\u00edny p\u0159ij\u00edmac\u00edch zkou\u0161ek Otev\u00edran\u00e9 studijn\u00ed programy na&#8230; <\/p>\n","protected":false},"author":126,"featured_media":0,"parent":0,"menu_order":0,"comment_status":"closed","ping_status":"closed","template":"","meta":{"footnotes":""},"class_list":["post-49","page","type-page","status-publish","hentry"],"_links":{"self":[{"href":"https:\/\/pages.pedf.cuni.cz\/ksppg\/wp-json\/wp\/v2\/pages\/49","targetHints":{"allow":["GET"]}}],"collection":[{"href":"https:\/\/pages.pedf.cuni.cz\/ksppg\/wp-json\/wp\/v2\/pages"}],"about":[{"href":"https:\/\/pages.pedf.cuni.cz\/ksppg\/wp-json\/wp\/v2\/types\/page"}],"author":[{"embeddable":true,"href":"https:\/\/pages.pedf.cuni.cz\/ksppg\/wp-json\/wp\/v2\/users\/126"}],"replies":[{"embeddable":true,"href":"https:\/\/pages.pedf.cuni.cz\/ksppg\/wp-json\/wp\/v2\/comments?post=49"}],"version-history":[{"count":31,"href":"https:\/\/pages.pedf.cuni.cz\/ksppg\/wp-json\/wp\/v2\/pages\/49\/revisions"}],"predecessor-version":[{"id":4148,"href":"https:\/\/pages.pedf.cuni.cz\/ksppg\/wp-json\/wp\/v2\/pages\/49\/revisions\/4148"}],"wp:attachment":[{"href":"https:\/\/pages.pedf.cuni.cz\/ksppg\/wp-json\/wp\/v2\/media?parent=49"}],"curies":[{"name":"wp","href":"https:\/\/api.w.org\/{rel}","templated":true}]}}