{"id":58,"date":"2015-03-09T17:58:05","date_gmt":"2015-03-09T17:58:05","guid":{"rendered":"http:\/\/pages.pedf.cuni.cz\/ksppg\/?page_id=58"},"modified":"2022-03-04T10:27:26","modified_gmt":"2022-03-04T09:27:26","slug":"konzultacni-hodiny","status":"publish","type":"page","link":"https:\/\/pages.pedf.cuni.cz\/ksppg\/konzultacni-hodiny","title":{"rendered":"Konzulta\u010dn\u00ed hodiny"},"content":{"rendered":"<p><span style=\"color: #003300\"><strong>Konzulta\u010dn\u00ed hodiny jednotliv\u00fdch vyu\u010duj\u00edc\u00edch<\/strong><\/span><\/p>\n<p>Konzulta\u010dn\u00ed hodiny jednotliv\u00fdch vyu\u010duj\u00edc\u00edch naleznete v modulu SIS:<\/p>\n<p align=\"left\"><a href=\"https:\/\/pages.pedf.cuni.cz\/ksppg\/files\/2022\/03\/2.png\"><img loading=\"lazy\" decoding=\"async\" class=\"wp-image-2572 alignnone\" src=\"https:\/\/pages.pedf.cuni.cz\/ksppg\/files\/2022\/03\/2-300x83.png\" alt=\"\" width=\"683\" height=\"189\" srcset=\"https:\/\/pages.pedf.cuni.cz\/ksppg\/files\/2022\/03\/2-300x83.png 300w, https:\/\/pages.pedf.cuni.cz\/ksppg\/files\/2022\/03\/2-1024x283.png 1024w, https:\/\/pages.pedf.cuni.cz\/ksppg\/files\/2022\/03\/2-768x212.png 768w, https:\/\/pages.pedf.cuni.cz\/ksppg\/files\/2022\/03\/2.png 1518w\" sizes=\"auto, (max-width: 683px) 100vw, 683px\" \/><\/a><\/p>\n<p align=\"left\">Konkr\u00e9tn\u00ed vypsan\u00e9 \u010dasy a dny konzultac\u00ed naleznete v SIS: p\u0159ihl\u00e1s\u00edte se do SIS \/ modul <em>Rozvrh \/ <\/em>v zelen\u00e9 li\u0161t\u011b zvolte <em>KONZULTACE<\/em><\/p>\n<p align=\"left\">POZOR! Ohl\u00eddejte si, \u017ee m\u00e1te spr\u00e1vn\u011b nastaven semestr \/ zvolte katedru a zvolte vyu\u010duj\u00edc\u00edho<\/p>\n","protected":false},"excerpt":{"rendered":"<p>Konzulta\u010dn\u00ed hodiny jednotliv\u00fdch vyu\u010duj\u00edc\u00edch Konzulta\u010dn\u00ed hodiny jednotliv\u00fdch vyu\u010duj\u00edc\u00edch naleznete v modulu SIS: Konkr\u00e9tn\u00ed vypsan\u00e9 \u010dasy a dny konzultac\u00ed naleznete v SIS: p\u0159ihl\u00e1s\u00edte se do SIS \/ modul Rozvrh \/ v&#8230; <\/p>\n","protected":false},"author":126,"featured_media":0,"parent":0,"menu_order":0,"comment_status":"closed","ping_status":"closed","template":"","meta":{"footnotes":""},"class_list":["post-58","page","type-page","status-publish","hentry"],"_links":{"self":[{"href":"https:\/\/pages.pedf.cuni.cz\/ksppg\/wp-json\/wp\/v2\/pages\/58","targetHints":{"allow":["GET"]}}],"collection":[{"href":"https:\/\/pages.pedf.cuni.cz\/ksppg\/wp-json\/wp\/v2\/pages"}],"about":[{"href":"https:\/\/pages.pedf.cuni.cz\/ksppg\/wp-json\/wp\/v2\/types\/page"}],"author":[{"embeddable":true,"href":"https:\/\/pages.pedf.cuni.cz\/ksppg\/wp-json\/wp\/v2\/users\/126"}],"replies":[{"embeddable":true,"href":"https:\/\/pages.pedf.cuni.cz\/ksppg\/wp-json\/wp\/v2\/comments?post=58"}],"version-history":[{"count":41,"href":"https:\/\/pages.pedf.cuni.cz\/ksppg\/wp-json\/wp\/v2\/pages\/58\/revisions"}],"predecessor-version":[{"id":2573,"href":"https:\/\/pages.pedf.cuni.cz\/ksppg\/wp-json\/wp\/v2\/pages\/58\/revisions\/2573"}],"wp:attachment":[{"href":"https:\/\/pages.pedf.cuni.cz\/ksppg\/wp-json\/wp\/v2\/media?parent=58"}],"curies":[{"name":"wp","href":"https:\/\/api.w.org\/{rel}","templated":true}]}}