{"id":105,"date":"2016-05-21T19:51:38","date_gmt":"2016-05-21T17:51:38","guid":{"rendered":"http:\/\/pages.pedf.cuni.cz\/pedinfo\/?page_id=105"},"modified":"2026-03-24T09:26:05","modified_gmt":"2026-03-24T08:26:05","slug":"kam-na-jidlo","status":"publish","type":"page","link":"https:\/\/pages.pedf.cuni.cz\/pedinfo\/kam-na-jidlo\/","title":{"rendered":"Kam na j\u00eddlo"},"content":{"rendered":"<h2><b>Menzy<\/b><\/h2>\n<p><img loading=\"lazy\" decoding=\"async\" class=\"size-medium wp-image-701 aligncenter\" src=\"https:\/\/pages.pedf.cuni.cz\/pedinfo\/files\/2018\/08\/menz-257x300.png\" alt=\"\" width=\"257\" height=\"300\" srcset=\"https:\/\/pages.pedf.cuni.cz\/pedinfo\/files\/2018\/08\/menz-257x300.png 257w, https:\/\/pages.pedf.cuni.cz\/pedinfo\/files\/2018\/08\/menz-129x150.png 129w, https:\/\/pages.pedf.cuni.cz\/pedinfo\/files\/2018\/08\/menz-878x1024.png 878w, https:\/\/pages.pedf.cuni.cz\/pedinfo\/files\/2018\/08\/menz.png 1000w\" sizes=\"auto, (max-width: 257px) 100vw, 257px\" \/><strong>Menza<\/strong>, z\u00a0latinsk\u00e9ho <i>mensa <\/i>= st\u016fl, je <b>j\u00eddelna pro studenty a\u00a0zam\u011bstnance vysok\u00fdch \u0161kol<\/b>. Jako student m\u016f\u017ee\u0161 vyu\u017e\u00edvat v menz\u00e1ch p\u0159\u00edzniv\u00fdch cen, hlavn\u00ed j\u00eddlo stoj\u00ed obvykle 70\u2013140 K\u010d, pol\u00e9vka (ta se plat\u00ed zvl\u00e1\u0161\u0165) pak 22 K\u010d. Plat\u00ed se zde pomoc\u00ed pr\u016fkazu studenta. Na ten si nejprve p\u0159\u00edmo u pokladny menzy ulo\u017e\u00ed\u0161 p\u0159\u00edslu\u0161n\u00fd finan\u010dn\u00ed obnos \u2013 je mo\u017en\u00e9 platit hotov\u011b, ale i kartou \u010di stravenkami.<\/p>\n<p>Nejprve si vybere\u0161 z konkr\u00e9tn\u00edho <a href=\"https:\/\/kamweb.ruk.cuni.cz\/webkredit\/Ordering\/Menu\">menu<\/a> menzy, ve kter\u00e9 chce\u0161 j\u00edst. Zpravidla jedno j\u00eddlo z denn\u00ed nab\u00eddky b\u00fdv\u00e1 bezmas\u00e9, n\u011bkter\u00e9 menzy nab\u00edzej\u00ed i vegansk\u00e9 varianty. Najde\u0161 stanovi\u0161t\u011b, kde se dan\u00e9 j\u00eddlo vyd\u00e1v\u00e1, stiskne\u0161 p\u0159\u00edslu\u0161n\u00e9 \u010d\u00edslo a p\u0159ilo\u017e\u00ed\u0161 ke sn\u00edma\u010di sv\u016fj pr\u016fkaz. Po z\u0159eteln\u00e9m p\u00edpnut\u00ed ti bude z karty ode\u010dtena cena j\u00eddla a pokrm ti bude vyd\u00e1n. V p\u0159\u00edpad\u011b z\u00e1jmu jsou d\u00e1le k dispozici i dopl\u0148kov\u00e9 pochutiny (nap\u0159. sal\u00e1ty, mou\u010dn\u00edky, ale i bagety s sebou), kter\u00e9 se plat\u00ed zvl\u00e1\u0161\u0165 u pokladny. Dobrou chu\u0165!<\/p>\n<p>Denn\u011b m\u016f\u017ee\u0161 sv\u00fdm pr\u016fkazem zakoupit v\u00edce j\u00eddel za studentskou cenu, m\u016f\u017ee\u0161 tedy na ob\u011bd pozvat i\u00a0hladov\u00e9ho kolegu.<\/p>\n<p>Nejbl\u00ed\u017ee hlavn\u00ed budov\u011b PedF UK jsou tyto menzy:<\/p>\n<ul>\n<li><a href=\"https:\/\/kam.cuni.cz\/KAM-389.html\"><b>A<\/b><b>rno\u0161ta z Pardubic<\/b><\/a><span style=\"font-weight: 400\">, Vor\u0161ilsk\u00e1 1. Tuhle menzu najde\u0161 nejbl\u00ed\u017e fakult\u011b. Dostane\u0161 se do n\u00ed pohodln\u011b p\u011b\u0161ky ulic\u00ed Ostrovn\u00ed od N\u00e1rodn\u00ed t\u0159\u00eddy.\u00a0<\/span><\/li>\n<li><a href=\"https:\/\/kam.cuni.cz\/KAM-387.html\"><b>Pr\u00e1vnick\u00e1<\/b><\/a>, N\u00e1m. Curieov\u00fdch 7. V\u00a0t\u00e9to menze nalezne\u0161 nej\u0161ir\u0161\u00ed v\u00fdb\u011br j\u00eddel. Do menzy se snadno dostane\u0161 od zast\u00e1vky tramvaje Pr\u00e1vnick\u00e1 fakulta.<\/li>\n<li><a href=\"https:\/\/kam.cuni.cz\/KAM-390.html\"><b>Albertov<\/b><\/a>, Albertov 7. Tato menza je pom\u011brn\u011b velk\u00e1 a\u00a0je v\u00a0n\u00ed spousta m\u00edsta u\u00a0stol\u016f (pokud se tedy netref\u00ed\u0161 do \u010dasu, kdy\u017e kon\u010d\u00ed p\u0159edn\u00e1\u0161ky p\u0159\u00edrodov\u011bdc\u016fm a\u00a0medik\u016fm odnaproti). Dostane\u0161 se do n\u00ed od \u0161koly b\u011bhem n\u011bkolik minut tramvaj\u00ed 14 nebo 24, od tramvajov\u00e9 zast\u00e1vky Albertov se d\u00e1\u0161 do stejnojmenn\u00e9 ulice a\u00a0po p\u00e1r metrech jsi na m\u00edst\u011b.<\/li>\n<li><strong>Kav\u00e1rna u Rotlev\u016f<\/strong> &#8211; sou\u010d\u00e1st Karolina, tud\u00ed\u017e v bl\u00edzkosti Celetn\u00e9 ulice.<\/li>\n<li><strong>Jednota<\/strong> &#8211; v bl\u00edzkosti Hlavn\u00edho a Masarykova n\u00e1dra\u017e\u00ed.<\/li>\n<\/ul>\n<h2><b>Dal\u0161\u00ed m\u00edsta<\/b><\/h2>\n<p>D\u00e1v\u00e1\u0161-li p\u0159ednost vlastn\u00edmu j\u00eddlu, je mo\u017en\u00e9 si ho oh\u0159\u00e1t v\u00a0n\u011bkter\u00e9 z\u00a0dostupn\u00fdch <b>mikrovlnek<\/b>:<\/p>\n<ul>\n<li>v kuchy\u0148ce u m\u00edstnosti S105 a S210<\/li>\n<li>v budov\u011b v Celetn\u00e9 ulici na stole ve 2. pat\u0159e<\/li>\n<li>v budov\u011b v Mysl\u00edkov\u011b ulici je pak kuchy\u0148ka na prav\u00e9m konci chodby ve 3. pat\u0159e<\/li>\n<li>na n\u011bkolika m\u00edstech i v Rettigovce<\/li>\n<\/ul>\n<p>Mo\u017enost st\u0159\u00eddm\u00e9ho ob\u011bdu nab\u00edz\u00ed i <a href=\"https:\/\/www.instagram.com\/kavarna_kampus\/?__d=1\"><strong>Kav\u00e1rna Kampus<\/strong><\/a>, kter\u00e1 se nach\u00e1z\u00ed v <strong><a href=\"https:\/\/www.kampushybernska.cz\/\">Kampusu Hybernsk\u00e1<\/a><\/strong>. V tomto komplexu budov se pravideln\u011b konaj\u00ed r\u016fzn\u00e9 hudebn\u00ed akce, v\u00fdstavy, workshopy, p\u0159edn\u00e1\u0161ky a je zde mo\u017en\u00e9 vyu\u017e\u00edt prostory pro coworking, uspo\u0159\u00e1d\u00e1n\u00ed vlastn\u00ed akce nebo rozjet\u00ed <a href=\"https:\/\/cppt.cuni.cz\/CPPTN-1.html\">vlastn\u00edho projektu<\/a>. V samotn\u00e9 kav\u00e1rn\u011b se nach\u00e1z\u00ed i \u010d\u00edtarna, kde se uskute\u010d\u0148uj\u00ed liter\u00e1rn\u00ed ve\u010dery. Ve dvo\u0159e Kampusu se kon\u00e1 <a href=\"https:\/\/www.kampushybernska.cz\/2022\/04\/29\/studentsky-majales-2022\/\">Studentsk\u00fd maj\u00e1les<\/a>.<\/p>\n","protected":false},"excerpt":{"rendered":"<p>Menzy Menza, z\u00a0latinsk\u00e9ho mensa = st\u016fl, je j\u00eddelna pro studenty a\u00a0zam\u011bstnance vysok\u00fdch \u0161kol. Jako student m\u016f\u017ee\u0161 vyu\u017e\u00edvat v menz\u00e1ch p\u0159\u00edzniv\u00fdch cen, hlavn\u00ed j\u00eddlo stoj\u00ed obvykle 70\u2013140 K\u010d, pol\u00e9vka (ta se plat\u00ed zvl\u00e1\u0161\u0165) pak 22 K\u010d. Plat\u00ed se zde pomoc\u00ed pr\u016fkazu studenta. Na ten si nejprve p\u0159\u00edmo u pokladny menzy ulo\u017e\u00ed\u0161 p\u0159\u00edslu\u0161n\u00fd finan\u010dn\u00ed obnos \u2013 je &hellip; <a href=\"https:\/\/pages.pedf.cuni.cz\/pedinfo\/kam-na-jidlo\/\" class=\"more-link\">Pokra\u010dov\u00e1n\u00ed textu <span class=\"screen-reader-text\">Kam na j\u00eddlo<\/span><\/a><\/p>\n","protected":false},"author":421,"featured_media":0,"parent":0,"menu_order":2,"comment_status":"closed","ping_status":"closed","template":"","meta":{"footnotes":""},"class_list":["post-105","page","type-page","status-publish","hentry"],"_links":{"self":[{"href":"https:\/\/pages.pedf.cuni.cz\/pedinfo\/wp-json\/wp\/v2\/pages\/105","targetHints":{"allow":["GET"]}}],"collection":[{"href":"https:\/\/pages.pedf.cuni.cz\/pedinfo\/wp-json\/wp\/v2\/pages"}],"about":[{"href":"https:\/\/pages.pedf.cuni.cz\/pedinfo\/wp-json\/wp\/v2\/types\/page"}],"author":[{"embeddable":true,"href":"https:\/\/pages.pedf.cuni.cz\/pedinfo\/wp-json\/wp\/v2\/users\/421"}],"replies":[{"embeddable":true,"href":"https:\/\/pages.pedf.cuni.cz\/pedinfo\/wp-json\/wp\/v2\/comments?post=105"}],"version-history":[{"count":8,"href":"https:\/\/pages.pedf.cuni.cz\/pedinfo\/wp-json\/wp\/v2\/pages\/105\/revisions"}],"predecessor-version":[{"id":2153,"href":"https:\/\/pages.pedf.cuni.cz\/pedinfo\/wp-json\/wp\/v2\/pages\/105\/revisions\/2153"}],"wp:attachment":[{"href":"https:\/\/pages.pedf.cuni.cz\/pedinfo\/wp-json\/wp\/v2\/media?parent=105"}],"curies":[{"name":"wp","href":"https:\/\/api.w.org\/{rel}","templated":true}]}}