{"id":1681,"date":"2025-05-10T08:34:48","date_gmt":"2025-05-10T06:34:48","guid":{"rendered":"https:\/\/pages.pedf.cuni.cz\/pedinfo\/?page_id=1681"},"modified":"2026-01-24T18:21:49","modified_gmt":"2026-01-24T17:21:49","slug":"prihlasky-na-nmgr","status":"publish","type":"page","link":"https:\/\/pages.pedf.cuni.cz\/pedinfo\/prihlasky-na-nmgr\/","title":{"rendered":"P\u0159ihl\u00e1\u0161ky na NMgr."},"content":{"rendered":"\n<p>P\u0159ihl\u00e1\u0161ky na NMgr. se pod\u00e1vaj\u00ed elektronicky skrze <a href=\"https:\/\/is.cuni.cz\/studium\/prijimacky\/index.php\">str\u00e1nky Univerzity Karlovy<\/a>. Proklikne\u0161 se tam i p\u0159es modul <em>P\u0159ij\u00edmac\u00ed \u0159\u00edzen\u00ed <\/em>v SIS. P\u0159ihl\u00e1sit se m\u016f\u017ee\u0161 sv\u00fdmi CAS \u00fadaji. Vybere\u0161 si studijn\u00ed program a vypln\u00ed\u0161 po\u017eadovan\u00e9 \u00fadaje.<\/p>\n\n\n\n<p>Pokud je\u0161t\u011b v dob\u011b pod\u00e1n\u00ed p\u0159ihl\u00e1\u0161ky nem\u00e1\u0161 titul, uvede\u0161 dosavadn\u00ed nejvy\u0161\u0161\u00ed dosa\u017een\u00e9 vzd\u011bl\u00e1n\u00ed (nej\u010dast\u011bji to bude &#8222;st\u0159edo\u0161kolsk\u00e9 s maturitou&#8220;). Jako &#8222;rok ukon\u010den\u00ed&#8220; uve\u010f ten rok, ve kter\u00e9m pl\u00e1nuje\u0161 studium dokon\u010dit.<\/p>\n\n\n\n<p>Do kolonky &#8222;Doklad o spln\u011bn\u00ed odborn\u00fdch po\u017eadavk\u016f&#8220; sta\u010d\u00ed nahr\u00e1t p\u0159\u00edlohu <strong>&#8222;V\u00fdpis spln\u011bn\u00fdch povinnost\u00ed&#8220;<\/strong> ze SISu (modul <em>St\u00e1tn\u00ed z\u00e1v\u011bre\u010dn\u00e9 zkou\u0161ky \u2192<\/em> <em>Tisk \u2192<\/em> <em>V\u00fdpis spln\u011bn\u00fdch povinnost\u00ed \u2192<\/em> <em>Tisk v\u00fdpisu s elektronick\u00fdm certifik\u00e1tem<\/em>) nebo <strong>&#8222;Potvrzen\u00ed o absolvov\u00e1n\u00ed studia&#8220; <\/strong>(modul <em>Osobn\u00ed \u00fadaje a nastaven\u00ed \u2192<\/em> <em>Tisk potvrzen\u00ed\u2192<\/em> <em>Potvrzen\u00ed o absolvov\u00e1n\u00ed studia<\/em>), pokud ji\u017e m\u00e1\u0161 studium dokon\u010den\u00e9 a jen \u010dek\u00e1\u0161 na p\u0159ed\u00e1n\u00ed diplomu p\u0159i promoci. Pot\u00e9 p\u0159ihl\u00e1\u0161ku ode\u0161le\u0161 a zaplat\u00ed\u0161. Nyn\u00ed u\u017e jen po\u010dk\u00e1\u0161 na pozv\u00e1nky k <a href=\"https:\/\/pedf.cuni.cz\/PEDF-1478.html\">p\u0159ij\u00edmac\u00edm zkou\u0161k\u00e1m<\/a>.<\/p>\n\n\n\n<p><a href=\"https:\/\/wwwmod.pedf.cuni.cz\/udeska\/files\/opatreni_dekana\/opad_5_2025_harmonogram_prijm_rizeni_25.pdf\">Harmonogram p\u0159ij\u00edmac\u00edho \u0159\u00edzen\u00ed 2025\/2026<\/a><\/p>\n\n\n\n<p><\/p>\n","protected":false},"excerpt":{"rendered":"<p>P\u0159ihl\u00e1\u0161ky na NMgr. se pod\u00e1vaj\u00ed elektronicky skrze str\u00e1nky Univerzity Karlovy. Proklikne\u0161 se tam i p\u0159es modul P\u0159ij\u00edmac\u00ed \u0159\u00edzen\u00ed v SIS. P\u0159ihl\u00e1sit se m\u016f\u017ee\u0161 sv\u00fdmi CAS \u00fadaji. Vybere\u0161 si studijn\u00ed program a vypln\u00ed\u0161 po\u017eadovan\u00e9 \u00fadaje. Pokud je\u0161t\u011b v dob\u011b pod\u00e1n\u00ed p\u0159ihl\u00e1\u0161ky nem\u00e1\u0161 titul, uvede\u0161 dosavadn\u00ed nejvy\u0161\u0161\u00ed dosa\u017een\u00e9 vzd\u011bl\u00e1n\u00ed (nej\u010dast\u011bji to bude &#8222;st\u0159edo\u0161kolsk\u00e9 s maturitou&#8220;). Jako &#8222;rok &hellip; <a href=\"https:\/\/pages.pedf.cuni.cz\/pedinfo\/prihlasky-na-nmgr\/\" class=\"more-link\">Pokra\u010dov\u00e1n\u00ed textu <span class=\"screen-reader-text\">P\u0159ihl\u00e1\u0161ky na NMgr.<\/span><\/a><\/p>\n","protected":false},"author":676,"featured_media":0,"parent":0,"menu_order":0,"comment_status":"closed","ping_status":"closed","template":"","meta":{"footnotes":""},"class_list":["post-1681","page","type-page","status-publish","hentry"],"_links":{"self":[{"href":"https:\/\/pages.pedf.cuni.cz\/pedinfo\/wp-json\/wp\/v2\/pages\/1681","targetHints":{"allow":["GET"]}}],"collection":[{"href":"https:\/\/pages.pedf.cuni.cz\/pedinfo\/wp-json\/wp\/v2\/pages"}],"about":[{"href":"https:\/\/pages.pedf.cuni.cz\/pedinfo\/wp-json\/wp\/v2\/types\/page"}],"author":[{"embeddable":true,"href":"https:\/\/pages.pedf.cuni.cz\/pedinfo\/wp-json\/wp\/v2\/users\/676"}],"replies":[{"embeddable":true,"href":"https:\/\/pages.pedf.cuni.cz\/pedinfo\/wp-json\/wp\/v2\/comments?post=1681"}],"version-history":[{"count":11,"href":"https:\/\/pages.pedf.cuni.cz\/pedinfo\/wp-json\/wp\/v2\/pages\/1681\/revisions"}],"predecessor-version":[{"id":2142,"href":"https:\/\/pages.pedf.cuni.cz\/pedinfo\/wp-json\/wp\/v2\/pages\/1681\/revisions\/2142"}],"wp:attachment":[{"href":"https:\/\/pages.pedf.cuni.cz\/pedinfo\/wp-json\/wp\/v2\/media?parent=1681"}],"curies":[{"name":"wp","href":"https:\/\/api.w.org\/{rel}","templated":true}]}}