{"id":263,"date":"2016-06-04T00:24:18","date_gmt":"2016-06-03T22:24:18","guid":{"rendered":"http:\/\/pages.pedf.cuni.cz\/pedinfo\/?page_id=263"},"modified":"2025-04-27T19:37:15","modified_gmt":"2025-04-27T17:37:15","slug":"erasmus-studium-a-staze-v-zahranici","status":"publish","type":"page","link":"https:\/\/pages.pedf.cuni.cz\/pedinfo\/erasmus-studium-a-staze-v-zahranici\/","title":{"rendered":"Erasmus &#8211; studium a st\u00e1\u017ee v zahrani\u010d\u00ed"},"content":{"rendered":"<p><img loading=\"lazy\" decoding=\"async\" class=\"size-medium wp-image-733 aligncenter\" src=\"https:\/\/pages.pedf.cuni.cz\/pedinfo\/files\/2018\/08\/erasmus-300x269.png\" alt=\"\" width=\"300\" height=\"269\" srcset=\"https:\/\/pages.pedf.cuni.cz\/pedinfo\/files\/2018\/08\/erasmus-300x269.png 300w, https:\/\/pages.pedf.cuni.cz\/pedinfo\/files\/2018\/08\/erasmus-150x135.png 150w, https:\/\/pages.pedf.cuni.cz\/pedinfo\/files\/2018\/08\/erasmus.png 938w\" sizes=\"auto, (max-width: 300px) 100vw, 300px\" \/>V r\u00e1mci studia m\u016f\u017ee\u0161 jako student PedF vyu\u017e\u00edt \u0159ady nab\u00eddek zahrani\u010dn\u00edch dlouhodob\u00fdch pobyt\u016f a\u00a0st\u00e1\u017e\u00ed, nap\u0159\u00edklad v\u00a0r\u00e1mci programu <strong>ERASMUS+<\/strong>. B\u011bhem studia je mo\u017en\u00e9 vyjet studovat do zahrani\u010d\u00ed i\u00a0n\u011bkolikr\u00e1t.<\/p>\n<p>Zahrani\u010dn\u00ed pobyty a obecn\u011b spolupr\u00e1ci se zahrani\u010d\u00edm m\u00e1 na starosti <strong><a href=\"https:\/\/pedf.cuni.cz\/PEDF-166.html\">Odd\u011blen\u00ed pro zahrani\u010dn\u00ed vztahy<\/a><\/strong>, jeho\u017e pracovn\u00edci jsou p\u0159ipraveni poskytnout ti pot\u0159ebn\u00e9 informace.\u00a0Pravideln\u011b na podzim se pro z\u00e1jemce organizuje semin\u00e1\u0159, na n\u011bm\u017e lze vyslechnout zku\u0161enosti student\u016f, kte\u0159\u00ed se na zahrani\u010dn\u00ed pobyt ji\u017e vydali.<\/p>\n<p>Studijn\u00ed pobyt v\u00a0r\u00e1mci programu ERASMUS+ trv\u00e1 zpravidla jeden \u010di dva semestry (m\u016f\u017ee trvat 3\u201312 m\u011bs\u00edc\u016f). N\u011bkter\u00e9 instituce nab\u00edzej\u00ed i\u00a0tzv. <a href=\"https:\/\/pedf.cuni.cz\/PEDF-2672.html\"><strong>praktickou st\u00e1\u017e<\/strong><\/a>, kter\u00e1 m\u016f\u017ee b\u00fdt i krat\u0161\u00ed (2\u201312 m\u011bs\u00edc\u016f).<\/p>\n<p>Pokud m\u00e1\u0161 z\u00e1jem o\u00a0ERASMUS+ mobilitu, konzultuj sv\u016fj z\u00e1m\u011br nejprve s\u00a0<strong><a href=\"https:\/\/pedf.cuni.cz\/PEDF-425.html\">koordin\u00e1torem<\/a><\/strong> na sv\u00e9 kated\u0159e. Zaj\u00edmej se o\u00a0to, s\u00a0jak\u00fdmi univerzitami m\u00e1 katedra <a href=\"https:\/\/pedf.cuni.cz\/PEDF-2715-version1-kopie___pedf_erasmus_prehled_bilateralnich_smluv_aktualizace_ke_dni_03_01_2022.pdf\">uzav\u0159en\u00e9 smlouvy<\/a> (to se m\u016f\u017ee b\u011bhem let li\u0161it). Doporu\u010dujeme za\u010d\u00edt se zaj\u00edmat o zahrani\u010dn\u00ed mobilitu v\u010das (rad\u011bji s velk\u00fdm p\u0159edstihem), abys nepro\u0161vihl term\u00edn pod\u00e1n\u00ed p\u0159ihl\u00e1\u0161ky a zaji\u0161t\u011bn\u00ed pot\u0159ebn\u00fdch dokument\u016f.<\/p>\n<p>Dal\u0161\u00ed postup je pops\u00e1n na <strong><a href=\"https:\/\/pedf.cuni.cz\/PEDF-2671.html\">webu<\/a>\u00a0<\/strong>a v\u00a0<strong><a href=\"https:\/\/pedf.cuni.cz\/PEDF-2751-version1-erasmus___prirucka_pro_studenty.pdf\">manu\u00e1lu<\/a><\/strong> Odd\u011blen\u00ed pro zahrani\u010dn\u00ed vztahy. Informace nalezne\u0161 tak\u00e9 ve <a href=\"https:\/\/youtube.com\/playlist?list=PL28ZjLb0fJ34lsVbZcKff0qgnjWk-yGsK&amp;si=n7l4tLw5rEM8zK7U\"><strong>vide\u00edch<\/strong><\/a> na youtube PedF UK.<\/p>\n<p>Mno\u017estv\u00ed informac\u00ed o programu ERASMUS+ lze z\u00edskat i na webech\u00a0<a href=\"https:\/\/www.dzs.cz\/program\/erasmus\">D\u016fm zahrani\u010dn\u00ed spolupr\u00e1ce<\/a> a <a href=\"https:\/\/www.charlesabroad.cz\/\">Charles Abroad<\/a>.<\/p>\n<p>I doma v \u010cesk\u00e9 republice se m\u016f\u017ee\u0161 jako dobrovoln\u00edk zapojit do aktivit se\u00a0zahrani\u010dn\u00edmi studenty prost\u0159ednictv\u00edm <a href=\"https:\/\/esncuprague.cz\/\">ESN CU<\/a>. Za\u017eije\u0161 s nimi mnoho zaj\u00edmav\u00fdch situac\u00ed, m\u016f\u017ee\u0161 naj\u00edt nov\u00e9 p\u0159\u00e1tele a dozv\u011bd\u011bt se o tom, jak se studuje na jin\u00fdch univerzit\u00e1ch. Tak\u00e9 m\u016f\u017ee\u0161 p\u0159isp\u011bt k tomu, aby se zahrani\u010dn\u00edm student\u016fm na na\u0161\u00ed fakult\u011b l\u00edbilo.<\/p>\n","protected":false},"excerpt":{"rendered":"<p>V r\u00e1mci studia m\u016f\u017ee\u0161 jako student PedF vyu\u017e\u00edt \u0159ady nab\u00eddek zahrani\u010dn\u00edch dlouhodob\u00fdch pobyt\u016f a\u00a0st\u00e1\u017e\u00ed, nap\u0159\u00edklad v\u00a0r\u00e1mci programu ERASMUS+. B\u011bhem studia je mo\u017en\u00e9 vyjet studovat do zahrani\u010d\u00ed i\u00a0n\u011bkolikr\u00e1t. Zahrani\u010dn\u00ed pobyty a obecn\u011b spolupr\u00e1ci se zahrani\u010d\u00edm m\u00e1 na starosti Odd\u011blen\u00ed pro zahrani\u010dn\u00ed vztahy, jeho\u017e pracovn\u00edci jsou p\u0159ipraveni poskytnout ti pot\u0159ebn\u00e9 informace.\u00a0Pravideln\u011b na podzim se pro z\u00e1jemce organizuje &hellip; <a href=\"https:\/\/pages.pedf.cuni.cz\/pedinfo\/erasmus-studium-a-staze-v-zahranici\/\" class=\"more-link\">Pokra\u010dov\u00e1n\u00ed textu <span class=\"screen-reader-text\">Erasmus &#8211; studium a st\u00e1\u017ee v zahrani\u010d\u00ed<\/span><\/a><\/p>\n","protected":false},"author":421,"featured_media":0,"parent":0,"menu_order":4,"comment_status":"closed","ping_status":"closed","template":"","meta":{"footnotes":""},"class_list":["post-263","page","type-page","status-publish","hentry"],"_links":{"self":[{"href":"https:\/\/pages.pedf.cuni.cz\/pedinfo\/wp-json\/wp\/v2\/pages\/263","targetHints":{"allow":["GET"]}}],"collection":[{"href":"https:\/\/pages.pedf.cuni.cz\/pedinfo\/wp-json\/wp\/v2\/pages"}],"about":[{"href":"https:\/\/pages.pedf.cuni.cz\/pedinfo\/wp-json\/wp\/v2\/types\/page"}],"author":[{"embeddable":true,"href":"https:\/\/pages.pedf.cuni.cz\/pedinfo\/wp-json\/wp\/v2\/users\/421"}],"replies":[{"embeddable":true,"href":"https:\/\/pages.pedf.cuni.cz\/pedinfo\/wp-json\/wp\/v2\/comments?post=263"}],"version-history":[{"count":16,"href":"https:\/\/pages.pedf.cuni.cz\/pedinfo\/wp-json\/wp\/v2\/pages\/263\/revisions"}],"predecessor-version":[{"id":1727,"href":"https:\/\/pages.pedf.cuni.cz\/pedinfo\/wp-json\/wp\/v2\/pages\/263\/revisions\/1727"}],"wp:attachment":[{"href":"https:\/\/pages.pedf.cuni.cz\/pedinfo\/wp-json\/wp\/v2\/media?parent=263"}],"curies":[{"name":"wp","href":"https:\/\/api.w.org\/{rel}","templated":true}]}}