{"id":37,"date":"2016-05-21T18:28:51","date_gmt":"2016-05-21T16:28:51","guid":{"rendered":"http:\/\/pages.pedf.cuni.cz\/pedinfo\/?page_id=37"},"modified":"2025-07-18T10:43:10","modified_gmt":"2025-07-18T08:43:10","slug":"na-koho-se-obratit","status":"publish","type":"page","link":"https:\/\/pages.pedf.cuni.cz\/pedinfo\/na-koho-se-obratit\/","title":{"rendered":"Na koho se obr\u00e1tit"},"content":{"rendered":"<p>Chce\u0161 se na n\u011bco zeptat? M\u00e1\u0161 n\u011bjakou pot\u00ed\u017e a\u00a0nev\u00ed\u0161 si s\u00a0n\u00ed rady? Nab\u00edz\u00ed se v\u00edce \u0159e\u0161en\u00ed.<\/p>\n<h2><b><img loading=\"lazy\" decoding=\"async\" class=\"size-medium wp-image-705 aligncenter\" src=\"https:\/\/pages.pedf.cuni.cz\/pedinfo\/files\/2018\/08\/ota-161x300.png\" alt=\"\" width=\"161\" height=\"300\" srcset=\"https:\/\/pages.pedf.cuni.cz\/pedinfo\/files\/2018\/08\/ota-161x300.png 161w, https:\/\/pages.pedf.cuni.cz\/pedinfo\/files\/2018\/08\/ota-80x150.png 80w, https:\/\/pages.pedf.cuni.cz\/pedinfo\/files\/2018\/08\/ota-548x1024.png 548w, https:\/\/pages.pedf.cuni.cz\/pedinfo\/files\/2018\/08\/ota.png 1000w\" sizes=\"auto, (max-width: 161px) 100vw, 161px\" \/>Studijn\u00ed referentky<\/b><\/h2>\n<p><a href=\"https:\/\/is.cuni.cz\/webapps\/whois2\/org\/1000517102738366\/?lang=cs\"><strong>Studijn\u00ed referentky<\/strong><\/a> ti pomohou vy\u0159e\u0161it zejm\u00e9na <strong>organiza\u010dn\u00ed z\u00e1le\u017eitosti spojen\u00e9 se studiem<\/strong> (viz kapitolu <a href=\"https:\/\/pages.pedf.cuni.cz\/pedinfo\/studijni-oddeleni\/\">Studijn\u00ed odd\u011blen\u00ed<\/a>). Rozhodn\u011b ale nemaj\u00ed na starost pouze pap\u00edrov\u00e1n\u00ed, na referentky se m\u016f\u017ee\u0161 obracet s r\u016fzn\u00fdmi studijn\u00edmi z\u00e1le\u017eitostmi. Nejednou se stalo, \u017ee student nejd\u0159\u00edve hledal pomoc jinde a pot\u00e9, co se dostal k referentce, bylo ji\u017e pozd\u011b. Ide\u00e1ln\u00ed je proto svou referentku kontaktovat s t\u00edm, s \u010d\u00edm si nejsi jist\u00fd\/\u00e1 a danou v\u011bc s n\u00ed prokonzultovat. Tv\u00e1 referentka bude m\u00edt z\u00e1rove\u0148 o tv\u00e9 situaci p\u0159ehled.<\/p>\n<h2><b>Student\u0161t\u00ed tuto\u0159i<\/b><\/h2>\n<p>\u00dakolem\u00a0<a href=\"https:\/\/pedf.cuni.cz\/PEDF-3423.html\"><strong>studentsk\u00fdch tutor\u016f<\/strong><\/a>\u00a0je individu\u00e1ln\u00ed pomoc p\u0159edev\u0161\u00edm student\u016fm prvn\u00edch ro\u010dn\u00edk\u016f vypo\u0159\u00e1dat se se z\u00e1le\u017eitostmi t\u00fdkaj\u00edc\u00ed se jejich studia na fakult\u011b. Tuto\u0159i takt\u00e9\u017e p\u016fsob\u00ed ve v\u011bt\u0161in\u011b spole\u010dn\u00fdch facebookov\u00fdch skupin PedF (nap\u0159.\u00a0<a href=\"https:\/\/www.facebook.com\/groups\/192463387560890\/\">Studenti PedF UK<\/a>\u00a0&#8211; viz kapitolu\u00a0<a href=\"https:\/\/pages.pedf.cuni.cz\/pedinfo\/informace-online\/\">Informace online<\/a>), kde odpov\u00eddaj\u00ed na dotazy student\u016f a d\u00e1vaj\u00ed rady online.<\/p>\n<h2><b>Studentsk\u00e9 oborov\u00e9 rady<\/b><\/h2>\n<p>Na n\u011bkter\u00fdch katedr\u00e1ch p\u016fsob\u00ed <strong><a href=\"https:\/\/spolky-pedf-cuni.webnode.cz\/\">studentsk\u00e9 oborov\u00e9 rady<\/a><\/strong>, kter\u00e9 pom\u00e1haj\u00ed student\u016fm a usnad\u0148uj\u00ed jim orientaci ve studiu. Pokud bude\u0161 m\u00edt jak\u00e9koli pot\u00ed\u017ee, podn\u011bty \u010di dotazy, je vhodn\u00e9 se obracet pr\u00e1v\u011b na p\u0159\u00edslu\u0161nou radu.<\/p>\n<p>Rada tlumo\u010d\u00ed dotazy, n\u00e1vrhy, podn\u011bty a p\u0159ipom\u00ednky student\u016f dan\u00e9ho studijn\u00edho oboru a prosazuje jejich projedn\u00e1n\u00ed a \u0159e\u0161en\u00ed s vedouc\u00edm katedry, s dan\u00fdmi vyu\u010duj\u00edc\u00edmi a studijn\u00edmi prod\u011bkankami. Radu je mo\u017en\u00e9 kontaktovat osobn\u011b (vhodn\u00e9 je vyu\u017e\u00edt z\u00e1stupce rady ze sv\u00e9ho ro\u010dn\u00edku), komunikovat v\u0161ak lze i e-mailem. N\u011bkter\u00e9 SOR maj\u00ed vlastn\u00ed Facebook \u010di Instagram nebo jsou i na str\u00e1nk\u00e1ch a n\u00e1st\u011bnk\u00e1ch jednotliv\u00fdch kateder.<\/p>\n<p><span style=\"font-weight: 400\">Z\u00e1stupci <\/span><span style=\"font-weight: 400\">se dvakr\u00e1t ro\u010dn\u011b sch\u00e1zej\u00ed<\/span><span style=\"font-weight: 400\"> s veden\u00edm, p\u0159edkl\u00e1daj\u00ed mu sv\u00e9 n\u00e1vrhy a spole\u010dn\u011b diskutuj\u00ed. Tyto sch\u016fzky jsou p\u0159\u00edstupn\u00e9 v\u0161em student\u016fm.<\/span><\/p>\n<h2><strong>Vyu\u010duj\u00edc\u00ed<\/strong><\/h2>\n<p>Ka\u017ed\u00fd <strong>vyu\u010duj\u00edc\u00ed<\/strong>\u00a0vypisuje tzv.\u00a0<i>konzulta\u010dn\u00ed hodiny<\/i>, kdy b\u00fdv\u00e1 ve sv\u00e9m kabinetu a lze za n\u00edm zaj\u00edt s dotazem nap\u0159. k v\u00fduce, zkou\u0161ce nebo z\u00e1v\u011bre\u010dn\u00e9 pr\u00e1ci. Jejich \u010dasy jsou vyps\u00e1ny na webov\u00fdch str\u00e1nk\u00e1ch a n\u00e1st\u011bnk\u00e1ch p\u0159\u00edslu\u0161n\u00e9 katedry. Pozor \u2013 konzulta\u010dn\u00ed hodiny jsou jin\u00e9 v obdob\u00ed v\u00fduky a jin\u00e9 ve zkou\u0161kov\u00e9m obdob\u00ed, o pr\u00e1zdnin\u00e1ch se nevypisuj\u00ed.<\/p>\n<p>Ka\u017ed\u00fd vyu\u010duj\u00edc\u00ed m\u00e1 fakultn\u00ed e-mail, jeho\u017e podoba m\u00e1 jednotnou strukturu, nap\u0159. <em>jan.novak@pedf.cuni.cz<\/em>. Kontakty lze hledat p\u0159es modul\u00a0<i>Hled\u00e1n\u00ed osob<\/i>\u00a0v SIS, aplikaci\u00a0<a href=\"https:\/\/is.cuni.cz\/webapps\/whois2\">WhoIS<\/a>\u00a0\u010di na str\u00e1nk\u00e1ch jednotliv\u00fdch kateder. Vyu\u010duj\u00edc\u00ed samoz\u0159ejm\u011b nemus\u00ed na tvou zpr\u00e1vu odepsat hned \u2013 pokud m\u00e1\u0161 ale pocit, \u017ee odpov\u011b\u010f nep\u0159ich\u00e1z\u00ed dlouhou dobu, zkus se p\u0159ipomenout.<\/p>\n<p>K oslovov\u00e1n\u00ed vyu\u010duj\u00edc\u00edch se pou\u017e\u00edv\u00e1 nejvy\u0161\u0161\u00ed titul. Na akademick\u00e9 p\u016fd\u011b se setk\u00e1\u0161 se v\u0161emi tituly \u2013 od magistra (Mgr.) \u010di in\u017een\u00fdra (Ing.) p\u0159es doktora (PhDr., RNDr., PaedDr.) a\u017e po docenta (doc.) a\u00a0profesora\u00b9 (prof.). Jestli\u017ee m\u00e1 magistr za jm\u00e9nem titul Ph.D., oslov\u00edme ho \u201epane doktore\u201c\/\u201epan\u00ed doktorko\u201c. Pokud oslovujeme \u010dlena veden\u00ed \u010di administrativy, d\u00e1v\u00e1 se p\u0159ednost osloven\u00ed funkc\u00ed \u2013 nap\u0159. \u201epane prod\u011bkane\u201c, \u201epan\u00ed referentko\u201c.<\/p>\n<p><span class=\"TrackChangeTextInsertion TrackedChange SCXW38564693 BCX0\"><span class=\"TextRun SCXW38564693 BCX0\" lang=\"CS-CZ\" xml:lang=\"CS-CZ\" data-contrast=\"none\"><span class=\"NormalTextRun CommentStart   SCXW38564693 BCX0\">Pokud si ale nebude\u0161 v\u011bd\u011bt rady, m\u016f\u017ee\u0161 vyu\u017e\u00edt gener\u00e1tor osloven\u00ed<\/span><\/span><\/span><span class=\"TrackChangeTextInsertion TrackedChange SCXW38564693 BCX0\"><span class=\"TextRun SCXW38564693 BCX0\" lang=\"CS-CZ\" xml:lang=\"CS-CZ\" data-contrast=\"none\"><span class=\"NormalTextRun  SCXW38564693 BCX0\">, kter\u00fd vytvo\u0159il jeden z na\u0161ich student\u016f<\/span><\/span><\/span><span class=\"TrackChangeTextInsertion TrackedChange SCXW38564693 BCX0\"><span class=\"TextRun SCXW38564693 BCX0\" lang=\"CS-CZ\" xml:lang=\"CS-CZ\" data-contrast=\"none\"><span class=\"NormalTextRun  SCXW38564693 BCX0\">\u00a0(<\/span><\/span><\/span><a href=\"https:\/\/www.titulator.cz\/\"><span class=\"TrackChangeTextInsertion TrackedChange SCXW38564693 BCX0\"><span class=\"TextRun SCXW38564693 BCX0\" lang=\"CS-CZ\" xml:lang=\"CS-CZ\" data-contrast=\"none\"><span class=\"NormalTextRun  SCXW38564693 BCX0\">titulator<\/span><\/span><\/span><\/a><span class=\"TrackChangeTextInsertion TrackedChange SCXW38564693 BCX0\"><span class=\"TextRun SCXW38564693 BCX0\" lang=\"CS-CZ\" xml:lang=\"CS-CZ\" data-contrast=\"none\"><span class=\"NormalTextRun  SCXW38564693 BCX0\">.cz)<\/span><\/span><\/span><span class=\"TrackChangeTextInsertion TrackedChange SCXW38564693 BCX0\"><span class=\"TextRun SCXW38564693 BCX0\" lang=\"CS-CZ\" xml:lang=\"CS-CZ\" data-contrast=\"none\"><span class=\"NormalTextRun  SCXW38564693 BCX0\">.<\/span><\/span><\/span><span class=\"EOP  SCXW38564693 BCX0\" data-ccp-props=\"{&quot;201341983&quot;:0,&quot;335559739&quot;:160,&quot;335559740&quot;:259}\">\u00a0<\/span><\/p>\n<p><em>\u00b9 Na vysok\u00e9 \u0161kole je chybou v\u0161echny vyu\u010duj\u00edc\u00ed ozna\u010dovat jako profesory, nebo\u0165 opravdov\u00fdmi vysoko\u0161kolsk\u00fdmi profesory jsou jen n\u011bkte\u0159\u00ed z\u00a0nich.<\/em><\/p>\n<h2><strong>Katedern\u00ed koordin\u00e1to\u0159i SIS a sekretari\u00e1ty<\/strong><\/h2>\n<p>S ot\u00e1zkami t\u00fdkaj\u00edc\u00ed se katedern\u00edch z\u00e1le\u017eitost\u00ed se obracej na <a href=\"https:\/\/helpdesksis.pedf.cuni.cz\/mod\/data\/view.php?id=100\">koordin\u00e1tory SIS<\/a> a sekretarit\u00e1ty jednotliv\u00fdch kateder. Maj\u00ed toti\u017e do d\u011bn\u00ed na kated\u0159e nejlep\u0161\u00ed vhled.<\/p>\n<h2><strong>Akademick\u00e1 poradna<\/strong><\/h2>\n<p>Pracovn\u00edci a pracovnice <a href=\"https:\/\/pedf.cuni.cz\/PEDF-2089.html\"><strong>Akademick\u00e9 poradny<\/strong><\/a> nab\u00edz\u00ed zdarma v\u0161em student\u016fm a zam\u011bstatnc\u016fm UK <strong>poradensk\u00e9 slu\u017eby<\/strong> v psychologick\u00e9, speci\u00e1ln\u011b pedagogick\u00e9, logopedick\u00e9 a asistensk\u00e9 oblasti. Obracet se na n\u011b tak m\u016f\u017ee\u0161 s probl\u00e9my souvisej\u00edc\u00edmi se studiem, vztahy, osobnost\u00ed, du\u0161evn\u00edm zdrav\u00edm nebo s logopedick\u00fdmi probl\u00e9my.<\/p>\n<h2><b>Student\u0161t\u00ed sen\u00e1to\u0159i<\/b><\/h2>\n<p>Studenti maj\u00ed sv\u00e9 zastoupen\u00ed tak\u00e9 v <strong><a href=\"https:\/\/pedf.cuni.cz\/PEDF-716.html\">Akademick\u00e9m sen\u00e1tu<\/a><\/strong> fakulty. Zde, jako na jedin\u00e9 pedagogick\u00e9 fakult\u011b v \u010cR, maj\u00ed dokonce paritn\u00ed zastoupen\u00ed (v sen\u00e1tu je tak 12 student\u016f a 12 akademik\u016f) a jsou tedy v\u00fdznamnou a rovnocennou skupinou p\u0159i jedn\u00e1n\u00ed sen\u00e1tu. <a href=\"https:\/\/pedf.cuni.cz\/PEDF-706.html\">Sv\u00e9 z\u00e1stupce<\/a> m\u016f\u017ee\u0161 zvolit prost\u0159ednictv\u00edm ka\u017edoro\u010dn\u00edch voleb v jedn\u00e9 spole\u010dn\u00e9 kurii a obracet se na n\u011b se sv\u00fdmi podn\u011bty. Informace a aktuality o d\u011bn\u00ed v sen\u00e1tu jsou k dispozici v <a href=\"https:\/\/pedf.cuni.cz\/PEDF-2779.html\">z\u00e1pisech ze zased\u00e1n\u00ed sen\u00e1tu<\/a>.<\/p>\n<p>Student\u0161t\u00ed sen\u00e1to\u0159i ti mohou pomoci \u0159e\u0161it probl\u00e9my na fakult\u011b, kter\u00e9 nem\u016f\u017ee (a nebo nechce) \u0159e\u0161it tvoje katedra. \u010casto um\u011bj\u00ed poradit s ot\u00e1zkami okolo term\u00edn\u016f a fakultn\u00edch p\u0159edpis\u016f, jeliko\u017e o nich maj\u00ed z povahy v\u011bci p\u0159ehled. Kontaktovat je m\u016f\u017ee\u0161 prost\u0159ednictv\u00edm jejich <a href=\"https:\/\/www.instagram.com\/skas_pedfuk\/\">Instagramu<\/a>.<\/p>\n<h2><b>Prod\u011bkani pro studijn\u00ed z\u00e1le\u017eitosti<\/b><\/h2>\n<p>V p\u0159\u00edpad\u011b z\u00e1va\u017en\u011bj\u0161\u00edch studijn\u00edch probl\u00e9m\u016f jsou ti k dispozici\u00a0<a href=\"https:\/\/pedf.cuni.cz\/PEDF-242.html\"><strong>prod\u011bkani pro studijn\u00ed z\u00e1le\u017eitosti<\/strong><\/a>. Do jejich agendy spadaj\u00ed nap\u0159\u00edklad \u017e\u00e1dosti o uzn\u00e1n\u00ed d\u0159\u00edve spln\u011bn\u00fdch p\u0159edm\u011bt\u016f nebo \u017e\u00e1dost o individu\u00e1ln\u00ed studijn\u00ed pl\u00e1n.\u00a0<a href=\"https:\/\/pedf.cuni.cz\/PEDF-242.html\">Konzulta\u010dn\u00ed hodiny<\/a> prod\u011bkan\u016f jsou vyps\u00e1ny v pr\u016fb\u011bhu semestru i ve zkou\u0161kov\u00e9m obdob\u00ed. Jejich kancel\u00e1\u0159e nalezne\u0161 v 1. pat\u0159e naproti studijn\u00edmu odd\u011blen\u00ed.<\/p>\n<h2><strong>Fakultn\u00ed ombudsmani<\/strong><\/h2>\n<p>Nevhodn\u00e9 chov\u00e1n\u00ed a sexu\u00e1ln\u00ed obt\u011b\u017eov\u00e1n\u00ed nem\u00e1 na na\u0161\u00ed fakult\u011b m\u00edsto. Pokud se ov\u0161em s takov\u00fdm jedn\u00e1n\u00edm setk\u00e1\u0161, pot\u0159ebnou pomoc a podporu ti poskytnou <a href=\"https:\/\/pedf.cuni.cz\/PEDF-2864.html\"><strong>fakultn\u00ed ombudsmani<\/strong><\/a>.<\/p>\n","protected":false},"excerpt":{"rendered":"<p>Chce\u0161 se na n\u011bco zeptat? M\u00e1\u0161 n\u011bjakou pot\u00ed\u017e a\u00a0nev\u00ed\u0161 si s\u00a0n\u00ed rady? Nab\u00edz\u00ed se v\u00edce \u0159e\u0161en\u00ed. Studijn\u00ed referentky Studijn\u00ed referentky ti pomohou vy\u0159e\u0161it zejm\u00e9na organiza\u010dn\u00ed z\u00e1le\u017eitosti spojen\u00e9 se studiem (viz kapitolu Studijn\u00ed odd\u011blen\u00ed). Rozhodn\u011b ale nemaj\u00ed na starost pouze pap\u00edrov\u00e1n\u00ed, na referentky se m\u016f\u017ee\u0161 obracet s r\u016fzn\u00fdmi studijn\u00edmi z\u00e1le\u017eitostmi. Nejednou se stalo, \u017ee student nejd\u0159\u00edve &hellip; <a href=\"https:\/\/pages.pedf.cuni.cz\/pedinfo\/na-koho-se-obratit\/\" class=\"more-link\">Pokra\u010dov\u00e1n\u00ed textu <span class=\"screen-reader-text\">Na koho se obr\u00e1tit<\/span><\/a><\/p>\n","protected":false},"author":421,"featured_media":0,"parent":0,"menu_order":0,"comment_status":"closed","ping_status":"closed","template":"","meta":{"footnotes":""},"class_list":["post-37","page","type-page","status-publish","hentry"],"_links":{"self":[{"href":"https:\/\/pages.pedf.cuni.cz\/pedinfo\/wp-json\/wp\/v2\/pages\/37","targetHints":{"allow":["GET"]}}],"collection":[{"href":"https:\/\/pages.pedf.cuni.cz\/pedinfo\/wp-json\/wp\/v2\/pages"}],"about":[{"href":"https:\/\/pages.pedf.cuni.cz\/pedinfo\/wp-json\/wp\/v2\/types\/page"}],"author":[{"embeddable":true,"href":"https:\/\/pages.pedf.cuni.cz\/pedinfo\/wp-json\/wp\/v2\/users\/421"}],"replies":[{"embeddable":true,"href":"https:\/\/pages.pedf.cuni.cz\/pedinfo\/wp-json\/wp\/v2\/comments?post=37"}],"version-history":[{"count":41,"href":"https:\/\/pages.pedf.cuni.cz\/pedinfo\/wp-json\/wp\/v2\/pages\/37\/revisions"}],"predecessor-version":[{"id":2021,"href":"https:\/\/pages.pedf.cuni.cz\/pedinfo\/wp-json\/wp\/v2\/pages\/37\/revisions\/2021"}],"wp:attachment":[{"href":"https:\/\/pages.pedf.cuni.cz\/pedinfo\/wp-json\/wp\/v2\/media?parent=37"}],"curies":[{"name":"wp","href":"https:\/\/api.w.org\/{rel}","templated":true}]}}