{"id":59,"date":"2016-05-21T19:42:28","date_gmt":"2016-05-21T17:42:28","guid":{"rendered":"http:\/\/pages.pedf.cuni.cz\/pedinfo\/?page_id=59"},"modified":"2024-11-18T20:30:51","modified_gmt":"2024-11-18T19:30:51","slug":"internet-eduroam","status":"publish","type":"page","link":"https:\/\/pages.pedf.cuni.cz\/pedinfo\/internet-eduroam\/","title":{"rendered":"Internet (eduroam)"},"content":{"rendered":"<p><img loading=\"lazy\" decoding=\"async\" class=\"size-medium wp-image-702 aligncenter\" src=\"https:\/\/pages.pedf.cuni.cz\/pedinfo\/files\/2018\/08\/wifi-201x300.png\" alt=\"\" width=\"201\" height=\"300\" srcset=\"https:\/\/pages.pedf.cuni.cz\/pedinfo\/files\/2018\/08\/wifi-201x300.png 201w, https:\/\/pages.pedf.cuni.cz\/pedinfo\/files\/2018\/08\/wifi-100x150.png 100w, https:\/\/pages.pedf.cuni.cz\/pedinfo\/files\/2018\/08\/wifi-684x1024.png 684w, https:\/\/pages.pedf.cuni.cz\/pedinfo\/files\/2018\/08\/wifi.png 1000w\" sizes=\"auto, (max-width: 201px) 100vw, 201px\" \/>Jako student m\u016f\u017ee\u0161 vyu\u017e\u00edt Wi-Fi p\u0159ipojen\u00ed p\u0159es s\u00ed\u0165 <a href=\"https:\/\/sit.pedf.cuni.cz\/wi-fi\/eduroam\/\"><strong>eduroam<\/strong><\/a>. Tato s\u00ed\u0165 je p\u0159\u00edstupn\u00e1 nejen v\u00a0r\u00e1mci cel\u00e9 Univerzity Karlovy, se stejn\u00fdmi p\u0159ihla\u0161ovac\u00edmi \u00fadaji se na internet dostane\u0161 i\u00a0v\u00a0r\u00e1mci jin\u00fdch vysok\u00fdch \u0161kol, dokonce i\u00a0v\u00a0zahrani\u010d\u00ed. S\u00ed\u0165 <em>eduroam<\/em> je nav\u00edc dostupn\u00e1 i na n\u011bkter\u00fdch n\u00e1dra\u017e\u00edch (v Praze na Hlavn\u00edm a Masarykov\u011b n\u00e1dra\u017e\u00ed).<\/p>\n<p>Kompletn\u00ed n\u00e1vod k p\u0159ipojen\u00ed na <i>eduroam<\/i> najde\u0161 na str\u00e1nk\u00e1ch <a href=\"https:\/\/sit.pedf.cuni.cz\/wi-fi\/eduroam\/\">SIT<\/a>.<\/p>\n<p>Pro samotn\u00e9 nastaven\u00ed p\u0159ipojen\u00ed k\u00a0s\u00edti <i>eduroam <\/i>je pot\u0159eba b\u00fdt online: za \u00fa\u010delem tohoto \u201e\u00favodn\u00edho p\u0159ipojen\u00ed\u201c na fakult\u011b m\u016f\u017ee\u0161 vyu\u017e\u00edt s\u00edt\u011b \u201epedf-public\u201c, ke kter\u00e9 se lze p\u0159ihl\u00e1sit prost\u00fdm univerzitn\u00edm loginem (jako do SIS).<\/p>\n<p>T\u00edm sam\u00fdm loginem (ov\u011b\u0159en\u00fdm) se n\u00e1sledn\u011b p\u0159ihl\u00e1s\u00ed\u0161 do <a href=\"https:\/\/ldapuser.cuni.cz\/\">CAS<\/a>\u00a0a\u00a0zvol\u00ed\u0161 v\u00a0lev\u00e9m menu <i>Dal\u0161\u00ed \u00fa\u010dty<\/i> \u2192 <i>Nastavit heslo pro eduroam realm cuni.cz<\/i> (obr\u00e1zek 1). Zvolen\u00e9 heslo pak pou\u017eije\u0161 p\u0159i samotn\u00e9m p\u0159ipojov\u00e1n\u00ed k\u00a0Wi-Fi <i>eduroam<\/i> ve spojen\u00ed s\u00a0u\u017eivatelsk\u00fdm jm\u00e9nem form\u00e1tu <i>univerzitn\u00ed login<\/i>@cuni.cz (obr\u00e1zek 2).<\/p>\n<p>Na notebooc\u00edch je n\u011bkdy t\u0159eba pro fungov\u00e1n\u00ed p\u0159ipojen\u00ed k\u00a0<i>eduroam <\/i>st\u00e1hnout a\u00a0spustit konfigura\u010dn\u00ed aplikaci dostupnou ze str\u00e1nek SIT v\u00fd\u0161e, na mobilech je n\u011bkdy pot\u0159eba nastavit metodu ov\u011b\u0159en\u00ed PEAP a\u00a0MSCHAP v2.<\/p>\n<table>\n<tbody>\n<tr>\n<td><a href=\"https:\/\/pages.pedf.cuni.cz\/pedinfo\/files\/2016\/05\/edu1-1.png\"><img loading=\"lazy\" decoding=\"async\" class=\"alignnone wp-image-166 size-medium\" src=\"https:\/\/pages.pedf.cuni.cz\/pedinfo\/files\/2016\/05\/edu1-1-300x135.png\" width=\"300\" height=\"135\" srcset=\"https:\/\/pages.pedf.cuni.cz\/pedinfo\/files\/2016\/05\/edu1-1-300x135.png 300w, https:\/\/pages.pedf.cuni.cz\/pedinfo\/files\/2016\/05\/edu1-1-768x346.png 768w, https:\/\/pages.pedf.cuni.cz\/pedinfo\/files\/2016\/05\/edu1-1-1024x462.png 1024w, https:\/\/pages.pedf.cuni.cz\/pedinfo\/files\/2016\/05\/edu1-1.png 1058w\" sizes=\"auto, (max-width: 300px) 100vw, 300px\" \/><\/a><\/td>\n<td><a href=\"https:\/\/pages.pedf.cuni.cz\/pedinfo\/files\/2016\/05\/edu2.png\"><img loading=\"lazy\" decoding=\"async\" class=\"alignnone wp-image-148 size-medium\" src=\"https:\/\/pages.pedf.cuni.cz\/pedinfo\/files\/2016\/05\/edu2-300x175.png\" alt=\"edu2\" width=\"300\" height=\"175\" srcset=\"https:\/\/pages.pedf.cuni.cz\/pedinfo\/files\/2016\/05\/edu2-300x175.png 300w, https:\/\/pages.pedf.cuni.cz\/pedinfo\/files\/2016\/05\/edu2.png 541w\" sizes=\"auto, (max-width: 300px) 100vw, 300px\" \/><\/a><\/td>\n<\/tr>\n<tr>\n<td><em>Obr\u00e1zek 1.<\/em><\/td>\n<td><em>Obr\u00e1zek 2.<\/em><\/td>\n<\/tr>\n<\/tbody>\n<\/table>\n<p>S\u00ed\u0165 \u201epedf-public\u201c\u00a0zmi\u0148ovan\u00e1 v\u00fd\u0161e je pro <i>dlouhodob\u00fd <\/i>p\u0159\u00edstup k\u00a0internetu sp\u00ed\u0161e nevhodn\u00e1. Sice nevy\u017eaduje nastaven\u00ed zvl\u00e1\u0161tn\u00edho hesla (p\u0159ihla\u0161uje se do n\u00ed stejn\u00fdmi \u00fadaji jako do SIS), ale m\u00e1 podstatn\u00e9 nev\u00fdhody: je dostupn\u00e1 pouze v\u00a0prostor\u00e1ch Pedagogick\u00e9 fakulty UK, nen\u00ed zabezpe\u010den\u00e1 a\u00a0vy\u017eaduje opakovan\u00e9 ru\u010dn\u00ed p\u0159ihla\u0161ov\u00e1n\u00ed.<\/p>\n<p>Pro p\u0159\u00edstup k\u00a0internetu \u010di pr\u00e1ci na po\u010d\u00edta\u010di lze tak\u00e9 vyu\u017e\u00edt <a href=\"https:\/\/sit.pedf.cuni.cz\/pro-studenty\/pocitacove-studovny\/\">po\u010d\u00edta\u010dov\u00e9 studovny<\/a>\u00a0v m\u00edstnosti R135. <span style=\"font-weight: 400\">\u00a0<\/span><span style=\"font-weight: 400\">M\u016f\u017ee\u0161 pou\u017e\u00edt tamn\u00ed po\u010d\u00edta\u010de i vlastn\u00ed <\/span><span style=\"font-weight: 400\">za\u0159\u00edzen\u00ed, nav\u00edc zde m\u016f\u017ee\u0161 tisknout, kop\u00edrovat i skenovat. Do studovny se dostane\u0161 pomoc\u00ed pr\u016fkazu studenta, b\u00fdv\u00e1 otev\u0159en\u00e1 denn\u011b od 9.00 do 21.00 hod. N\u011bkolik po\u010d\u00edta\u010d\u016f je k dispozici tak\u00e9 ve studovn\u011b knihovny PedF.<\/span><\/p>\n<p>P\u0159ipom\u00edn\u00e1me, \u017ee p\u0159i pou\u017e\u00edv\u00e1n\u00ed internetu je zapot\u0159eb\u00ed dodr\u017eovat <a href=\"http:\/\/sit.pedf.cuni.cz\/pravidla-pocitacove-site-pedf\/\">pravidla po\u010d\u00edta\u010dov\u00e9 s\u00edt\u011b PedF<\/a>, stejn\u011b tak je nutn\u00e9 dodr\u017eovat provozn\u00ed \u0159\u00e1dy p\u0159\u00edslu\u0161n\u00fdch studoven.<\/p>\n<p>Vyu\u017eit\u00ed p\u0159ipojen\u00ed na ur\u010dit\u00e9 fakult\u011b otev\u00edr\u00e1 p\u0159\u00edstup k\u00a0ur\u010dit\u00fdm elektronick\u00fdm zdroj\u016fm informac\u00ed (viz kapitolu <a href=\"https:\/\/pages.pedf.cuni.cz\/pedinfo\/knihovny-a-studovny\/\">Knihovny a\u00a0studovny, elektronick\u00e9 zdroje<\/a>).<\/p>\n","protected":false},"excerpt":{"rendered":"<p>Jako student m\u016f\u017ee\u0161 vyu\u017e\u00edt Wi-Fi p\u0159ipojen\u00ed p\u0159es s\u00ed\u0165 eduroam. Tato s\u00ed\u0165 je p\u0159\u00edstupn\u00e1 nejen v\u00a0r\u00e1mci cel\u00e9 Univerzity Karlovy, se stejn\u00fdmi p\u0159ihla\u0161ovac\u00edmi \u00fadaji se na internet dostane\u0161 i\u00a0v\u00a0r\u00e1mci jin\u00fdch vysok\u00fdch \u0161kol, dokonce i\u00a0v\u00a0zahrani\u010d\u00ed. S\u00ed\u0165 eduroam je nav\u00edc dostupn\u00e1 i na n\u011bkter\u00fdch n\u00e1dra\u017e\u00edch (v Praze na Hlavn\u00edm a Masarykov\u011b n\u00e1dra\u017e\u00ed). Kompletn\u00ed n\u00e1vod k p\u0159ipojen\u00ed na eduroam najde\u0161 &hellip; <a href=\"https:\/\/pages.pedf.cuni.cz\/pedinfo\/internet-eduroam\/\" class=\"more-link\">Pokra\u010dov\u00e1n\u00ed textu <span class=\"screen-reader-text\">Internet (eduroam)<\/span><\/a><\/p>\n","protected":false},"author":421,"featured_media":0,"parent":0,"menu_order":0,"comment_status":"closed","ping_status":"closed","template":"","meta":{"footnotes":""},"class_list":["post-59","page","type-page","status-publish","hentry"],"_links":{"self":[{"href":"https:\/\/pages.pedf.cuni.cz\/pedinfo\/wp-json\/wp\/v2\/pages\/59","targetHints":{"allow":["GET"]}}],"collection":[{"href":"https:\/\/pages.pedf.cuni.cz\/pedinfo\/wp-json\/wp\/v2\/pages"}],"about":[{"href":"https:\/\/pages.pedf.cuni.cz\/pedinfo\/wp-json\/wp\/v2\/types\/page"}],"author":[{"embeddable":true,"href":"https:\/\/pages.pedf.cuni.cz\/pedinfo\/wp-json\/wp\/v2\/users\/421"}],"replies":[{"embeddable":true,"href":"https:\/\/pages.pedf.cuni.cz\/pedinfo\/wp-json\/wp\/v2\/comments?post=59"}],"version-history":[{"count":19,"href":"https:\/\/pages.pedf.cuni.cz\/pedinfo\/wp-json\/wp\/v2\/pages\/59\/revisions"}],"predecessor-version":[{"id":1665,"href":"https:\/\/pages.pedf.cuni.cz\/pedinfo\/wp-json\/wp\/v2\/pages\/59\/revisions\/1665"}],"wp:attachment":[{"href":"https:\/\/pages.pedf.cuni.cz\/pedinfo\/wp-json\/wp\/v2\/media?parent=59"}],"curies":[{"name":"wp","href":"https:\/\/api.w.org\/{rel}","templated":true}]}}