{"id":62,"date":"2016-05-21T19:42:45","date_gmt":"2016-05-21T17:42:45","guid":{"rendered":"http:\/\/pages.pedf.cuni.cz\/pedinfo\/?page_id=62"},"modified":"2025-07-10T19:52:04","modified_gmt":"2025-07-10T17:52:04","slug":"office-365-e-mailova-komunikace","status":"publish","type":"page","link":"https:\/\/pages.pedf.cuni.cz\/pedinfo\/office-365-e-mailova-komunikace\/","title":{"rendered":"Office 365, e-mailov\u00e1 komunikace"},"content":{"rendered":"<p><em>Podrobn\u00e9 informace o p\u0159\u00edstupu k Microsoft Office 365 nalezne\u0161 <a href=\"https:\/\/m365.cuni.cz\/365-1.html\">zde<\/a>. Na stejn\u00e9 str\u00e1nce se v z\u00e1lo\u017ece &#8222;Studentsk\u00e9 e-maily&#8220; do\u010dte\u0161 o pou\u017e\u00edv\u00e1n\u00ed studentsk\u00fdch e-mail\u016f.<\/em><\/p>\n<p>Studium se leckdy neobejde bez vyu\u017eit\u00ed <b>kancel\u00e1\u0159sk\u00e9ho bal\u00edku<\/b> (pro zpracov\u00e1n\u00ed text\u016f, prezentac\u00ed atd.). Pokud za n\u011bj nechce\u0161 nic platit, nemus\u00ed\u0161 z\u016fst\u00e1vat u LibreOffice apod. Studenti PedF UK mohou <strong>zdarma <\/strong>vyu\u017e\u00edvat <strong>Microsoft Office 365<\/strong>. Umo\u017e\u0148uje nainstalovat nejnov\u011bj\u0161\u00ed desktopovou verzi Office a\u017e na 5 za\u0159\u00edzen\u00ed a tak\u00e9 zahrnuje cloudovou (online) verzi. Spole\u010dn\u011b s Office m\u016f\u017ee\u0161 vyu\u017e\u00edt i cloudov\u00e9 \u00falo\u017ei\u0161t\u011b OneDrive.<\/p>\n<p>Od roku 2024 p\u0159ech\u00e1z\u00ed fakulta do prost\u0159ed\u00ed univerzitn\u00ed MS Office 365. \u010cti proto pozorn\u011b instrukce na str\u00e1nk\u00e1ch SIT!<\/p>\n<p>Od dubna 2025 plat\u00ed <a href=\"https:\/\/wwwmod.pedf.cuni.cz\/udeska\/files\/opatreni_dekana\/opad_c._9-2025_k_pouzivani_studentskych_univerzitnich_e-mailu.pdf\">OPAD 9\/2025<\/a>, podle kter\u00e9ho jsou studenti povinni u\u017e\u00edvat univerzitn\u00ed studentsk\u00fd e-mail pro ofici\u00e1ln\u00ed komunikaci s fakultou, resp. Univerzitou Karlovou. Univerzitn\u00ed e-mail mus\u00ed b\u00fdt v SIS uveden jako prim\u00e1rn\u00ed, p\u0159i\u010dem\u017e je vhodn\u00e9 m\u00edt uveden\u00fd i sv\u016fj soukrom\u00fd e-mail pro komunikaci po skon\u010den\u00ed studia.<\/p>\n<p>Pro komunikaci s vyu\u010duj\u00edc\u00edmi \u010di zam\u011bstnanci fakulty nebo univerzity je nutn\u00e9 pou\u017e\u00edt <strong>univerzitn\u00ed e-mail <\/strong>ve tvaru tvoje <em>jmeno.prijmeniXYZ@student.cuni.cz <\/em>(fakticky se jedn\u00e1 o stejn\u00fd mail jako UK\u010cO@cuni.cz = je to <strong>jedna<\/strong> mailov\u00e1 schr\u00e1nka). Na tento e-mail ti takt\u00e9\u017e budou chodit i d\u016fle\u017eit\u00e9 zpr\u00e1vy t\u00fdkaj\u00edc\u00ed se studia, nap\u0159. pozv\u00e1nka k SZ. V nastaven\u00ed e-mailu si m\u016f\u017ee\u0161 nastavit p\u0159epos\u00edl\u00e1n\u00ed zpr\u00e1v na sv\u016fj soukrom\u00fd e-mail. Jak za\u010d\u00edt e-mail spr\u00e1vn\u011b pou\u017e\u00edvat se do\u010dte\u0161 v <a href=\"https:\/\/elearning.cuni.cz\/navod.php\">n\u00e1vodu<\/a>. Emailov\u00e9 zpr\u00e1vy si m\u016f\u017ee\u0161 takt\u00e9\u017e zobrazit v SIS v modulu &#8222;Osobn\u00ed \u00fadaje a nastaven\u00ed&#8220; v z\u00e1lo\u017ece &#8222;E-mail&#8220;.<\/p>\n<p>Je v\u00edce ne\u017e \u017e\u00e1douc\u00ed komunikovat se zam\u011bstnanci fakulty<b> kultivovan\u011b\u00b9, <\/b>zejm\u00e9na uv\u00e9st do e-mailu<b> osloven\u00ed, <\/b>ps\u00e1t<b> jasn\u011b a\u00a0spisovn\u011b <\/b>a\u00a0na sam\u00fd z\u00e1v\u011br zpr\u00e1vy<b> se podepsat.<\/b> K podpisu se v\u017edy pro urychlen\u00ed komunikace je t\u0159eba p\u0159ipojit i ro\u010dn\u00edk, typ, obor a formu studia (nap\u0159. Jan Nov\u00e1k, 1. ro\u010dn\u00edk B \u010cj-Hv, prezen\u010dn\u00ed). Pokud p\u00ed\u0161e\u0161 v\u00edce lidem z\u00e1rove\u0148, u\u0161et\u0159i je zbyte\u010dn\u00e9 pr\u00e1ce a vyvaruj se pou\u017e\u00edv\u00e1n\u00ed skryt\u00fdch kopi\u00ed.<\/p>\n<p><em>\u00b9 V\u00edce nalezne\u0161 na <a href=\"http:\/\/prirucka.ujc.cas.cz\/\">prirucka.ujc.cas.cz<\/a> v\u00a0sekci Dopisy a\u00a0grafick\u00e1 \u00faprava p\u00edsemnost\u00ed.<\/em><\/p>\n","protected":false},"excerpt":{"rendered":"<p>Podrobn\u00e9 informace o p\u0159\u00edstupu k Microsoft Office 365 nalezne\u0161 zde. Na stejn\u00e9 str\u00e1nce se v z\u00e1lo\u017ece &#8222;Studentsk\u00e9 e-maily&#8220; do\u010dte\u0161 o pou\u017e\u00edv\u00e1n\u00ed studentsk\u00fdch e-mail\u016f. Studium se leckdy neobejde bez vyu\u017eit\u00ed kancel\u00e1\u0159sk\u00e9ho bal\u00edku (pro zpracov\u00e1n\u00ed text\u016f, prezentac\u00ed atd.). Pokud za n\u011bj nechce\u0161 nic platit, nemus\u00ed\u0161 z\u016fst\u00e1vat u LibreOffice apod. Studenti PedF UK mohou zdarma vyu\u017e\u00edvat Microsoft Office &hellip; <a href=\"https:\/\/pages.pedf.cuni.cz\/pedinfo\/office-365-e-mailova-komunikace\/\" class=\"more-link\">Pokra\u010dov\u00e1n\u00ed textu <span class=\"screen-reader-text\">Office 365, e-mailov\u00e1 komunikace<\/span><\/a><\/p>\n","protected":false},"author":421,"featured_media":0,"parent":0,"menu_order":0,"comment_status":"closed","ping_status":"closed","template":"","meta":{"footnotes":""},"class_list":["post-62","page","type-page","status-publish","hentry"],"_links":{"self":[{"href":"https:\/\/pages.pedf.cuni.cz\/pedinfo\/wp-json\/wp\/v2\/pages\/62","targetHints":{"allow":["GET"]}}],"collection":[{"href":"https:\/\/pages.pedf.cuni.cz\/pedinfo\/wp-json\/wp\/v2\/pages"}],"about":[{"href":"https:\/\/pages.pedf.cuni.cz\/pedinfo\/wp-json\/wp\/v2\/types\/page"}],"author":[{"embeddable":true,"href":"https:\/\/pages.pedf.cuni.cz\/pedinfo\/wp-json\/wp\/v2\/users\/421"}],"replies":[{"embeddable":true,"href":"https:\/\/pages.pedf.cuni.cz\/pedinfo\/wp-json\/wp\/v2\/comments?post=62"}],"version-history":[{"count":23,"href":"https:\/\/pages.pedf.cuni.cz\/pedinfo\/wp-json\/wp\/v2\/pages\/62\/revisions"}],"predecessor-version":[{"id":2001,"href":"https:\/\/pages.pedf.cuni.cz\/pedinfo\/wp-json\/wp\/v2\/pages\/62\/revisions\/2001"}],"wp:attachment":[{"href":"https:\/\/pages.pedf.cuni.cz\/pedinfo\/wp-json\/wp\/v2\/media?parent=62"}],"curies":[{"name":"wp","href":"https:\/\/api.w.org\/{rel}","templated":true}]}}