{"id":29,"date":"2018-03-18T15:30:31","date_gmt":"2018-03-18T14:30:31","guid":{"rendered":"http:\/\/pages.pedf.cuni.cz\/prevzd\/?page_id=29"},"modified":"2018-03-18T16:40:23","modified_gmt":"2018-03-18T15:40:23","slug":"klicove-aktivity","status":"publish","type":"page","link":"https:\/\/pages.pedf.cuni.cz\/prevzd\/klicove-aktivity\/","title":{"rendered":"Kl\u00ed\u010dov\u00e9 aktivity"},"content":{"rendered":"<ul class=\"list-pages-shortcode child-pages\"><li class=\"page_item page-item-55\"><a href=\"https:\/\/pages.pedf.cuni.cz\/prevzd\/klicove-aktivity\/ka01-rizeni-projektu\/\">KA01 \u2013 \u0158\u00edzen\u00ed projektu<\/a><\/li>\n<li class=\"page_item page-item-57\"><a href=\"https:\/\/pages.pedf.cuni.cz\/prevzd\/klicove-aktivity\/ka02-zvysovani-kvality-prakticke-pripravy-studentu-budoucich-ucitelu\/\">KA02 &#8211; Zvy\u0161ov\u00e1n\u00ed kvality praktick\u00e9 p\u0159\u00edpravy student\u016f-budouc\u00edch u\u010ditel\u016f<\/a><\/li>\n<li class=\"page_item page-item-59\"><a href=\"https:\/\/pages.pedf.cuni.cz\/prevzd\/klicove-aktivity\/ka03-zvysovani-kvality-prace-vysokoskolskych-ucitelu\/\">KA03 &#8211; Zvy\u0161ov\u00e1n\u00ed kvality pr\u00e1ce vysoko\u0161kolsk\u00fdch u\u010ditel\u016f<\/a><\/li>\n<li class=\"page_item page-item-60\"><a href=\"https:\/\/pages.pedf.cuni.cz\/prevzd\/klicove-aktivity\/ka04-rozvoj-kompetenci-studentu-budoucich-ucitelu-propojovanim-teoreticke-a-prakticke-vyuky\/\">KA04 &#8211; Rozvoj kompetenc\u00ed student\u016f-budouc\u00edch u\u010ditel\u016f propojov\u00e1n\u00edm teoretick\u00e9 a praktick\u00e9 v\u00fduky<\/a><\/li>\n<li class=\"page_item page-item-61\"><a href=\"https:\/\/pages.pedf.cuni.cz\/prevzd\/klicove-aktivity\/ka05-realizace-akcniho-vyzkumu-na-skolach-a-vyzkumu-studentu-a-absolventu-pedf-uk\/\">KA05 &#8211; Realizace ak\u010dn\u00edho v\u00fdzkumu na \u0161kol\u00e1ch a v\u00fdzkum\u016f student\u016f a absolvent\u016f PedF UK<\/a><\/li>\n<\/ul>\n","protected":false},"excerpt":{"rendered":"","protected":false},"author":1,"featured_media":0,"parent":0,"menu_order":0,"comment_status":"closed","ping_status":"closed","template":"","meta":{"footnotes":""},"class_list":["post-29","page","type-page","status-publish","hentry"],"_links":{"self":[{"href":"https:\/\/pages.pedf.cuni.cz\/prevzd\/wp-json\/wp\/v2\/pages\/29","targetHints":{"allow":["GET"]}}],"collection":[{"href":"https:\/\/pages.pedf.cuni.cz\/prevzd\/wp-json\/wp\/v2\/pages"}],"about":[{"href":"https:\/\/pages.pedf.cuni.cz\/prevzd\/wp-json\/wp\/v2\/types\/page"}],"author":[{"embeddable":true,"href":"https:\/\/pages.pedf.cuni.cz\/prevzd\/wp-json\/wp\/v2\/users\/1"}],"replies":[{"embeddable":true,"href":"https:\/\/pages.pedf.cuni.cz\/prevzd\/wp-json\/wp\/v2\/comments?post=29"}],"version-history":[{"count":2,"href":"https:\/\/pages.pedf.cuni.cz\/prevzd\/wp-json\/wp\/v2\/pages\/29\/revisions"}],"predecessor-version":[{"id":66,"href":"https:\/\/pages.pedf.cuni.cz\/prevzd\/wp-json\/wp\/v2\/pages\/29\/revisions\/66"}],"wp:attachment":[{"href":"https:\/\/pages.pedf.cuni.cz\/prevzd\/wp-json\/wp\/v2\/media?parent=29"}],"curies":[{"name":"wp","href":"https:\/\/api.w.org\/{rel}","templated":true}]}}