{"id":299,"date":"2020-02-17T11:00:54","date_gmt":"2020-02-17T10:00:54","guid":{"rendered":"http:\/\/pages.pedf.cuni.cz\/prevzd\/?page_id=299"},"modified":"2020-02-17T11:11:04","modified_gmt":"2020-02-17T10:11:04","slug":"pro-resitele","status":"publish","type":"page","link":"https:\/\/pages.pedf.cuni.cz\/prevzd\/pro-resitele\/","title":{"rendered":"Pro \u0159e\u0161itele"},"content":{"rendered":"<ul class=\"list-pages-shortcode child-pages\"><li class=\"page_item page-item-283\"><a href=\"https:\/\/pages.pedf.cuni.cz\/prevzd\/pro-resitele\/vizualni-identita-logo-prezencni-listiny-prezentace\/\">Vizu\u00e1ln\u00ed identita (logo, prezen\u010dn\u00ed listiny, prezentace)<\/a><\/li>\n<\/ul>\n","protected":false},"excerpt":{"rendered":"","protected":false},"author":266,"featured_media":0,"parent":0,"menu_order":0,"comment_status":"closed","ping_status":"closed","template":"","meta":{"footnotes":""},"class_list":["post-299","page","type-page","status-publish","hentry"],"_links":{"self":[{"href":"https:\/\/pages.pedf.cuni.cz\/prevzd\/wp-json\/wp\/v2\/pages\/299","targetHints":{"allow":["GET"]}}],"collection":[{"href":"https:\/\/pages.pedf.cuni.cz\/prevzd\/wp-json\/wp\/v2\/pages"}],"about":[{"href":"https:\/\/pages.pedf.cuni.cz\/prevzd\/wp-json\/wp\/v2\/types\/page"}],"author":[{"embeddable":true,"href":"https:\/\/pages.pedf.cuni.cz\/prevzd\/wp-json\/wp\/v2\/users\/266"}],"replies":[{"embeddable":true,"href":"https:\/\/pages.pedf.cuni.cz\/prevzd\/wp-json\/wp\/v2\/comments?post=299"}],"version-history":[{"count":2,"href":"https:\/\/pages.pedf.cuni.cz\/prevzd\/wp-json\/wp\/v2\/pages\/299\/revisions"}],"predecessor-version":[{"id":307,"href":"https:\/\/pages.pedf.cuni.cz\/prevzd\/wp-json\/wp\/v2\/pages\/299\/revisions\/307"}],"wp:attachment":[{"href":"https:\/\/pages.pedf.cuni.cz\/prevzd\/wp-json\/wp\/v2\/media?parent=299"}],"curies":[{"name":"wp","href":"https:\/\/api.w.org\/{rel}","templated":true}]}}