{"id":182,"date":"2016-05-20T14:07:12","date_gmt":"2016-05-20T12:07:12","guid":{"rendered":"http:\/\/pages.pedf.cuni.cz\/psychorada\/?page_id=182"},"modified":"2018-08-21T14:37:38","modified_gmt":"2018-08-21T12:37:38","slug":"pro-1-rocnik","status":"publish","type":"page","link":"https:\/\/pages.pedf.cuni.cz\/psychorada\/studium\/pro-1-rocnik\/","title":{"rendered":"Pro 1. ro\u010dn\u00edk"},"content":{"rendered":"<p>&nbsp;<\/p>\n<p><strong>Q: Trochu se boj\u00edm, \u017ee bude prvn\u00ed den ve \u0161kole trapn\u00e9 ticho, proto\u017ee nebudu zn\u00e1t sv\u00e9 spolu\u017e\u00e1ky.<\/strong><\/p>\n<p>A: Neboj, nebude! Studentsk\u00e1 oborov\u00e1 rada pro V\u00e1s p\u0159ipravila psychoseznamov\u00e1k! Informace k\u00a0n\u011bmu najde\u0161 tady: <a href=\"http:\/\/psychoseznamovak.wz.cz\/\">http:\/\/psychoseznamovak.wz.cz\/<\/a>.<\/p>\n<p>&nbsp;<\/p>\n<p><strong>Q: M\u00e1 ka\u017ed\u00e1 specka sv\u016fj semin\u00e1\u0159?<\/strong><\/p>\n<p>A: Semin\u00e1\u0159e ze speci\u00e1ln\u00ed pedagogiky maj\u00ed pouze studenti oboru speci\u00e1ln\u00ed pedagogika. Ty s\u00a0nimi bude\u0161 nav\u0161t\u011bvovat p\u0159edn\u00e1\u0161ky, ale semin\u00e1\u0159 se t\u011b t\u00fdkat nebude.<\/p>\n<p>&nbsp;<\/p>\n<p><strong>Q: A pro\u010d si ho m\u00e1m teda zapisovat v\u00a0sisu?<\/strong><\/p>\n<p>A: V\u00a0sisu si zap\u00ed\u0161e\u0161 semin\u00e1\u0159, u kter\u00e9ho je naps\u00e1no, \u017ee je ur\u010den pro psychology. Ten se toti\u017e nevyu\u010duje, jde pouze o byrokracii v\u00a0sisu.<\/p>\n<p>&nbsp;<\/p>\n<p><strong>Q: M\u016f\u017eu se spolehnout na p\u0159edb\u011b\u017en\u00fd (uk\u00e1zkov\u00fd) rozvrh v\u00a0SISu?<\/strong><\/p>\n<p>A: Doporu\u010den\u00fd rozvrh je p\u0159ibli\u017en\u00e1 uk\u00e1zka toho, kolik cca bude\u0161 m\u00edt p\u0159edm\u011bt\u016f a kolik povinn\u011b voliteln\u00fdch si d\u00e1t, aby ti to vych\u00e1zelo +\/- na 30 kredit\u016f na semestr. M\u016f\u017ee a nemus\u00ed se shodovat s\u00a0re\u00e1ln\u00fdm rozvrhem.<\/p>\n<p>&nbsp;<\/p>\n<p><strong>Q: Prob\u00edh\u00e1 na na\u0161em oboru v\u00fduka ciz\u00edho jazyka?<\/strong><\/p>\n<p>A: U n\u00e1s na kated\u0159e ciz\u00ed jazyky vyu\u010dov\u00e1ny nejsou, ani se z\u00a0nich neskl\u00e1d\u00e1 \u017e\u00e1dn\u00e1 zkou\u0161ka. Implicitn\u00ed p\u0159edpoklad ov\u0161em je, \u017ee v\u0161ichni studenti ovl\u00e1daj\u00ed st\u0159edn\u011b pokro\u010dilou angli\u010dtinu. Lze si zapsat ciz\u00ed jazyky z\u00a0jin\u00fdch fakult. Je pot\u0159eba pozorn\u011b si p\u0159e\u010d\u00edst, jak\u00e1 \u00farove\u0148 jazyka se tam p\u0159edpokl\u00e1d\u00e1 a jak\u00e9 jsou podm\u00ednky spln\u011bn\u00ed.<\/p>\n<p>&nbsp;<\/p>\n<p>&nbsp;<\/p>\n<p><strong>Q: Kolik kredit\u016f m\u00e1m m\u00edt zaps\u00e1no na jeden semestr?<\/strong><\/p>\n<p>A: Za ka\u017ed\u00fd semestr bys m\u011bla m\u00edt zapsan\u00fdch 30 kredit\u016f, minim\u00e1ln\u00ed hranice pro postup do dal\u0161\u00edho ro\u010dn\u00edku je 40 kredit\u016f za akademick\u00fd rok, tj. 20 za semestr. Celkem za bakal\u00e1\u0159e mus\u00ed\u0161 z\u00edskat 180 kredit\u016f, tak\u017ee pokud spln\u00ed\u0161 n\u011bjkter\u00fd semestr m\u00e9n\u011b, bude\u0161 to muset v jin\u00e9m dohnat \u010di prodlou\u017eit studium, abys mohla ke st\u00e1tnic\u00edm.<\/p>\n<p>&nbsp;<\/p>\n<p><strong>Q: Kolik p\u0159edm\u011bt\u016f si m\u00e1m zapsat, aby se to dalo zvl\u00e1dnout?<\/strong><\/p>\n<p>A: Dobr\u00fdm m\u011b\u0159\u00edtkem zvl\u00e1dnutelnosti je po\u010det kredit\u016f. Optimum je 30. Kdy\u017e bys cht\u011bla 1-2 p\u0159edm\u011bty nav\u00edc je to ok, v\u00edc bych v prvn\u00edm semestru ned\u00e1vala. Pokud zjist\u00ed\u0161, \u017ee je to nuda, klidn\u011b si toho ve druh\u00e9m semestru zapi\u0161 v\u00edc.<\/p>\n<p>&nbsp;<\/p>\n<p><strong>Q: Je lep\u0161\u00ed d\u011blat rozvrh podle toho, co je doporu\u010den\u00e9 pro prvn\u00ed ro\u010dn\u00edk?<\/strong><\/p>\n<p>A: Na na\u0161em oboru se v podstat\u011b od doporu\u010den\u00fdch p\u0159edm\u011bt\u016f moc odch\u00fdlit ned\u00e1, proto\u017ee jsou r\u016fzn\u00e9 n\u00e1vaznosti a prerekvizity, kter\u00e9 ti budou p\u0159ek\u00e1\u017eet v tom, aby sis zapsala p\u0159edm\u011bty pro vy\u0161\u0161\u00ed ro\u010dn\u00edky. Mo\u017en\u00e1 bude n\u011bjak\u00e1 v\u00fdjimka. P\u0159edm\u011bt, kter\u00fd nem\u00e1 prerekvizitu a je ur\u010den\u00fd prim\u00e1rn\u011b pro vy\u0161\u0161\u00ed ro\u010dn\u00edk, si m\u016f\u017ee\u0161 zkusit zapsat, ale obvykle b\u00fdv\u00e1 p\u0159ek\u00e1\u017ekou napln\u011bn\u00e1 kapacita.<\/p>\n<p>&nbsp;<\/p>\n<p><strong>Q: M\u016f\u017eu se p\u0159ihl\u00e1sit na p\u0159edm\u011bty v sekci ERASMUS. Nebo to jsou p\u0159edm\u011bty jen pro Erasm\u00e1ky?<\/strong><\/p>\n<p>A: P\u0159edm\u011bty z Erasmu nejsou obvykle norm\u00e1ln\u011b vyu\u010dovan\u00e9, prob\u00edhaj\u00ed jen formou konzultac\u00ed, tak\u017ee si je nezapisuj.<\/p>\n<p>&nbsp;<\/p>\n<p><strong>Q: Z\u00e1pis jsem ud\u011blala p\u0159esn\u011b podle n\u00e1vodu, ale u v\u0161ech p\u0159edm\u011bt\u016f se mi objevuje z\u00e1pis: p\u0159edb\u011b\u017en\u00fd. Co to znamen\u00e1?<\/strong><\/p>\n<p>A: To, \u017ee je z\u00e1pis p\u0159edb\u011b\u017en\u00fd, je zcela v po\u0159\u00e1dku. Bude to tak a\u017e do data, kdy kon\u010d\u00ed zapisov\u00e1n\u00ed p\u0159edm\u011bt\u016f. Pak se z\u00e1pis p\u0159eklop\u00ed.<\/p>\n<p>&nbsp;<\/p>\n<p><strong>Q: Je mo\u017en\u00e9 si zapsat p\u0159edm\u011bt, kter\u00fd se doporu\u010duje a\u017e pro vy\u0161\u0161\u00ed ro\u010dn\u00edk, ale syst\u00e9m mi ho schvaluje?<\/strong><\/p>\n<p>A: Takov\u00fd p\u0159edm\u011bt si m\u016f\u017ee\u0161 zapsat, pokud ti to SIS dovol\u00ed. V\u011bt\u0161inou jde o relativn\u011b samostatn\u00e9 p\u0159edm\u011bty, kter\u00fd nen\u00ed pot\u0159eba studovat v n\u00e1vaznostech. M\u016f\u017ee se ti ale st\u00e1t, \u017ee se ti bude p\u0159ekr\u00fdvat s n\u011bkter\u00fdm z povinn\u00fdch p\u0159edm\u011bt\u016f ur\u010den\u00fdch pro tv\u016fj ro\u010dn\u00edk.<\/p>\n<p>&nbsp;<\/p>\n<p><strong>Q: U n\u011bkter\u00fdch povinn\u00fdch p\u0159edm\u011bt\u016f (nap\u0159. ze specky) nen\u00ed uveden rozvrh. Nebudou se mi p\u0159edm\u011bty p\u0159ekr\u00fdvat?<\/strong><\/p>\n<p>A: Pokud u p\u0159edm\u011bt\u016f nen\u00ed uveden\u00fd rozvrh, nen\u00ed to \u017e\u00e1dn\u00e1 katastrofa. Povinn\u00e9 p\u0159edm\u011bty ur\u010den\u00e9 pro 1. ro\u010dn\u00edk se ti kr\u00fdt nebudou. M\u016f\u017ee se st\u00e1t, \u017ee \u010dasy je\u0161t\u011b dopln\u00ed, ne\u017e bude spu\u0161t\u011bn\u00fd z\u00e1pis. Pokud ne, m\u016f\u017ee\u0161 si p\u0159edm\u011bty klidn\u011b zapsat, a kdy\u017e zjist\u00ed\u0161, \u017ee se ti budou p\u0159ekr\u00fdvat, m\u016f\u017ee\u0161 se z nich zase beztrestn\u011b odepsat, a to a\u017e do data ukon\u010den\u00ed z\u00e1pisu (najde\u0161 v\u00a0harmonogramu na webu fakulty).<\/p>\n<p>&nbsp;<\/p>\n<p><strong>Q: U n\u011bkter\u00fdch povinn\u011b voliteln\u00fdch \u010di voliteln\u00fdch p\u0159edm\u011bt\u016f na na\u0161\u00ed kated\u0159e nen\u00ed uveden rozvrh. M\u016f\u017eu si p\u0159edm\u011bty zapsat? Nebudou se mi p\u0159edm\u011bty p\u0159ekr\u00fdvat?<\/strong><\/p>\n<p>A: U voliteln\u00fdch a povinn\u011b voliteln\u00fdch p\u0159edm\u011bt\u016f vypsan\u00fdch na\u0161\u00ed katedrou, u kter\u00fdch nen\u00ed rozvrh, to b\u00fdv\u00e1 tak, \u017ee nejsou dan\u00fd semestr otev\u0159en\u00e9. Pokud t\u011b syst\u00e9m pust\u00ed p\u0159edm\u011bt zapsat, klidn\u011b to ud\u011blej. Kdy\u017e zjist\u00ed\u0161, \u017ee se ti p\u0159edm\u011bt p\u0159ekr\u00fdv\u00e1 s jin\u00fdm, m\u016f\u017ee\u0161 se z n\u011bj beztrestn\u011b odepsat, a to a\u017e do data ukon\u010den\u00ed z\u00e1pisu (najde\u0161 v\u00a0harmonogramu na webu fakulty).<\/p>\n<p>&nbsp;<\/p>\n<p><strong>Q: Nedostala jsem se na \u017e\u00e1dn\u00fd povinn\u011b voliteln\u00fd p\u0159edm\u011bt, co s t\u00edm?<\/strong><\/p>\n<p>A: Povinn\u011b voliteln\u00e9 p\u0159edm\u011bty se daj\u00ed b\u011bhem studia v pohod\u011b splnit, tak\u017ee nemus\u00ed\u0161 m\u00edt strach, \u017ee by ti chyb\u011bly kredity jen proto, \u017ee v prvn\u00edm semestru \u017e\u00e1dn\u00fd m\u00edt nebude\u0161.<\/p>\n<p>&nbsp;<\/p>\n<p><strong>Q: Na\u0161la jsem si na jin\u00e9 fakult\u011b p\u0159edm\u011bt, na kter\u00fd bych cht\u011bla chodit, ale z\u00e1pis je pro n\u00e1s otev\u0159en\u00fd a\u017e 14 dn\u00ed po za\u010d\u00e1tku semestru. Vyplat\u00ed se to? M\u00e1m to tak ud\u011blat?<\/strong><\/p>\n<p>A: Zkus napsat vyu\u010duj\u00edc\u00ed(mu) email s dotazem, zda m\u016f\u017ee\u0161 p\u0159ij\u00edt u\u017e na prvn\u00ed hodinu. N\u011bkte\u0159\u00ed b\u00fdvaj\u00ed vst\u0159\u00edcn\u00ed a d\u00e1 se s nimi domluvit. Ur\u010dit\u011b ale nebudou sami v\u011bd\u011bt d\u0159\u00edv, ne\u017e skon\u010d\u00ed z\u00e1pis jejich student\u016fm, zda bude voln\u00e9 m\u00edsto nebo ne, tak\u017ee bych napsala dotaz a\u017e koncem z\u00e1\u0159\u00ed\/za\u010d\u00e1tkem \u0159\u00edjna. Pokud ti neodpov\u00ed a bude nakonec voln\u00e9 m\u00edsto, tak se norm\u00e1ln\u011b zapi\u0161 a cho\u010f, p\u0159\u00edpadn\u011b \u0159ekni na prvn\u00ed hodin\u011b, kam doraz\u00ed\u0161, osobn\u011b vyu\u010duj\u00edc\u00ed(mu), \u017ee jsi z jin\u00e9 fakulty a zeptej se na podm\u00ednky spln\u011bn\u00ed.<\/p>\n<p>&nbsp;<\/p>\n<p><strong>Q: Zkou\u0161ela jsem si zapsat \u010cetbu anglick\u00e9 literatury a u z\u00e1pisu m\u00e1m pouze: \u010dek\u00e1. Co to znamen\u00e1?<br \/>\n<\/strong><\/p>\n<p>A: \u010cetba anglick\u00e9 literatury m\u00e1 plnou kapacitu, tak\u017ee se lze zapsat jen na \u010dekac\u00ed listinu, co\u017e je n\u011bco jako po\u0159adn\u00edk. Pokud bude nav\u00fd\u0161en\u00e1 kapacita, nebo se n\u011bkdo vy\u0161krtne, posune\u0161 se na po\u0159adn\u00edku.<\/p>\n<p>&nbsp;<\/p>\n<p><strong>Q:<\/strong> <strong>Podle \u010deho a kolik si m\u00e1m zvolit voliteln\u00fdch p\u0159edm\u011bt\u016f?<\/strong><\/p>\n<p>A: Voliteln\u00e9 p\u0159edm\u011bty si m\u016f\u017ee\u0161 vyb\u00edrat ze v\u0161ech fakult Univerzity Karlovy podle toho, co t\u011b zaj\u00edm\u00e1. Tipy na n\u011bkter\u00e9 p\u0159edm\u011bty najde\u0161 tady na webu. Probl\u00e9m s voliteln\u00fdmi p\u0159edm\u011bty z jin\u00fdch fakult je v\u011bt\u0161inou pln\u00e1 kapacita, ale t\u0159eba bude\u0161 m\u00edt \u0161t\u011bst\u00ed a dostane\u0161 se podle sv\u00e9ho p\u0159\u00e1n\u00ed. Do voliteln\u00fdch p\u0159edm\u011bt\u016f se taky po\u010d\u00edtaj\u00ed kredity za povinn\u011b voliteln\u00e9 p\u0159edm\u011bty, kter\u00e9 jsou nad povinn\u00fd limit.<\/p>\n<p>&nbsp;<\/p>\n<p><strong>Q: Zapsala jsem si voliteln\u00fd p\u0159edm\u011bt z\u00a0jin\u00e9 fakulty, kdy\u017e kliknu na rozvrh, p\u0159edm\u011bt se mi tam sice objev\u00ed, ale ne v barv\u00e1ch jako ostatn\u00ed p\u0159edm\u011bty (v daleko sv\u011btlej\u0161\u00edch). Vad\u00ed to n\u011b\u010demu, nebo je to dan\u00e9 t\u00edm, \u017ee je z jin\u00e9 fakulty?\u00a0<\/strong><\/p>\n<p>A: Je to v po\u0159\u00e1dku. Zobrazuje se ti to pr\u016fhledn\u00e9, proto\u017ee m\u00e1\u0161 v\u00a0SISu nastavenou pedagogicku fakultu. Kdy\u017e si to v nastaven\u00ed zm\u011bn\u00ed\u0161 na tu fakultu, ze kter\u00e9 m\u00e1\u0161 volitel\u0148\u00e1k, tak bude\u0161 m\u00edt pr\u016fhledn\u00e9 zase p\u0159edm\u011bty z Pedf.<\/p>\n<p>&nbsp;<\/p>\n<p><strong>Q: Pokud si zap\u00ed\u0161u na Husitsk\u00e9 teologick\u00e9 fakult\u011b \u00davod do psychologie, bude se mi to po\u010d\u00edtat jako voliteln\u00fd p\u0159edm\u011bt? A kdybych si pak 26. stihla zapsat n\u011bjak\u00fd p\u0159edm\u011bt z FF, \u0161lo by tento p\u0159\u00edpadn\u011b zru\u0161it?<\/strong><\/p>\n<p>A: Mus\u00ed\u0161 si zjistit term\u00edny z\u00e1pis\u016f fakult, na kter\u00fdch si chce\u0161 vybran\u00fd p\u0159edm\u011bt zapsat\/vy\u0161krtnout, a t\u00edm se \u0159\u00eddit. Informace o term\u00ednech z\u00e1pis\u016f najde\u0161 na webu p\u0159\u00edslu\u0161n\u00e9 fakulty v harmonogramu. Pokud by sis teda cht\u011bla vy\u0161krtnout p\u0159edm\u011bt z HTF, mus\u00ed\u0161 to stihnout p\u0159ed t\u00edm, ne\u017e tam skon\u010d\u00ed z\u00e1pis. Pokud by se n\u00e1hodou stalo, \u017ee se tot\u00e1ln\u011b nesejdou z\u00e1pis na HTF a FF a necht\u011bla by sis ten p\u0159edm\u011bt z HTF nechat v zapsan\u00fdch (jde se na n\u011bj prost\u011b jen vyka\u0161lat), tak jde zaj\u00edt na jejich studijn\u00ed odd\u011blen\u00ed a odepsat se tam. Je to ale otravn\u00e1 ob\u00edha\u010dka.<\/p>\n<p>&nbsp;<\/p>\n<p><strong>Q: M\u00e1m je\u0161t\u011b spoustu dal\u0161\u00edch ot\u00e1zek, ale nev\u00edm, na koho se obr\u00e1tit.<\/strong><\/p>\n<p>A: Studentsk\u00e1 rada je ti k\u00a0dispozici! M\u016f\u017ee\u0161 n\u00e1m napsat t\u0159eba na n\u00e1\u0161 email <a href=\"mailto:psychorada.pedf@gmail.com\">psychorada.pedf@gmail.com<\/a><\/p>\n","protected":false},"excerpt":{"rendered":"<p>&nbsp; Q: Trochu se boj\u00edm, \u017ee bude prvn\u00ed den ve \u0161kole trapn\u00e9 ticho, proto\u017ee nebudu zn\u00e1t sv\u00e9 spolu\u017e\u00e1ky. A: Neboj, nebude! Studentsk\u00e1 oborov\u00e1 rada pro V\u00e1s p\u0159ipravila psychoseznamov\u00e1k! Informace k\u00a0n\u011bmu najde\u0161 tady: http:\/\/psychoseznamovak.wz.cz\/. &nbsp; Q: M\u00e1 ka\u017ed\u00e1 specka sv\u016fj semin\u00e1\u0159? A: Semin\u00e1\u0159e ze speci\u00e1ln\u00ed pedagogiky maj\u00ed pouze studenti oboru speci\u00e1ln\u00ed pedagogika. Ty s\u00a0nimi bude\u0161 nav\u0161t\u011bvovat [&hellip;]<\/p>\n","protected":false},"author":431,"featured_media":0,"parent":33,"menu_order":0,"comment_status":"closed","ping_status":"closed","template":"","meta":{"footnotes":""},"class_list":["post-182","page","type-page","status-publish","hentry"],"_links":{"self":[{"href":"https:\/\/pages.pedf.cuni.cz\/psychorada\/wp-json\/wp\/v2\/pages\/182","targetHints":{"allow":["GET"]}}],"collection":[{"href":"https:\/\/pages.pedf.cuni.cz\/psychorada\/wp-json\/wp\/v2\/pages"}],"about":[{"href":"https:\/\/pages.pedf.cuni.cz\/psychorada\/wp-json\/wp\/v2\/types\/page"}],"author":[{"embeddable":true,"href":"https:\/\/pages.pedf.cuni.cz\/psychorada\/wp-json\/wp\/v2\/users\/431"}],"replies":[{"embeddable":true,"href":"https:\/\/pages.pedf.cuni.cz\/psychorada\/wp-json\/wp\/v2\/comments?post=182"}],"version-history":[{"count":6,"href":"https:\/\/pages.pedf.cuni.cz\/psychorada\/wp-json\/wp\/v2\/pages\/182\/revisions"}],"predecessor-version":[{"id":508,"href":"https:\/\/pages.pedf.cuni.cz\/psychorada\/wp-json\/wp\/v2\/pages\/182\/revisions\/508"}],"up":[{"embeddable":true,"href":"https:\/\/pages.pedf.cuni.cz\/psychorada\/wp-json\/wp\/v2\/pages\/33"}],"wp:attachment":[{"href":"https:\/\/pages.pedf.cuni.cz\/psychorada\/wp-json\/wp\/v2\/media?parent=182"}],"curies":[{"name":"wp","href":"https:\/\/api.w.org\/{rel}","templated":true}]}}