{"id":7,"date":"2014-10-24T10:13:56","date_gmt":"2014-10-24T08:13:56","guid":{"rendered":"http:\/\/pages.pedf.cuni.cz\/psychorada\/?page_id=7"},"modified":"2018-12-04T14:50:12","modified_gmt":"2018-12-04T13:50:12","slug":"clenove","status":"publish","type":"page","link":"https:\/\/pages.pedf.cuni.cz\/psychorada\/clenove\/","title":{"rendered":"\u010clenov\u00e9"},"content":{"rendered":"<h1>\u010clenov\u00e9 2018\/19<\/h1>\n<h2>1. ro\u010dn\u00edk Bc.: Adam Pat\u00e1k, Eli\u0161ka Ve\u010de\u0159ov\u00e1, Zuzana Z\u00edskalov\u00e1<\/h2>\n<h2>2. ro\u010dn\u00edk Bc.: Rebeka Cm\u00edralov\u00e1, Adam Martinek (mluv\u010d\u00ed rady), Vendula Vojtov\u00e1<\/h2>\n<h2>3. ro\u010dn\u00edk Bc.: Kate\u0159ina Denysjukov\u00e1, Dominika Markov\u00e1, Martin Mikula<\/h2>\n<h2>1. ro\u010dn\u00edk NMgr.: Lucie Z\u00edkov\u00e1<\/h2>\n<h2>2. ro\u010dn\u00edk NMgr.: Jitka Kub\u00e1tov\u00e1, Kate\u0159ina Rube\u0161ov\u00e1<\/h2>\n<h2>Doktorandi: Petra Topkov\u00e1<\/h2>\n<p>&nbsp;<\/p>\n","protected":false},"excerpt":{"rendered":"<p>\u010clenov\u00e9 2018\/19 1. ro\u010dn\u00edk Bc.: Adam Pat\u00e1k, Eli\u0161ka Ve\u010de\u0159ov\u00e1, Zuzana Z\u00edskalov\u00e1 2. ro\u010dn\u00edk Bc.: Rebeka Cm\u00edralov\u00e1, Adam Martinek (mluv\u010d\u00ed rady), Vendula Vojtov\u00e1 3. ro\u010dn\u00edk Bc.: Kate\u0159ina Denysjukov\u00e1, Dominika Markov\u00e1, Martin Mikula 1. ro\u010dn\u00edk NMgr.: Lucie Z\u00edkov\u00e1 2. ro\u010dn\u00edk NMgr.: Jitka Kub\u00e1tov\u00e1, Kate\u0159ina Rube\u0161ov\u00e1 Doktorandi: Petra Topkov\u00e1 &nbsp;<\/p>\n","protected":false},"author":1,"featured_media":0,"parent":0,"menu_order":0,"comment_status":"closed","ping_status":"closed","template":"","meta":{"footnotes":""},"class_list":["post-7","page","type-page","status-publish","hentry"],"_links":{"self":[{"href":"https:\/\/pages.pedf.cuni.cz\/psychorada\/wp-json\/wp\/v2\/pages\/7","targetHints":{"allow":["GET"]}}],"collection":[{"href":"https:\/\/pages.pedf.cuni.cz\/psychorada\/wp-json\/wp\/v2\/pages"}],"about":[{"href":"https:\/\/pages.pedf.cuni.cz\/psychorada\/wp-json\/wp\/v2\/types\/page"}],"author":[{"embeddable":true,"href":"https:\/\/pages.pedf.cuni.cz\/psychorada\/wp-json\/wp\/v2\/users\/1"}],"replies":[{"embeddable":true,"href":"https:\/\/pages.pedf.cuni.cz\/psychorada\/wp-json\/wp\/v2\/comments?post=7"}],"version-history":[{"count":123,"href":"https:\/\/pages.pedf.cuni.cz\/psychorada\/wp-json\/wp\/v2\/pages\/7\/revisions"}],"predecessor-version":[{"id":662,"href":"https:\/\/pages.pedf.cuni.cz\/psychorada\/wp-json\/wp\/v2\/pages\/7\/revisions\/662"}],"wp:attachment":[{"href":"https:\/\/pages.pedf.cuni.cz\/psychorada\/wp-json\/wp\/v2\/media?parent=7"}],"curies":[{"name":"wp","href":"https:\/\/api.w.org\/{rel}","templated":true}]}}