{"id":120,"date":"2017-05-11T11:50:19","date_gmt":"2017-05-11T09:50:19","guid":{"rendered":"http:\/\/pages.pedf.cuni.cz\/sc1\/?page_id=120"},"modified":"2017-06-06T12:23:36","modified_gmt":"2017-06-06T10:23:36","slug":"rvp-pv","status":"publish","type":"page","link":"https:\/\/pages.pedf.cuni.cz\/sc1\/rvp-pv\/","title":{"rendered":"RVP &#8211; PV"},"content":{"rendered":"<ul>\n<li><a href=\"https:\/\/pages.pedf.cuni.cz\/sc1\/files\/2017\/05\/AnalyzaRVPRyb.pdf\">Anal\u00fdza RVP PV &#8211; \u010cten\u00e1\u0159sk\u00e1 pregramotnost<\/a><\/li>\n<li><a href=\"https:\/\/pages.pedf.cuni.cz\/sc1\/files\/2017\/06\/Anal%C3%BDza-RVPPV_Matematika.pdf\">Anal\u00fdza RVP PV &#8211; Matematick\u00e1 pregramotnost<\/a><\/li>\n<li><a href=\"https:\/\/pages.pedf.cuni.cz\/sc1\/files\/2017\/06\/Analyza_RVP_DPV.pdf\">Anal\u00fdza RVP PV &#8211; Didaktika p\u0159ed\u0161koln\u00edho vzd\u011bl\u00e1v\u00e1n\u00ed<\/a><\/li>\n<li><a href=\"https:\/\/pages.pedf.cuni.cz\/sc1\/files\/2017\/05\/ZmenyRVPPV.pdf\">Zm\u011bny v RVP PV &#8211; prezentace<\/a><\/li>\n<li><a href=\"https:\/\/pages.pedf.cuni.cz\/sc1\/files\/2017\/05\/RVPPV2017_zmeny.pdf\">Zm\u011bny v RVP PV &#8211; text<\/a><\/li>\n<\/ul>\n","protected":false},"excerpt":{"rendered":"<p>Anal\u00fdza RVP PV &#8211; \u010cten\u00e1\u0159sk\u00e1 pregramotnost Anal\u00fdza RVP PV &#8211; Matematick\u00e1 pregramotnost Anal\u00fdza RVP PV &#8211; Didaktika p\u0159ed\u0161koln\u00edho vzd\u011bl\u00e1v\u00e1n\u00ed Zm\u011bny v RVP PV &#8211; prezentace Zm\u011bny v RVP PV &#8211;&#8230; <\/p>\n","protected":false},"author":464,"featured_media":0,"parent":0,"menu_order":0,"comment_status":"closed","ping_status":"closed","template":"","meta":{"footnotes":""},"class_list":["post-120","page","type-page","status-publish","hentry"],"jetpack_sharing_enabled":true,"_links":{"self":[{"href":"https:\/\/pages.pedf.cuni.cz\/sc1\/wp-json\/wp\/v2\/pages\/120","targetHints":{"allow":["GET"]}}],"collection":[{"href":"https:\/\/pages.pedf.cuni.cz\/sc1\/wp-json\/wp\/v2\/pages"}],"about":[{"href":"https:\/\/pages.pedf.cuni.cz\/sc1\/wp-json\/wp\/v2\/types\/page"}],"author":[{"embeddable":true,"href":"https:\/\/pages.pedf.cuni.cz\/sc1\/wp-json\/wp\/v2\/users\/464"}],"replies":[{"embeddable":true,"href":"https:\/\/pages.pedf.cuni.cz\/sc1\/wp-json\/wp\/v2\/comments?post=120"}],"version-history":[{"count":5,"href":"https:\/\/pages.pedf.cuni.cz\/sc1\/wp-json\/wp\/v2\/pages\/120\/revisions"}],"predecessor-version":[{"id":314,"href":"https:\/\/pages.pedf.cuni.cz\/sc1\/wp-json\/wp\/v2\/pages\/120\/revisions\/314"}],"wp:attachment":[{"href":"https:\/\/pages.pedf.cuni.cz\/sc1\/wp-json\/wp\/v2\/media?parent=120"}],"curies":[{"name":"wp","href":"https:\/\/api.w.org\/{rel}","templated":true}]}}