{"id":322,"date":"2017-06-06T16:30:50","date_gmt":"2017-06-06T14:30:50","guid":{"rendered":"http:\/\/pages.pedf.cuni.cz\/sc1\/?page_id=322"},"modified":"2020-01-13T09:37:45","modified_gmt":"2020-01-13T08:37:45","slug":"aktualni-sdeleni","status":"publish","type":"page","link":"https:\/\/pages.pedf.cuni.cz\/sc1\/aktualni-sdeleni\/","title":{"rendered":"Aktu\u00e1ln\u00ed sd\u011bl\u011bn\u00ed"},"content":{"rendered":"<ul>\n<li>SBORN\u00cdK Z KONFERENCE &#8230;pr\u00e1v\u011b vy\u0161el, pln\u00e9 zn\u011bn\u00ed najdete na hlavn\u00ed webov\u00e9 str\u00e1nce v sekci KA06 Konference.<\/li>\n<\/ul>\n<p>&nbsp;<\/p>\n<ul>\n<li>V r\u00e1mci projektu vy\u0161la publikace:<\/li>\n<\/ul>\n<p><strong>Rozvoj \u010dten\u00e1\u0159sk\u00e9 pregramotnosti prost\u0159ednictv\u00edm \u010dten\u00e1\u0159sk\u00fdch strategi\u00ed; Metodick\u00e1 p\u0159\u00edru\u010dka pro u\u010ditele mate\u0159sk\u00fdch \u0161kol pro pr\u00e1ci s poh\u00e1dkou a pov\u011bst\u00ed<\/strong><\/p>\n<p>Anotace: P\u0159edkl\u00e1dan\u00e1 pr\u00e1ce je zam\u011b\u0159en\u00e1 na rozvoj \u010dten\u00e1\u0159sk\u00e9 gramotnosti d\u011bt\u00ed p\u0159ed\u0161koln\u00edho v\u011bku. D\u016fraz je kladen na motivaci a pr\u00e1ci se \u010dten\u00e1\u0159sk\u00fdmi strategiemi, kter\u00e9 d\u011btem usnad\u0148uj\u00ed hlub\u0161\u00ed vn\u00edm\u00e1n\u00ed textu, aktivuje je zam\u00fd\u0161let se nad obsahem a vyvozovat informace podstatn\u00e9 pro jejich dal\u0161\u00ed \u017eivot. V\u00a0publikaci jsou uveden\u00e9 metodick\u00e9 postupy realizovan\u00e9 ve vybran\u00fdch mate\u0159sk\u00fdch \u0161kol\u00e1ch, dopln\u011bn\u00e9 o post\u0159ehy zku\u0161en\u00fdch u\u010ditelek.<\/p>\n<p>Auto\u0159i: Radka Wildov\u00e1, V\u011bra Vykoukalov\u00e1, Radka Harazinov\u00e1, Jolana Ronkov\u00e1, Eva Ryb\u00e1rov\u00e1<\/p>\n<p>57 stran, ISBN 978-80-7603-123-4<\/p>\n<p>Pln\u00e9 zn\u011bn\u00ed najdete v sekci v\u00fdstup\u016f modulu \u010dten\u00e1\u0159sk\u00e1 pregramotnost https:\/\/pages.pedf.cuni.cz\/sc1\/ctenarska-pregramotnost\/<\/p>\n<ul>\n<li>V\u00e1\u017een\u00e9\u00a0kolegyn\u011b,\u00a0v\u00e1\u017een\u00ed\u00a0kolegov\u00e9,<br \/>\nsrde\u010dn\u011b v\u00e1s zveme na z\u00e1v\u011bre\u010dnou konferenci projektu SC1 Podpora pregramotnost\u00ed v p\u0159ed\u0161koln\u00edm vzd\u011bl\u00e1v\u00e1n\u00ed.<br \/>\n<strong>Konference se kon\u00e1 ve dnech 19.9-20.9.2019 v budov\u011b PedF UK v Magdal\u00e9ny Rettigov\u00e9 4, Praha <\/strong>Ve\u010dern\u00ed program prob\u011bhne ve spole\u010densk\u00fdch prostor\u00e1ch Karolina.<\/li>\n<\/ul>\n<p><strong>\u010casov\u00fd\u00a0rozvrh\u00a0konference\u00a0(19.\u00a0&#8211;\u00a020.\u00a09.\u00a02019,\u00a0PedF\u00a0UK)<\/strong><\/p>\n<p><strong>19.9<\/strong>.\u00a0\u00a0\u00a09:00-10:00\u00a0registrace,\u00a0coffee\u00a0break<br \/>\n10:00\u00a0zah\u00e1jen\u00ed\u00a0v\u00a0aule,\u00a0vystoupen\u00ed\u00a0prof.\u00a0\u0160melov\u00e9<br \/>\n11:15 &#8211; 13:15 vystoupen\u00ed jednotliv\u00fdch modul\u016f (obsah- mezip\u0159edm\u011btov\u00e9 vztahy, soci\u00e1ln\u00ed komunikace, SP\u00da, zaj\u00edmav\u00e9 aktivity)<br \/>\nOb\u011bd\u00a0do\u00a014:00<br \/>\n14:00 jedn\u00e1n\u00ed v sekc\u00edch \u2013 p\u0159edstaven\u00ed ak\u010dn\u00edch v\u00fdzkum\u016f (prezentace ve trojic\u00edch akademik-mentor-student)<br \/>\nCoffee\u00a0break\u00a015:10-15:30<br \/>\n15:30- 17:00 spole\u010dn\u00fd z\u00e1v\u011br v aule, vystoupen\u00ed dr. Kaslov\u00e9, doc. And\u011bla<br \/>\n18:30\u00a0spole\u010densk\u00fd\u00a0ve\u010der\u00a0v\u00a0Karolinu,\u00a0mal\u00fd\u00a0koncert,\u00a0raut\u2026do\u00a022:00<br \/>\n20.9.\u00a0\u00a0\u00a0n\u00e1v\u0161t\u011bva\u00a0M\u0160\u00a0dle\u00a0p\u0159edchoz\u00edho\u00a0objedn\u00e1n\u00ed&#8230;viz\u00a0registra\u010dn\u00ed\u00a0formul\u00e1\u0159<\/p>\n<p><strong>K\u00a0registraci\u00a0na\u00a0konferenci\u00a0pros\u00edm\u00a0vypl\u0148te\u00a0registra\u010dn\u00ed\u00a0formul\u00e1\u0159:<\/strong><\/p>\n<p><a href=\"https:\/\/forms.gle\/JLaHBXNRva6p7a3e9\" target=\"_blank\" rel=\"noopener noreferrer\">https:\/\/forms.gle\/JLaHBXNRva6p7a3e9<\/a><\/p>\n<p>&nbsp;<\/p>\n<ul>\n<li><strong>N\u00e1\u0161 projekt v m\u00e9di\u00edch:<\/strong><\/li>\n<\/ul>\n<p>Na fakultn\u00ed mate\u0159sk\u00e9 \u0161kole \u0160tolm\u00ed\u0159sk\u00e1, kter\u00e1 je zapojena do na\u0161eho projektu, prob\u011bhly ji\u017e dv\u011b\u00a0 n\u00e1v\u0161t\u011bvy pana prof. Bene\u0161e a student\u016f PedF UK. Spole\u010dn\u011b zde prezentovali zaj\u00edmav\u00e9 pokusy v r\u00e1mci realizace ak\u010dn\u00edho v\u00fdzkumu na podporu p\u0159\u00edrodov\u011bdn\u00e9 pregramotnosti u p\u0159ed\u0161koln\u00edch d\u011bt\u00ed.<\/p>\n<p><a href=\"https:\/\/pages.pedf.cuni.cz\/sc1\/files\/2019\/06\/Pregramotnost-Listy-Prahy14.pdf\">V\u00edce v p\u0159ilo\u017een\u00e9m \u010dl\u00e1nku<\/a>.<\/p>\n<p>&nbsp;<\/p>\n<ul>\n<li>Mil\u00e9\u00a0kolegyn\u011b,\u00a0mil\u00ed\u00a0kolegov\u00e9,<\/li>\n<\/ul>\n<p>v\u00a0r\u00e1mci\u00a0dal\u0161\u00ed\u00a0f\u00e1ze\u00a0projektu\u00a0OPVV\u00a0SC1\u00a0a\u00a0znovuzah\u00e1jen\u00ed<br \/>\nSpole\u010denstv\u00ed\u00a0praxe\u00a0v\u00e1s\u00a0srde\u010dn\u011b\u00a0zveme\u00a0na\u00a0dva\u00a0semin\u00e1\u0159e\u00a0speci\u00e1ln\u011b<br \/>\nvy\u017e\u00e1dan\u00e9\u00a0pro\u00a0podpo\u0159en\u00e9\u00a0pan\u00ed\u00a0u\u010ditelky\u00a0mate\u0159sk\u00fdch\u00a0\u0161kol\u00a0z<br \/>\nprojektu.\u00a0M\u016f\u017eete\u00a0se\u00a0z\u00fa\u010dastnit\u00a0obou.\u00a0Zv\u00e1ni\u00a0jsou\u00a0v\u0161ichni\u00a0z\u00e1jemci<br \/>\na\u017e\u00a0do\u00a0napln\u011bn\u00ed\u00a0kapacity\u00a0velk\u00e9ho\u00a0s\u00e1lu\u00a0Pedagogick\u00e9\u00a0fakulty\u00a0v\u00a0Praze.<br \/>\nZ\u00a0tohoto\u00a0d\u016fvodu\u00a0v\u00e1s\u00a0\u017e\u00e1d\u00e1me\u00a0o\u00a0v\u010dasnou\u00a0registraci\u00a0sv\u00e9\u00a0\u00fa\u010dasti.<\/p>\n<p>9.5. 15:00 velk\u00fd s\u00e1l KDE SE TVO\u0158\u00cd A BO\u0158\u00cd SEBEV\u011aDOM\u00cd D\u011aT\u00cd &#8211; <a href=\"https:\/\/docs.google.com\/forms\/d\/e\/1FAIpQLSeVxaMOyXGMwL7_XDgLS9LGYU6VP5UkejRPsSKpBpGl_dAiBw\/viewform?usp=sf_link\">REGISTRACE<\/a><\/p>\n<p>22.5.\u00a015:00\u00a0velk\u00fd\u00a0s\u00e1l\u00a0JAK\u00a0BUDOVAT\u00a0AUTORITU\u00a0U\u010cITELE\u00a0&#8211;\u00a0<a href=\"https:\/\/docs.google.com\/FORMS\/D\/E\/1FAIPQLSCINKTNNMT5JFTEETDOJTFI1EZCPXXTJ0XL8LNEII4HLWGKKW\/VIEWFORM?USP=SF_LINK\">REGISTRACE<\/a><br \/>\n__<\/p>\n<p>Anotace\u00a0semin\u00e1\u0159e\u00a0Kde\u00a0se\u00a0tvo\u0159\u00ed\u00a0a\u00a0bo\u0159\u00ed\u00a0sebev\u011bdom\u00ed\u00a0d\u011bt\u00ed:\u00a0V\u00edte,<br \/>\n\u017ee\u00a0jedn\u00edm\u00a0z\u00a0pouh\u00fdch\u00a0dvou\u00a0zdroj\u016f\u00a0sebev\u011bdom\u00ed\u00a0d\u011bt\u00ed\u00a0jste\u00a0pr\u00e1v\u011b\u00a0vy?<br \/>\nJe\u00a0dobr\u00e9\u00a0v\u011bd\u011bt,\u00a0pro\u010d\u00a0to\u00a0tak\u00a0je\u00a0a\u00a0uv\u011bdomovat\u00a0si,\u00a0jak\u00a0m\u016f\u017eete\u00a0sv\u00fdm<br \/>\np\u0159\u00edstupem,\u00a0jedn\u00e1n\u00edm\u00a0a\u00a0zp\u016fsobem\u00a0komunikace\u00a0v\u00a0ka\u017ed\u00e9\u00a0konkr\u00e9tn\u00ed<br \/>\nsituaci\u00a0sebev\u011bdom\u00ed\u00a0d\u011bt\u00ed\u00a0tvo\u0159it,\u00a0p\u0159\u00edpadn\u011b\u00a0bo\u0159it.\u00a0M\u00e1te\u00a0ve\u00a0sv\u00fdch<br \/>\nruk\u00e1ch\u00a0opravdu\u00a0hodn\u011b\u00a0a\u00a0nev\u011bdomost\u00a0neomlouv\u00e1.\u00a0P\u0159ij\u010fte\u00a0objevit\u00a0toto<br \/>\nt\u00e9ma\u00a0v\u011bdom\u00e9\u00a0komunikace.<br \/>\nANOTACE\u00a0SEMIN\u00c1\u0158E\u00a0JAK\u00a0BUDOVAT\u00a0AUTORITU\u00a0U\u010cITELE<br \/>\nChcete\u00a0b\u00fdt\u00a0autoritou\u00a0v\u00a0o\u010d\u00edch\u00a0d\u011bt\u00ed\u00a0i\u00a0ostatn\u00edch\u00a0dosp\u011bl\u00fdch?<br \/>\nParadoxn\u011b\u00a0se\u00a0j\u00ed\u00a0nedoberete\u00a0ani\u00a0silou,\u00a0ani\u00a0\u0161\u00ed\u0159en\u00edm\u00a0strachu.\u00a0A\u00a0jen<br \/>\nm\u00e1lo\u00a0v\u00e1m\u00a0k\u00a0n\u00ed\u00a0dopom\u016f\u017ee\u00a0va\u0161e\u00a0role.\u00a0Autoritu\u00a0si\u00a0prost\u011b\u00a0mus\u00edte<br \/>\num\u011bt\u00a0z\u00edskat.\u00a0P\u0159ij\u010fte\u00a0si\u00a0poslechnout\u00a0a\u00a0spole\u010dn\u011b\u00a0objevit,\u00a0jak\u00a0na\u00a0to.<\/p>\n<p>&nbsp;<\/p>\n<ul>\n<li>V\u00e1\u017een\u00e9 kolegyn\u011b, v\u00e1\u017een\u00ed kolegov\u00e9, v\u011bnujte pros\u00edm pozornost tomuto ozn\u00e1men\u00ed. V\u011b\u0159\u00edme, \u017ee z pr\u00e1ce v projektu SC1 by mohla vzniknout \u0159ada p\u0159\u00edsp\u011bvk\u016f.<\/li>\n<\/ul>\n<p><strong>\u010cten\u00e1\u0159sk\u00e1, matematick\u00e1 a p\u0159\u00edrodov\u011bdn\u00e1 pregramotnost v\u00a0p\u0159ed\u0161koln\u00edm vzd\u011bl\u00e1v\u00e1n\u00ed<\/strong><br \/>\n<em>Editorky: Radka Wildov\u00e1 a Eva Ryb\u00e1rov\u00e1<\/em><\/p>\n<p>\u010casopis Gramotnost, pregramotnost a vzd\u011bl\u00e1v\u00e1n\u00ed p\u0159ipravuje monotematick\u00e9 \u010d\u00edslo se zam\u011b\u0159en\u00edm na\u00a0<strong>oblast rozvoje pregramotnost\u00ed v\u00a0p\u0159ed\u0161koln\u00edm vzd\u011bl\u00e1v\u00e1n\u00ed.<\/strong><\/p>\n<p>P\u0159ed\u0161koln\u00ed vzd\u011bl\u00e1v\u00e1n\u00ed m\u00e1 pro \u017eivot d\u00edt\u011bte nedoceniteln\u00fd v\u00fdznam, nebo\u0165 ran\u00e9 zku\u0161enosti d\u00edt\u011bte maj\u00ed trvalou hodnotu pro jeho budouc\u00ed \u017eivot. Jedn\u00edm z\u00a0hlavn\u00edch c\u00edl\u016f p\u0159ed\u0161koln\u00edho vzd\u011bl\u00e1v\u00e1n\u00ed je vytv\u00e1\u0159et dobr\u00e9 p\u0159edpoklady pro celo\u017eivotn\u00ed vzd\u011bl\u00e1v\u00e1n\u00ed, co\u017e nezbytn\u011b vede k\u00a0nutnosti pokl\u00e1dat dobr\u00e9 z\u00e1klady pro rozvoj budouc\u00edch gramotnost\u00ed a s\u00a0t\u00edm souvisej\u00edc\u00ed rozvoj p\u0159edpoklad\u016f pro jejich osvojov\u00e1n\u00ed.<\/p>\n<p>V\u00a0posledn\u00edch letech se v\u00a0\u010cesk\u00e9 republice objevuj\u00ed projekty zam\u011b\u0159en\u00e9 na rozvoj pregramotnost\u00ed d\u011bt\u00ed p\u0159ed\u0161koln\u00edho v\u011bku, jejich\u017e c\u00edlem je zkvalitnit p\u0159\u00edpravu u\u010ditel\u016f i p\u0159ed\u0161koln\u00ed vzd\u011bl\u00e1v\u00e1n\u00ed jako takov\u00e9, a to zejm\u00e9na v\u00a0oblasti \u010dten\u00e1\u0159sk\u00e9, matematick\u00e9 a p\u0159\u00edrodov\u011bdn\u00e9 gramotnosti. Monotematick\u00e9\u00a0\u010d\u00edslo\u00a0\u010dasopisu\u00a0Gramotnost\u00a0c\u00edl\u00ed\u00a0p\u0159edev\u0161\u00edm\u00a0na odborn\u00e9\u00a0pr\u00e1ce\u00a0t\u00fdkaj\u00edc\u00ed\u00a0se\u00a0v\u00fd\u0161e\u00a0uveden\u00fdch\u00a0t\u00e9mat,\u00a0ale\u00a0tak\u00e9\u00a0na srovn\u00e1vac\u00ed\u00a0a p\u0159ehledov\u00e9\u00a0studie.<\/p>\n<p>Krom\u011b\u00a0odborn\u00fdch\u00a0p\u0159\u00edsp\u011bvk\u016f\u00a0p\u0159ij\u00edm\u00e1me\u00a0tak\u00e9\u00a0diskusn\u00ed\u00a0p\u0159\u00edsp\u011bvky,\u00a0zpr\u00e1vy\u00a0z projekt\u016f\u00a0a\u00a0recenze\u00a0publikac\u00ed.<\/p>\n<p>Budete-li m\u00edt z\u00e1jem o publikov\u00e1n\u00ed Va\u0161eho \u010dl\u00e1nku, za\u0161lete pros\u00edm do<strong> 15. 4. 2018 abstrakt a kl\u00ed\u010dov\u00e1 slova<\/strong>\u00a0na adresu \u010dasopisu: gramotnost@pedf.cuni.cz.\u00a0<strong>P\u0159\u00edsp\u011bvek bude pot\u0159eba dodat do 30. 4. 2019<\/strong>, recenzn\u00ed \u0159\u00edzen\u00ed prob\u011bhne v\u00a0pr\u016fb\u011bhu kv\u011btna a \u010dervna 2019.<\/p>\n<p>&nbsp;<\/p>\n<p>&nbsp;<\/p>\n<ul>\n<li>Mil\u00e9 kolegyn\u011b, mil\u00ed kolegov\u00e9,<br \/>\n<a href=\"https:\/\/pages.pedf.cuni.cz\/sc1\/files\/2018\/12\/PF2019-SC1.jpg\"><img loading=\"lazy\" decoding=\"async\" src=\"https:\/\/pages.pedf.cuni.cz\/sc1\/files\/2018\/12\/PF2019-SC1.jpg\" alt=\"PF 2019\" width=\"257\" height=\"254\" align=\"right\" \/><\/a><br \/>\nza cel\u00fd pra\u017esk\u00fd t\u00fdm projektu V\u00e1m p\u0159eji klidn\u00fd adventn\u00ed \u010das, kouzeln\u00e9 v\u00e1no\u010dn\u00ed sv\u00e1tky a \u00fasp\u011b\u0161n\u00fd vstup do roku 2019.<\/li>\n<\/ul>\n<p>T\u011b\u0161\u00edme se na setk\u00e1v\u00e1n\u00ed v\u00a0posledn\u00edm roce na\u0161eho projektu.<\/p>\n<p>Se srde\u010dn\u00fdmi pozdravy<\/p>\n<p>Kl\u00e1ra Uli\u010dn\u00e1<\/p>\n<p>&nbsp;<\/p>\n<h3><\/h3>\n<h3><\/h3>\n<h3><\/h3>\n<ul>\n<li><strong>Pozv\u00e1nka na konferenci \u010ctu a st\u00e1v\u00e1m se \u010dten\u00e1\u0159em<\/strong><\/li>\n<\/ul>\n<p>Mil\u00e9\u00a0kolegyn\u011b,\u00a0mil\u00ed\u00a0kolegov\u00e9,<\/p>\n<p>dovolte, abychom v\u00e1s pozvali na n\u00e1mi organizovanou konferenci \u010ctu a st\u00e1v\u00e1m se \u010dten\u00e1\u0159em. \u00a0 \u00a0 \u00a0 \u00a0\u00a0 V dopoledn\u00edm plen\u00e1rn\u00edm zased\u00e1n\u00ed a v prvn\u00ed odpoledn\u00ed \u00a0sekci (12:30-14) bude prezentov\u00e1n n\u00e1\u0161 projekt.<\/p>\n<p>Program je bohat\u00fd, krom\u011b zased\u00e1n\u00ed v pl\u00e9nu a odborn\u00fdch sekc\u00ed bude realizov\u00e1na i posterov\u00e1 sekce. Od 17 hodin se uskute\u010dn\u00ed kulat\u00fd st\u016fl &#8222;100 let \u010desk\u00e9 (a slovensk\u00e9) d\u011btsk\u00e9 literatury&#8220;. Do programu p\u0159isp\u011bli tak\u00e9 na\u0161i studenti, kte\u0159\u00ed si od 18,15 p\u0159ipravili sc\u00e9nick\u00e9 \u010dten\u00ed (titul je p\u0159ekvapen\u00edm).<\/p>\n<p>Konference je dobrovoln\u00e1, pouze v\u00e1s po\u017e\u00e1d\u00e1me, m\u00e1te-li z\u00e1jem o \u00fa\u010dast, abyste se p\u0159ihl\u00e1sil(a) pan\u00ed Jolan\u011b Svobodov\u00e9, <a href=\"mailto:jolana.svobodova@pedf.cuni.cz\">jolana.svobodova@pedf.cuni.cz<\/a>. Jako na\u0161i spolupracovn\u00edci v r\u00e1mci projektu OP VVV nemus\u00edte hradit \u010dlensk\u00fd p\u0159\u00edsp\u011bvek, bude uhrazen za v\u00e1s z projektu.<\/p>\n<p>&nbsp;<\/p>\n<ul>\n<li><strong>Celodenn\u00ed setk\u00e1n\u00ed k\u00a0mentoringu a ak\u010dn\u00edmu v\u00fdzkumu<\/strong><\/li>\n<\/ul>\n<p>Dne:<strong> 19.9. od 10:00<\/strong> na Pedagogick\u00e9 fakult\u011b UK v Rettigov\u00e9 ulici<\/p>\n<p>N\u00e1pln\u00ed setk\u00e1n\u00ed bude p\u0159edstaven\u00ed a n\u00e1sledn\u00e1 diskuse na t\u00edm, jak budou tyto aktivity v\u00a0r\u00e1mci projektu prob\u00edhat. Konkr\u00e9tn\u00ed program za\u0161leme p\u0159ed setk\u00e1n\u00edm.<\/p>\n<p>Na setk\u00e1n\u00ed jsou zv\u00e1ni v\u0161ichni akademi\u010dt\u00ed pracovn\u00edci a mento\u0159i projektu.<\/p>\n<h2><\/h2>\n<ul>\n<li><strong>Region\u00e1ln\u00ed setk\u00e1n\u00ed Spole\u010denstv\u00ed praxe &#8211; Praha<\/strong><\/li>\n<\/ul>\n<p>Dne: <strong>26. 6. 2018 ve 13:00<\/strong> na Pedagogick\u00e9 fakult\u011b UK v Rettigov\u00e9 ulici<\/p>\n<p>Na programu je n\u011bkolik p\u0159edn\u00e1\u0161ek, pr\u00e1ce v modulech a hlavn\u011b spole\u010dn\u00e1 pr\u00e1ce na portfoli\u00edch, D\u00e1le prezentace vlastn\u00edch materi\u00e1l\u016f vytvo\u0159en\u00fdch k aktivit\u00e1m, sd\u00edlen\u00ed zku\u0161enost\u00ed z pr\u00e1ce ve \u0161kol\u00e1ch p\u0159i zapracov\u00e1v\u00e1n\u00ed podn\u011bt\u016f z minul\u00fdch setk\u00e1n\u00ed. Diskuse nad materi\u00e1ly, p\u0159\u00edprava t\u00fdm\u016f do f\u00e1ze mentoringu.<\/p>\n<p>Na setk\u00e1n\u00ed pros\u00edm p\u0159ivezte vlastn\u00ed portfolia a dal\u0161\u00ed materi\u00e1ly, kter\u00e9 byste r\u00e1dy sd\u00edlely s kolegyn\u011bmi v r\u00e1mci projektu.<\/p>\n<h2><\/h2>\n<h2><strong>Pozv\u00e1nka na pracovn\u00ed workshop t\u00fdmu Didaktika p\u0159ed\u0161koln\u00edho vzd\u011bl\u00e1v\u00e1n\u00ed<\/strong><\/h2>\n<ul>\n<li><strong>Praha<\/strong> d<strong>ne: 6. 6. 2018<\/strong> (sraz v 9:00 hod u hlavn\u00edho vchodu do mate\u0159sk\u00e9 \u0161koly)<\/li>\n<li><strong>M\u00edsto: <\/strong>Fakultn\u00ed mate\u0159sk\u00e1 \u0161kola Sokolovsk\u00e1 182 \/ 513, 180 00 Praha 8 \u2013 Libe\u0148Srde\u010dn\u011b zveme u\u010ditelky a u\u010ditele z mate\u0159sk\u00fdch \u0161kol na praktickou uk\u00e1zku vzd\u011bl\u00e1vac\u00ed pr\u00e1ce s d\u011btmi p\u0159ed\u0161koln\u00edho v\u011bku, kter\u00e1 bude v\u011bnov\u00e1na podpo\u0159e a rozvoji p\u0159\u00edrodov\u011bdn\u00e9 pregramotnosti, konkr\u00e9tn\u011b tematick\u00e9mu celku Vzduch kolem n\u00e1s. Pod veden\u00edm RNDr. Jitky Houfkov\u00e9, Ph.D. z MFF UK si d\u011bti vyrob\u00ed \u201ebr\u010dkov\u00e9 foukac\u00ed rakety\u201c.<\/li>\n<\/ul>\n<p>Z\u00e1jemci, pros\u00edm, potvr\u010fte \u00fa\u010dast do 3. 6. 2018 na e-mail: <a href=\"mailto:jitka.houfkova@gmail.com\">jitka.houfkova@gmail.com<\/a>. Po\u010det \u00fa\u010dastn\u00edk\u016f je omezen. Doporu\u010dujeme vz\u00edt si s sebou p\u0159ezuvky.<\/p>\n<h2><strong>Pozv\u00e1nka na akci t\u00fdmu Didaktika p\u0159ed\u0161koln\u00edho vzd\u011bl\u00e1v\u00e1n\u00ed &#8211; Praha&#8230;V\u011bdohran\u00ed<\/strong><\/h2>\n<ul>\n<li><strong> 13. \u010dervna 2018<\/strong> v are\u00e1lu MFF UK v Praze &#8211; Troji (zast\u00e1vka autobusu 112 Pelc-Tyrolka \u010di zast\u00e1vka autobusu 201<br \/>\nKuchy\u0148ka) prob\u011bhne <strong>10. ro\u010dn\u00edk V\u011bdohran\u00ed 2018<\/strong><\/li>\n<li>informace o V\u011bdohran\u00ed najdete na <a href=\"http:\/\/kdf.mff.cuni.cz\/vedohrani\/\" target=\"_blank\" rel=\"noopener noreferrer\">http:\/\/kdf.mff.cuni.cz\/vedohrani\/<\/a><\/li>\n<li>p\u0159\u00edpadn\u00e9 dotazy: <a href=\"mailto:jitka.houfkova@gmail.com\">jitka.houfkova@gmail.com<\/a><\/li>\n<li>Sraz ve 14 hodin u registrace V\u011bdohran\u00ed.<\/li>\n<\/ul>\n<p>Pros\u00edm potvr\u010fte z\u00e1jem o \u00fa\u010dast na email <a href=\"mailto:jitka.houfkova@gmail.com\">jitka.houfkova@gmail.com<\/a> do 5. \u010dervna 2018.<\/p>\n<h2><strong>Pozv\u00e1nka od t\u00fdmu Technick\u00e9 univerzity v Liberci<\/strong><\/h2>\n<p>V\u00e1\u017een\u00e9 pan\u00ed \u0159editelky, v\u00e1\u017een\u00e9 pan\u00ed u\u010ditelky,<br \/>\ndovolujeme si V\u00e1s pozvat v r\u00e1mci ESF projektu \u201ePodpora pregramotnost\u00ed v p\u0159ed\u0161koln\u00edm vzd\u011bl\u00e1v\u00e1n\u00ed\u201c na uk\u00e1zku v\u00fdukov\u00e9 metody \u201eFigurkov\u00e1 \u0161koli\u010dka\u201c. Uk\u00e1zka prob\u011bhne dne 10. 5. 2018 od 14,30 hod. na Fakult\u011b p\u0159\u00edrodov\u011bdn\u011b-humanitn\u00ed a pedagogick\u00e9 Technick\u00e9 univerzity v Liberci v aule ve 3. pat\u0159e budovy G (Univerzitn\u00ed n\u00e1m\u011bst\u00ed). \u0160koli\u010dku p\u0159edvede pan\u00ed u\u010ditelka Jon\u00e1\u0161ov\u00e1 spolu s d\u011btmi z M\u0160 V Zahrad\u011b v Liberci.<\/p>\n<p>T\u011b\u0161\u00edme se na Va\u0161\u00ed \u00fa\u010dast.<\/p>\n<p style=\"text-align: left\">Za realiza\u010dn\u00ed t\u00fdm<\/p>\n<p style=\"text-align: right\">dr. Jana Johnov\u00e1<br \/>\ndoc. Petr And\u011bl<\/p>\n<h2>Figurkov\u00e1 \u0161koli\u010dka<\/h2>\n<p>Figurkov\u00e1 \u0161koli\u010dka je nov\u00e1 origin\u00e1ln\u00ed v\u00fdukov\u00e1 metoda zam\u011b\u0159en\u00e1 na rozvoj d\u011btsk\u00e9ho intelektu a intelektu\u00e1ln\u00edch schopnost\u00ed a dovednost\u00ed (orientace v prostoru, abstraktn\u00ed my\u0161len\u00ed, geometrick\u00e9 vn\u00edm\u00e1n\u00ed, tvo\u0159en\u00ed jednoduch\u00fdch algoritm\u016f, pohybov\u00e9, hudebn\u00ed a komunika\u010dn\u00ed dovednosti). Jde o \u201e\u0161kolu hrou\u201c v prav\u00e9m slova smyslu, tak\u017ee zaujme ka\u017ed\u00e9ho i d\u011bti s poruchami u\u010den\u00ed a soust\u0159ed\u011bnosti. Metodika se op\u00edr\u00e1 o \u0161achovnici a \u0161achov\u00e9 figury, d\u011bti se ale \u0161achy neu\u010d\u00ed. Je to p\u0159edstupe\u0148 \u0161ach\u016f.<\/p>\n<h2><strong>Term\u00edn 5. setk\u00e1n\u00ed Spole\u010denstv\u00ed praxe<br \/>\n<\/strong><\/h2>\n<p>Setk\u00e1n\u00ed bude dvoudenn\u00ed, <strong>19. &#8211; 20. 4. 2018<\/strong>, v budov\u011b Pedagogick\u00e9 fakulty UK, Magdal\u00e9ny Rettigov\u00e9 4, Praha 1.<\/p>\n<p>Na toto setk\u00e1n\u00ed je napl\u00e1nov\u00e1na pr\u00e1ce v modulech a hlavn\u011b prezentace fin\u00e1ln\u00edch podob aktivit, na kter\u00fdch se v modulech pracovalo. D\u00e1le prob\u011bhne n\u011bkolik p\u0159edn\u00e1\u0161ek, nap\u0159\u00edklad p\u0159edn\u00e1\u0161ka prof. M. Hejn\u00e9ho, p\u0159edn\u00e1\u0161ka prof. E. \u0160melov\u00e9, p\u0159edn\u00e1\u0161ka neziskov\u00e9 organizace META a dal\u0161\u00ed.<\/p>\n<p>19. 4. v podve\u010der je pro v\u0161echny p\u0159ipraven raut, p\u0159i kter\u00e9m bude mo\u017en\u00e9 diskutovat o pr\u00e1ci nejen v projektu . \ud83d\ude42<\/p>\n<p>&nbsp;<\/p>\n<h2><strong>Term\u00edn 4. setk\u00e1n\u00ed Spole\u010denstv\u00ed praxe<\/strong><\/h2>\n<p>Setk\u00e1n\u00ed prob\u011bhne 12. 1. 2018 v budov\u011b Pedagogick\u00e9 fakulty UK, Magdal\u00e9ny Rettigov\u00e9 4, Praha 1.<\/p>\n<p>Registrace za\u010dne v 8:30, z\u00e1v\u011br je pl\u00e1nov\u00e1n na 17. hodinu.<\/p>\n<p>V\u0161echny moduly se tentokr\u00e1t sejdou v jeden den a i \u010d\u00e1st pr\u00e1ce bude prob\u00edhat spole\u010dn\u011b.<\/p>\n<p>V odpoledn\u00edm bloku se m\u016f\u017eete t\u011b\u0161it na p\u0159edn\u00e1\u0161ku d\u011btsk\u00e9ho psychologa dr. V\u00e1clava Mertina.<\/p>\n<h2><strong>Term\u00edn 3. setk\u00e1n\u00ed Spole\u010denstv\u00ed praxe<\/strong><\/h2>\n<p>Tentokr\u00e1t se nesejdou v\u0161echny moduly spole\u010dn\u011b, ale ka\u017ed\u00fd modul m\u00e1 napl\u00e1nov\u00e1n jin\u00fd term\u00edn Setk\u00e1n\u00ed:<\/p>\n<ul>\n<li>matematick\u00e1 pregramotnost <strong>1. 12. 2017<\/strong><\/li>\n<li>\u010dten\u00e1\u0159sk\u00e1 pregramotnost <strong>30. 11. 2017<\/strong><\/li>\n<li>didaktika p\u0159ed\u0161koln\u00edho vzd\u011bl\u00e1v\u00e1n\u00ed <strong>8. 12. 2017<\/strong><\/li>\n<\/ul>\n<h2><strong>Pozv\u00e1nka na konferenci:<\/strong><\/h2>\n<p>V\u00e1\u017een\u00e9 kolegyn\u011b, v\u00e1\u017een\u00ed kolegov\u00e9,<\/p>\n<p>jm\u00e9nem v\u011bdeck\u00e9ho a organiza\u010dn\u00edho v\u00fdboru V\u00e1s zvu na <strong>konferenci OMEP<\/strong>, kter\u00e1 se uskute\u010dn\u00ed k 70. v\u00fdro\u010d\u00ed zalo\u017een\u00ed OMEP ve dnech 27.6 \u2013 29. 6. 2018 v Praze v hotelu Clarion.<\/p>\n<p>Anotace p\u0159\u00edsp\u011bvk\u016f pos\u00edlejte v anglick\u00e9m jazyce prost\u0159ednictv\u00edm registra\u010dn\u00edho formul\u00e1\u0159e, kter\u00fd je um\u00edst\u011bn\u00fd na webov\u00fdch str\u00e1nk\u00e1ch konference <a href=\"http:\/\/konference2018omep.antee.cz\/\">http:\/\/konference2018omep.antee.cz<\/a>. Zde naleznete v\u0161echny informace o programu a organizaci konference.<\/p>\n<p>Srde\u010dn\u011b zdrav\u00ed<\/p>\n<p>Zora Syslov\u00e1<\/p>\n<h2><strong>Term\u00edn 2. setk\u00e1n\u00ed Spole\u010denstv\u00ed praxe<\/strong><\/h2>\n<ul>\n<li><strong>6. 10. 2017 od 9 do 18 hodin<\/strong>.<\/li>\n<\/ul>\n<p>P\u0159ejeme v\u0161em kr\u00e1sn\u00e9 pr\u00e1zdniny \ud83d\ude42 a p\u0159ipom\u00edn\u00e1me, \u017ee pokud chcete na tuto str\u00e1nku i vy vlo\u017eit n\u011bjak\u00fd vzkaz nebo upozorn\u011bn\u00ed, pi\u0161te na jolana.svobodova@pedf.cuni.cz.<\/p>\n<p>&nbsp;<\/p>\n","protected":false},"excerpt":{"rendered":"<p>SBORN\u00cdK Z KONFERENCE &#8230;pr\u00e1v\u011b vy\u0161el, pln\u00e9 zn\u011bn\u00ed najdete na hlavn\u00ed webov\u00e9 str\u00e1nce v sekci KA06 Konference. &nbsp; V r\u00e1mci projektu vy\u0161la publikace: Rozvoj \u010dten\u00e1\u0159sk\u00e9 pregramotnosti prost\u0159ednictv\u00edm \u010dten\u00e1\u0159sk\u00fdch strategi\u00ed; Metodick\u00e1 p\u0159\u00edru\u010dka&#8230; <\/p>\n","protected":false},"author":464,"featured_media":0,"parent":0,"menu_order":0,"comment_status":"closed","ping_status":"closed","template":"","meta":{"footnotes":""},"class_list":["post-322","page","type-page","status-publish","hentry"],"jetpack_sharing_enabled":true,"_links":{"self":[{"href":"https:\/\/pages.pedf.cuni.cz\/sc1\/wp-json\/wp\/v2\/pages\/322","targetHints":{"allow":["GET"]}}],"collection":[{"href":"https:\/\/pages.pedf.cuni.cz\/sc1\/wp-json\/wp\/v2\/pages"}],"about":[{"href":"https:\/\/pages.pedf.cuni.cz\/sc1\/wp-json\/wp\/v2\/types\/page"}],"author":[{"embeddable":true,"href":"https:\/\/pages.pedf.cuni.cz\/sc1\/wp-json\/wp\/v2\/users\/464"}],"replies":[{"embeddable":true,"href":"https:\/\/pages.pedf.cuni.cz\/sc1\/wp-json\/wp\/v2\/comments?post=322"}],"version-history":[{"count":35,"href":"https:\/\/pages.pedf.cuni.cz\/sc1\/wp-json\/wp\/v2\/pages\/322\/revisions"}],"predecessor-version":[{"id":600,"href":"https:\/\/pages.pedf.cuni.cz\/sc1\/wp-json\/wp\/v2\/pages\/322\/revisions\/600"}],"wp:attachment":[{"href":"https:\/\/pages.pedf.cuni.cz\/sc1\/wp-json\/wp\/v2\/media?parent=322"}],"curies":[{"name":"wp","href":"https:\/\/api.w.org\/{rel}","templated":true}]}}