{"id":529,"date":"2019-09-16T14:27:04","date_gmt":"2019-09-16T12:27:04","guid":{"rendered":"http:\/\/pages.pedf.cuni.cz\/sc1\/?page_id=529"},"modified":"2020-05-13T12:19:35","modified_gmt":"2020-05-13T10:19:35","slug":"videa-ctenarska-pregramotnost","status":"publish","type":"page","link":"https:\/\/pages.pedf.cuni.cz\/sc1\/videa-ctenarska-pregramotnost\/","title":{"rendered":"Videa &#8211; \u010dten\u00e1\u0159sk\u00e1 pregramotnost"},"content":{"rendered":"<h3>Rozvoj \u010dten\u00e1\u0159sk\u00e9 pregramotnosti u d\u011bt\u00ed s OMJ<\/h3>\n<table style=\"width: 100%\" border=\"1\" cellspacing=\"0\" cellpadding=\"0\">\n<tbody>\n<tr>\n<td valign=\"top\" width=\"25%\">T\u00e9ma:<\/td>\n<td><strong>Poh\u00e1dka \u201eT\u0159i pras\u00e1tka\u201c<\/strong><\/td>\n<\/tr>\n<tr>\n<td valign=\"top\" width=\"25%\">Video:<\/td>\n<td valign=\"top\"><a href=\"https:\/\/drive.google.com\/file\/d\/1F-kDKLa8xf78sALibSxJnsn6bXG12xsC\/view?usp=sharing\">Poh\u00e1dka \u201eT\u0159i pras\u00e1tka\u201c.mp4<\/a><\/td>\n<\/tr>\n<tr>\n<td valign=\"top\">Vyu\u010duj\u00edc\u00ed:<\/td>\n<td valign=\"top\">Mgr. Petra Risti\u0107<\/td>\n<\/tr>\n<tr>\n<td valign=\"top\">\u0160kola:<\/td>\n<td valign=\"top\">FM\u0160 Slun\u00ed\u010dko pod st\u0159echou p\u0159i Pedf UK, Praha 13<\/td>\n<\/tr>\n<tr>\n<td valign=\"top\">T\u0159\u00edda:<\/td>\n<td valign=\"top\">P\u0159ed\u0161koln\u00ed t\u0159\u00edda, po\u010det d\u011bt\u00ed: 23<\/td>\n<\/tr>\n<tr>\n<td valign=\"top\">Datum po\u0159\u00edzen\u00ed nahr\u00e1vky:<\/td>\n<td valign=\"top\">25.9.2017<\/td>\n<\/tr>\n<\/tbody>\n<\/table>\n<h3>\u010cten\u00e1\u0159sk\u00e9 strategie<\/h3>\n<table style=\"width: 100%\" border=\"1\" cellspacing=\"0\" cellpadding=\"0\">\n<tbody>\n<tr>\n<td valign=\"top\" width=\"25%\">T\u00e9ma:<\/td>\n<td><strong>Pexeso<\/strong><\/td>\n<\/tr>\n<tr>\n<td valign=\"top\" width=\"25%\">Video:<\/td>\n<td valign=\"top\"><a href=\"https:\/\/drive.google.com\/file\/d\/1Tj_M4GgI-Y4Ba0jmacxCvuTF2d5OLqb-\/view?usp=sharing\">\u017div\u00e9 poh\u00e1dkov\u00e9 pexeso (uplatn\u011bn\u00ed \u010dten\u00e1\u0159sk\u00fdch strategi\u00ed).mp4<\/a><\/td>\n<\/tr>\n<tr>\n<td valign=\"top\">Vyu\u010duj\u00edc\u00ed:<\/td>\n<td valign=\"top\">Iva Andrlov\u00e1<\/td>\n<\/tr>\n<tr>\n<td valign=\"top\">\u0160kola:<\/td>\n<td valign=\"top\">M\u0160 Slun\u00ed\u010dko, Liberec<\/td>\n<\/tr>\n<tr>\n<td valign=\"top\">T\u0159\u00edda:<\/td>\n<td valign=\"top\">Mot\u00fdlci, p\u0159ed\u0161koln\u00ed d\u011bti (5-7), 18 d\u011bt\u00ed<\/td>\n<\/tr>\n<tr>\n<td valign=\"top\">Datum po\u0159\u00edzen\u00ed nahr\u00e1vky:<\/td>\n<td valign=\"top\">27. 3. 2018<\/td>\n<\/tr>\n<\/tbody>\n<\/table>\n<table style=\"width: 100%\" border=\"1\" cellspacing=\"0\" cellpadding=\"0\">\n<tbody>\n<tr>\n<td valign=\"top\" width=\"25%\">T\u00e9ma:<\/td>\n<td><strong>Strach<\/strong><\/td>\n<\/tr>\n<tr>\n<td valign=\"top\" width=\"25%\">Video:<\/td>\n<td valign=\"top\"><a href=\"https:\/\/drive.google.com\/file\/d\/11HpiY6KhyVPzRJTVvsTWhvpgn_Y8x7M2\/view?usp=sharing\">Pov\u011bst Kde je ukryt\u00fd Golem?.mp4<\/a><\/td>\n<\/tr>\n<tr>\n<td valign=\"top\">Vyu\u010duj\u00edc\u00ed:<\/td>\n<td valign=\"top\">Ryb\u00e1rov\u00e1 Eva<\/td>\n<\/tr>\n<tr>\n<td valign=\"top\">\u0160kola:<\/td>\n<td valign=\"top\">55. mate\u0159sk\u00e1 \u0161kola Plze\u0148, p\u0159\u00edsp\u011bvkov\u00e1 organizace<\/td>\n<\/tr>\n<tr>\n<td valign=\"top\">T\u0159\u00edda:<\/td>\n<td valign=\"top\">T\u0159\u00edda U slun\u00ed\u010dka, 27 d\u011bt\u00ed, 3-6 let<\/td>\n<\/tr>\n<tr>\n<td valign=\"top\">Datum po\u0159\u00edzen\u00ed nahr\u00e1vky:<\/td>\n<td valign=\"top\">15.3.2017<\/td>\n<\/tr>\n<\/tbody>\n<\/table>\n<table style=\"width: 100%\" border=\"1\" cellspacing=\"0\" cellpadding=\"0\">\n<tbody>\n<tr>\n<td valign=\"top\" width=\"25%\">T\u00e9ma:<\/td>\n<td><strong>Znak<\/strong><\/td>\n<\/tr>\n<tr>\n<td valign=\"top\" width=\"25%\">Video:<\/td>\n<td valign=\"top\"><a href=\"https:\/\/drive.google.com\/file\/d\/1uuh9VzzXTIIaAycXV8l48XKmV3V3EADc\/view?usp=sharing\">Vypr\u00e1v\u011bn\u00ed o znaku &#8211; \u017div\u00e9 poh\u00e1dkov\u00e9 pexeso .mp4<\/a><\/td>\n<\/tr>\n<tr>\n<td valign=\"top\">Vyu\u010duj\u00edc\u00ed:<\/td>\n<td valign=\"top\">Ryb\u00e1rov\u00e1 Eva<\/td>\n<\/tr>\n<tr>\n<td valign=\"top\">\u0160kola:<\/td>\n<td valign=\"top\">55. mate\u0159sk\u00e1 \u0161kola Plze\u0148, p\u0159\u00edsp\u011bvkov\u00e1 organizace<\/td>\n<\/tr>\n<tr>\n<td valign=\"top\">T\u0159\u00edda:<\/td>\n<td valign=\"top\">T\u0159\u00edda U slun\u00ed\u010dka, 27 d\u011bt\u00ed, 3-6 let<\/td>\n<\/tr>\n<tr>\n<td valign=\"top\">Datum po\u0159\u00edzen\u00ed nahr\u00e1vky:<\/td>\n<td valign=\"top\">19.1.2017<\/td>\n<\/tr>\n<\/tbody>\n<\/table>\n","protected":false},"excerpt":{"rendered":"<p>Rozvoj \u010dten\u00e1\u0159sk\u00e9 pregramotnosti u d\u011bt\u00ed s OMJ T\u00e9ma: Poh\u00e1dka \u201eT\u0159i pras\u00e1tka\u201c Video: Poh\u00e1dka \u201eT\u0159i pras\u00e1tka\u201c.mp4 Vyu\u010duj\u00edc\u00ed: Mgr. Petra Risti\u0107 \u0160kola: FM\u0160 Slun\u00ed\u010dko pod st\u0159echou p\u0159i Pedf UK, Praha 13 T\u0159\u00edda:&#8230; <\/p>\n","protected":false},"author":464,"featured_media":0,"parent":0,"menu_order":0,"comment_status":"closed","ping_status":"closed","template":"","meta":{"footnotes":""},"class_list":["post-529","page","type-page","status-publish","hentry"],"jetpack_sharing_enabled":true,"_links":{"self":[{"href":"https:\/\/pages.pedf.cuni.cz\/sc1\/wp-json\/wp\/v2\/pages\/529","targetHints":{"allow":["GET"]}}],"collection":[{"href":"https:\/\/pages.pedf.cuni.cz\/sc1\/wp-json\/wp\/v2\/pages"}],"about":[{"href":"https:\/\/pages.pedf.cuni.cz\/sc1\/wp-json\/wp\/v2\/types\/page"}],"author":[{"embeddable":true,"href":"https:\/\/pages.pedf.cuni.cz\/sc1\/wp-json\/wp\/v2\/users\/464"}],"replies":[{"embeddable":true,"href":"https:\/\/pages.pedf.cuni.cz\/sc1\/wp-json\/wp\/v2\/comments?post=529"}],"version-history":[{"count":6,"href":"https:\/\/pages.pedf.cuni.cz\/sc1\/wp-json\/wp\/v2\/pages\/529\/revisions"}],"predecessor-version":[{"id":646,"href":"https:\/\/pages.pedf.cuni.cz\/sc1\/wp-json\/wp\/v2\/pages\/529\/revisions\/646"}],"wp:attachment":[{"href":"https:\/\/pages.pedf.cuni.cz\/sc1\/wp-json\/wp\/v2\/media?parent=529"}],"curies":[{"name":"wp","href":"https:\/\/api.w.org\/{rel}","templated":true}]}}