{"id":1698,"date":"2020-04-25T10:53:48","date_gmt":"2020-04-25T08:53:48","guid":{"rendered":"http:\/\/pages.pedf.cuni.cz\/sc25\/?page_id=1698"},"modified":"2020-09-06T00:05:48","modified_gmt":"2020-09-05T22:05:48","slug":"videa","status":"publish","type":"page","link":"https:\/\/pages.pedf.cuni.cz\/sc25\/videa\/","title":{"rendered":"Videoz\u00e1znamy"},"content":{"rendered":"<p>V r\u00e1mci zaji\u0161t\u011bn\u00ed \u0161\u00ed\u0159en\u00ed v\u00fdstup\u016f projektu byly nato\u010deny videonahr\u00e1vky v\u00fduky z ak\u010dn\u00edch v\u00fdzkum\u016f (KA03 \u2013 Spole\u010denstv\u00ed praxe pro zv\u00fd\u0161en\u00ed kvality vzd\u011bl\u00e1v\u00e1n\u00ed \u017e\u00e1k\u016f, rozvoje kl\u00ed\u010dov\u00fdch kompetenc\u00ed, oblast\u00ed vzd\u011bl\u00e1v\u00e1n\u00ed a gramotnost\u00ed (Spole\u010denstv\u00ed) v zapojen\u00fdch \u0161kol\u00e1ch jako prost\u0159edek pro \u0159e\u0161en\u00ed vzd\u011bl\u00e1vac\u00edch situac\u00ed.<\/p>\n<p><strong>Odkazy na jednotliv\u00e1 videa naleznete zde:<\/strong><\/p>\n<p><strong>\u010cten\u00e1\u0159sk\u00e1 gramotnost<\/strong><\/p>\n<p>1. Tvo\u0159iv\u00e9 p\u0159\u00edstupy k liter\u00e1rn\u00ed v\u00fdchov\u011b &#8211; <a href=\"https:\/\/youtu.be\/FiBa4D6i2-o\"><strong>zde<\/strong><\/a><\/p>\n<p>2. Pr\u00e1ce s textem ve 3. ro\u010dn\u00edku Z\u0160 &#8211; <a href=\"https:\/\/youtu.be\/yFmPTBkdQws\"><strong>zde<\/strong><\/a><\/p>\n<p><strong>Matematick\u00e1 gramotnost<\/strong><\/p>\n<p>1. Kupujeme byt &#8211; <a href=\"https:\/\/youtu.be\/zerS2744qzM\"><strong>zde<\/strong><\/a><\/p>\n<p>2. Vys\u00edla\u010d &#8211; p\u0159ij\u00edma\u010d &#8211; <a href=\"https:\/\/youtu.be\/uee3TVclzPE\"><strong>zde<\/strong><\/a><\/p>\n<p><strong>Informa\u010dn\u00ed gramotnost<\/strong><\/p>\n<p>1. Pos\u00edl\u00e1n\u00ed informac\u00ed skrze Micro:bit &#8211;\u00a0<a href=\"https:\/\/youtu.be\/EcrPRHpFeo8\"><strong>zde<\/strong><\/a><\/p>\n<p>2. Pr\u00e1ce s programovatelnou hra\u010dkou Bee-bot &#8211;\u00a0<a href=\"https:\/\/youtu.be\/Pf_5F4Xr6Ok\"><strong>zde<\/strong><\/a><\/p>\n<p><strong>Ob\u010dansk\u00e9 a soci\u00e1ln\u00ed kompetence<\/strong><\/p>\n<p>1. Efektivn\u00ed diskuze mezi \u017e\u00e1ky &#8211; mapov\u00e1n\u00ed diskuzn\u00edch schopnost\u00ed na po\u010d\u00e1tku ak\u010dn\u00edho v\u00fdzkumu &#8211; <a href=\"https:\/\/youtu.be\/TohIoOvJrKQ\"><strong>zde<\/strong><\/a><\/p>\n<p>2. Efektivn\u00ed diskuze mezi \u017e\u00e1ky &#8211; p\u0159ipraven\u00e1 diskuze ve skupin\u011b a jej\u00ed reflexe &#8211; <a href=\"https:\/\/youtu.be\/TW-y-EEQDnw\"><strong>zde<\/strong><\/a><\/p>\n<p><strong>\u010clov\u011bk a p\u0159\u00edroda: Chemie<\/strong><\/p>\n<p>1. Neutralizace &#8211; <strong><a href=\"https:\/\/youtu.be\/1u0XyD4ht8E\">zde<\/a><\/strong><\/p>\n<p>2. Ho\u0159en\u00ed propan-butanu &#8211; <a href=\"https:\/\/youtu.be\/uCrTaqpWX-I\"><strong>zde<\/strong><\/a><\/p>\n<p><strong>\u010clov\u011bk a p\u0159\u00edroda: P\u0159\u00edrodopis<\/strong><\/p>\n<p>1. Badatelsky orientovan\u00e1 v\u00fduka s vyu\u017eit\u00edm skupinov\u00e9 pr\u00e1ce p\u0159\u00edrodopis &#8211; geologie &#8211; <a href=\"https:\/\/youtu.be\/0dJrKvumCcs\"><strong>zde<\/strong><\/a><\/p>\n<p>&nbsp;<\/p>\n<p>&nbsp;<\/p>\n","protected":false},"excerpt":{"rendered":"<p>V r\u00e1mci zaji\u0161t\u011bn\u00ed \u0161\u00ed\u0159en\u00ed v\u00fdstup\u016f projektu byly nato\u010deny videonahr\u00e1vky v\u00fduky z ak\u010dn\u00edch v\u00fdzkum\u016f (KA03 \u2013 Spole\u010denstv\u00ed praxe pro zv\u00fd\u0161en\u00ed kvality vzd\u011bl\u00e1v\u00e1n\u00ed \u017e\u00e1k\u016f, rozvoje kl\u00ed\u010dov\u00fdch kompetenc\u00ed, oblast\u00ed vzd\u011bl\u00e1v\u00e1n\u00ed a gramotnost\u00ed (Spole\u010denstv\u00ed) v zapojen\u00fdch \u0161kol\u00e1ch jako prost\u0159edek pro \u0159e\u0161en\u00ed vzd\u011bl\u00e1vac\u00edch situac\u00ed. Odkazy na jednotliv\u00e1 videa naleznete zde: \u010cten\u00e1\u0159sk\u00e1 gramotnost 1. Tvo\u0159iv\u00e9 p\u0159\u00edstupy k liter\u00e1rn\u00ed v\u00fdchov\u011b &#8211; zde &hellip; <a href=\"https:\/\/pages.pedf.cuni.cz\/sc25\/videa\/\">Continue reading <span class=\"meta-nav\">&rarr;<\/span><\/a><\/p>\n","protected":false},"author":465,"featured_media":0,"parent":0,"menu_order":0,"comment_status":"closed","ping_status":"closed","template":"","meta":{"footnotes":""},"class_list":["post-1698","page","type-page","status-publish","hentry"],"_links":{"self":[{"href":"https:\/\/pages.pedf.cuni.cz\/sc25\/wp-json\/wp\/v2\/pages\/1698","targetHints":{"allow":["GET"]}}],"collection":[{"href":"https:\/\/pages.pedf.cuni.cz\/sc25\/wp-json\/wp\/v2\/pages"}],"about":[{"href":"https:\/\/pages.pedf.cuni.cz\/sc25\/wp-json\/wp\/v2\/types\/page"}],"author":[{"embeddable":true,"href":"https:\/\/pages.pedf.cuni.cz\/sc25\/wp-json\/wp\/v2\/users\/465"}],"replies":[{"embeddable":true,"href":"https:\/\/pages.pedf.cuni.cz\/sc25\/wp-json\/wp\/v2\/comments?post=1698"}],"version-history":[{"count":16,"href":"https:\/\/pages.pedf.cuni.cz\/sc25\/wp-json\/wp\/v2\/pages\/1698\/revisions"}],"predecessor-version":[{"id":1717,"href":"https:\/\/pages.pedf.cuni.cz\/sc25\/wp-json\/wp\/v2\/pages\/1698\/revisions\/1717"}],"wp:attachment":[{"href":"https:\/\/pages.pedf.cuni.cz\/sc25\/wp-json\/wp\/v2\/media?parent=1698"}],"curies":[{"name":"wp","href":"https:\/\/api.w.org\/{rel}","templated":true}]}}