{"id":292,"date":"2017-04-20T15:51:40","date_gmt":"2017-04-20T13:51:40","guid":{"rendered":"http:\/\/pages.pedf.cuni.cz\/sc25\/?page_id=292"},"modified":"2020-02-23T13:04:26","modified_gmt":"2020-02-23T12:04:26","slug":"aktuality","status":"publish","type":"page","link":"https:\/\/pages.pedf.cuni.cz\/sc25\/aktuality\/","title":{"rendered":"Aktuality"},"content":{"rendered":"<h3>Projekt byl ukon\u010den, p\u0159ehled realizovan\u00fdch setk\u00e1n\u00ed Spole\u010denstv\u00ed praxe.<\/h3>\n<p>&nbsp;<\/p>\n<p><strong>18.10.2019 <\/strong>se uskute\u010dnila konference pro <strong>SC2\/SC5 KA6 &#8211; Spole\u010denstv\u00ed praxe jako \u00fa\u010dinn\u00fd faktor rozvoje z\u00e1kladn\u00edho a st\u0159edn\u00edho vzd\u011bl\u00e1v\u00e1n\u00ed &#8211; propojen\u00ed teorie a praxe<\/strong> v hotelu Grandium, Politick\u00fdch v\u011bz\u0148\u016f 913\/12, Praha 1, na kterou byli pozv\u00e1ni v\u0161ichni u\u010ditel\u00e9, akademi\u010dt\u00ed pracovn\u00edci, studenti a \u0159editel\u00e9 zapojeni do projektu Spole\u010denstv\u00ed praxe (Zv\u00fd\u0161en\u00ed kvality vzd\u011bl\u00e1v\u00e1n\u00ed \u017e\u00e1k\u016f, rozvoje kl\u00ed\u010dov\u00fdch kompetenc\u00ed, oblast\u00ed vzd\u011bl\u00e1v\u00e1n\u00ed a gramotnost\u00ed, Reg. \u010d. CZ.02.3.68\/0.0\/0.0\/16_011\/0000664) a dal\u0161\u00ed host\u00e9.<\/p>\n<p>Program naleznete<strong> <a href=\"https:\/\/pages.pedf.cuni.cz\/sc25\/files\/2020\/02\/Pozvanka_konference_KA6_pdf-1.pdf\">zde<\/a><\/strong><\/p>\n<p>&nbsp;<\/p>\n<p><strong>21.6.2019<\/strong> se na Pedagogick\u00e9 fakult\u011b UK uskute\u010dnilo setk\u00e1n\u00ed <strong>KA5 &#8211; Ak\u010dn\u00ed v\u00fdzkum<\/strong>, kter\u00e9ho se z\u00fa\u010dastnili u\u010ditel\u00e9, studenti, oborov\u00ed didaktici a dal\u0161\u00ed pracovn\u00edci (Zv\u00fd\u0161en\u00ed kvality vzd\u011bl\u00e1v\u00e1n\u00ed \u017e\u00e1k\u016f, rozvoje kl\u00ed\u010dov\u00fdch kompetenc\u00ed, oblast\u00ed vzd\u011bl\u00e1v\u00e1n\u00ed a gramotnost\u00ed, Reg. \u010d. CZ.02.3.68\/0.0\/0.0\/16_011\/0000664).<\/p>\n<p>Program naleznete <a href=\"https:\/\/pages.pedf.cuni.cz\/sc25\/files\/2019\/05\/KA5_Program_setk\u00e1n\u00ed_21_6_2019.pdf\"><strong>zde<\/strong><\/a><\/p>\n<p>&nbsp;<\/p>\n<p><strong>21.6.2019<\/strong> se na Pedagogick\u00e9 fakult\u011b UK uskute\u010dnilo n\u00e1hradn\u00ed setk\u00e1n\u00ed pro u\u010ditele zapojen\u00e9 do <strong>KA3 &#8211; Spole\u010denstv\u00ed praxe <\/strong>(Zv\u00fd\u0161en\u00ed kvality vzd\u011bl\u00e1v\u00e1n\u00ed \u017e\u00e1k\u016f, rozvoje kl\u00ed\u010dov\u00fdch kompetenc\u00ed, oblast\u00ed vzd\u011bl\u00e1v\u00e1n\u00ed a gramotnost\u00ed, Reg. \u010d. CZ.02.3.68\/0.0\/0.0\/16_011\/0000664).<\/p>\n<p>Program naleznete <a href=\"https:\/\/pages.pedf.cuni.cz\/sc25\/files\/2020\/02\/Program_21.6.2019.pdf\"><strong>zde<\/strong><\/a><\/p>\n<p>&nbsp;<\/p>\n<p><strong>18.12.2019\u00a0 <\/strong>se na TU v Liberci uskute\u010dnilo setk\u00e1n\u00ed k t\u00e9matu mentoringu, kter\u00e9ho se z\u00fa\u010dastnili u\u010ditel\u00e9, studenti, oborov\u00ed didaktici a pracovn\u00edci ped.psych pracovi\u0165 vzd\u011bl\u00e1vac\u00edho modulu <strong>\u010clov\u011bk a p\u0159\u00edroda &#8211; Zem\u011bpis <\/strong>v z obou zapojen\u00fdch partnersk\u00fdch univerzit JU a TUL\u00a0v <strong>Kl\u00ed\u010dov\u00e9 aktivit\u011b 4<\/strong> <strong>&#8211; Mentoring ve Spole\u010denstv\u00ed praxe<\/strong>\u00a0<strong>SC2\/5 <\/strong>(Zv\u00fd\u0161en\u00ed kvality vzd\u011bl\u00e1v\u00e1n\u00ed \u017e\u00e1k\u016f, rozvoje kl\u00ed\u010dov\u00fdch kompetenc\u00ed, oblast\u00ed vzd\u011bl\u00e1v\u00e1n\u00ed a gramotnost\u00ed, Reg. \u010d. CZ.02.3.68\/0.0\/0.0\/16_011\/0000664)<strong>.<\/strong><\/p>\n<p>Program naleznete <a href=\"https:\/\/pages.pedf.cuni.cz\/sc25\/files\/2018\/12\/program_18.12._\u010cB.pdf\"><strong>zde<\/strong><\/a><\/p>\n<p>&nbsp;<\/p>\n<p><strong>6.12. a 7.12.2018 <\/strong>se na TU v Liberci uskute\u010dnilo setk\u00e1n\u00ed k t\u00e9matu mentoringu, kter\u00e9ho se z\u00fa\u010dastnili u\u010ditel\u00e9 zapojeni do projektu v r\u00e1mci partnerstv\u00ed s TU v <strong>Kl\u00ed\u010dov\u00e9 aktivit\u011b 4<\/strong> <strong>&#8211; Mentoring ve Spole\u010denstv\u00ed praxe<\/strong> <strong>SC2\/5<\/strong> (Zv\u00fd\u0161en\u00ed kvality vzd\u011bl\u00e1v\u00e1n\u00ed \u017e\u00e1k\u016f, rozvoje kl\u00ed\u010dov\u00fdch kompetenc\u00ed, oblast\u00ed vzd\u011bl\u00e1v\u00e1n\u00ed a gramotnost\u00ed, Reg. \u010d. CZ.02.3.68\/0.0\/0.0\/16_011\/0000664)<strong>.<\/strong><\/p>\n<p>Program naleznete <a href=\"https:\/\/pages.pedf.cuni.cz\/sc25\/files\/2018\/11\/TU_KA4_program_prosinec.docx\"><strong>zde<\/strong><\/a><\/p>\n<p>&nbsp;<\/p>\n<p><strong>5. 12. 2018<\/strong> se uskute\u010dnilo na Matematicko-fyzik\u00e1ln\u00ed fakult\u011b Univerzity Karlovy setk\u00e1n\u00ed <strong>KA 4 &#8211; Mentoring ve Spole\u010denstv\u00ed praxe<\/strong> <strong>SC2\/5<\/strong> (Zv\u00fd\u0161en\u00ed kvality vzd\u011bl\u00e1v\u00e1n\u00ed \u017e\u00e1k\u016f, rozvoje kl\u00ed\u010dov\u00fdch kompetenc\u00ed, oblast\u00ed vzd\u011bl\u00e1v\u00e1n\u00ed a gramotnost\u00ed, Reg. \u010d. CZ.02.3.68\/0.0\/0.0\/16_011\/0000664)<strong>.<\/strong><\/p>\n<p>Program naleznete <strong><a href=\"https:\/\/pages.pedf.cuni.cz\/sc25\/files\/2018\/12\/KA4_MatFyz_5.12.2018-2.docx\">zde<\/a><\/strong><\/p>\n<p>&nbsp;<\/p>\n<p><strong>28. 11. 2018 a 29.11.2018 <\/strong>se na Pedagogick\u00e9 fakult\u011b Univerzity Karlovy uskute\u010dnilo setk\u00e1n\u00ed <strong>Vzd\u011bl\u00e1vac\u00edho modulu: Chemie SC5 &#8211; KA 4 &#8211; Mentoring ve Spole\u010denstv\u00ed praxe<\/strong> (Zv\u00fd\u0161en\u00ed kvality vzd\u011bl\u00e1v\u00e1n\u00ed \u017e\u00e1k\u016f, rozvoje kl\u00ed\u010dov\u00fdch kompetenc\u00ed, oblast\u00ed vzd\u011bl\u00e1v\u00e1n\u00ed a gramotnost\u00ed, Reg. \u010d. CZ.02.3.68\/0.0\/0.0\/16_011\/0000664)<strong>.<\/strong><\/p>\n<p>Program naleznete <strong><a href=\"https:\/\/pages.pedf.cuni.cz\/sc25\/files\/2018\/12\/28_29.11.2018_KA4_Chemie.docx\">zde<\/a><\/strong><\/p>\n<p>&nbsp;<\/p>\n<p><strong>28.11. <\/strong>se na Pedagogick\u00e9 fakult\u011b Univerzity Karlovy uskute\u010dnilo setk\u00e1n\u00ed <strong>KA 4 &#8211; Mentoring ve Spole\u010denstv\u00ed praxe<\/strong> <strong>SC2\/5<\/strong> (Zv\u00fd\u0161en\u00ed kvality vzd\u011bl\u00e1v\u00e1n\u00ed \u017e\u00e1k\u016f, rozvoje kl\u00ed\u010dov\u00fdch kompetenc\u00ed, oblast\u00ed vzd\u011bl\u00e1v\u00e1n\u00ed a gramotnost\u00ed, Reg. \u010d. CZ.02.3.68\/0.0\/0.0\/16_011\/0000664)<strong>.<\/strong> <strong><br \/>\n<\/strong><\/p>\n<p>Program naleznete <a href=\"https:\/\/pages.pedf.cuni.cz\/sc25\/files\/2018\/11\/KA-4-28.11.2018-1.docx\"><strong>zde<\/strong><\/a><\/p>\n<p>&nbsp;<\/p>\n<p><strong>19.11. a 20.11.2018 <\/strong>se na Masarykov\u011b univerzit\u011b uskute\u010dnilo setk\u00e1n\u00ed k t\u00e9matu mentoringu, kter\u00e9ho se z\u00fa\u010dastnili u\u010ditel\u00e9 zapojeni do projektu v r\u00e1mci partnerstv\u00ed s MU v <strong>Kl\u00ed\u010dov\u00e9 aktivit\u011b 4<\/strong> <strong>&#8211; Mentoring ve Spole\u010denstv\u00ed praxe<\/strong> <strong>SC2\/5<\/strong> (Zv\u00fd\u0161en\u00ed kvality vzd\u011bl\u00e1v\u00e1n\u00ed \u017e\u00e1k\u016f, rozvoje kl\u00ed\u010dov\u00fdch kompetenc\u00ed, oblast\u00ed vzd\u011bl\u00e1v\u00e1n\u00ed a gramotnost\u00ed, Reg. \u010d. CZ.02.3.68\/0.0\/0.0\/16_011\/0000664)<strong>.<\/strong><\/p>\n<p>Program naleznete <a href=\"https:\/\/pages.pedf.cuni.cz\/sc25\/files\/2018\/11\/MU_KA4_-program.docx\"><strong>zde<\/strong><\/a><\/p>\n<p>&nbsp;<\/p>\n<p><strong>15.11. a 16.11.2018 <\/strong>se na Pedagogick\u00e9 fakult\u011b Univerzity Karlovy uskute\u010dnilo setk\u00e1n\u00ed k t\u00e9matu mentoringu, kter\u00e9ho se z\u00fa\u010dastnili u\u010ditel\u00e9 zapojeni do projektu v r\u00e1mci partnerstv\u00ed s UK v <strong>Kl\u00ed\u010dov\u00e9 aktivit\u011b 4<\/strong> <strong>&#8211; Mentoring ve Spole\u010denstv\u00ed praxe<\/strong> <strong>SC2\/5<\/strong> (Zv\u00fd\u0161en\u00ed kvality vzd\u011bl\u00e1v\u00e1n\u00ed \u017e\u00e1k\u016f, rozvoje kl\u00ed\u010dov\u00fdch kompetenc\u00ed, oblast\u00ed vzd\u011bl\u00e1v\u00e1n\u00ed a gramotnost\u00ed, Reg. \u010d. CZ.02.3.68\/0.0\/0.0\/16_011\/0000664)<strong>.<\/strong><\/p>\n<p>Program naleznete <strong><a href=\"https:\/\/pages.pedf.cuni.cz\/sc25\/files\/2018\/11\/Program_setk\u00e1n\u00ed-s-u\u010diteli_15_16_11_2018.docx\">zde<\/a><\/strong><\/p>\n<p>&nbsp;<\/p>\n<p><strong>14.11.2018 <\/strong>se uskute\u010dnilo na Pedagogick\u00e9 fakult\u011b UK na Kated\u0159e ob\u010dansk\u00e9 v\u00fdchovy a filosofie ve 2. pat\u0159e v R 207 od 9 hodin n\u00e1hradn\u00ed setk\u00e1n\u00ed u\u010ditel\u016f <strong>vzd\u011bl\u00e1vac\u00edho modulu Ob\u010dansk\u00fdch a soci\u00e1ln\u00edch komeptenc\u00ed SC2<\/strong> v projektu Spole\u010denstv\u00ed praxe (Zv\u00fd\u0161en\u00ed kvality vzd\u011bl\u00e1v\u00e1n\u00ed \u017e\u00e1k\u016f, rozvoje kl\u00ed\u010dov\u00fdch kompetenc\u00ed, oblast\u00ed vzd\u011bl\u00e1v\u00e1n\u00ed a gramotnost\u00ed, Reg. \u010d. CZ.02.3.68\/0.0\/0.0\/16_011\/0000664)<strong>. <\/strong>Osloveni byli kolegov\u00e9, se kter\u00fdmi je pot\u0159eba dokon\u010dit pr\u00e1ci na portfoli\u00edch. Pokud byste je\u0161t\u011b n\u011bkdo dal\u0161\u00ed pot\u0159ebovali pomoci s dokon\u010den\u00edm portfolia nebo konzultovat k t\u00e9mat\u016fm, nab\u00edz\u00edme v\u00e1m tuto mo\u017enost tak\u00e9. Pokud budete cht\u00edt tuto mo\u017enost vyu\u017e\u00edt, napi\u0161te email na: michaela.dvorakova@pedf.cuni.cz (<span class=\"st\">Ing. Michaela Dvo\u0159\u00e1kov\u00e1, Ph.D.<\/span>).<\/p>\n<p>Program naleznete <strong><a href=\"https:\/\/pages.pedf.cuni.cz\/sc25\/files\/2018\/12\/Program-SETK\u00c1N\u00cd-14_11_2018_OSK.docx\">zde<\/a><\/strong><\/p>\n<p>&nbsp;<\/p>\n<p><strong>8.11. a 9.11.2018 <\/strong>se na Pedagogick\u00e9 fakult\u011b Jiho\u010desk\u00e9 univerzity uskute\u010dnilo setk\u00e1n\u00ed k t\u00e9matu mentoringu, kter\u00e9ho se z\u00fa\u010dastnili v\u0161ichni u\u010ditel\u00e9 zapojeni do projektu\u00a0v r\u00e1mci partnerstv\u00ed s JU\u00a0v <strong>Kl\u00ed\u010dov\u00e9 aktivit\u011b 4<\/strong> <strong>&#8211; Mentoring ve Spole\u010denstv\u00ed praxe<\/strong> <strong>SC2\/5<\/strong> (Zv\u00fd\u0161en\u00ed kvality vzd\u011bl\u00e1v\u00e1n\u00ed \u017e\u00e1k\u016f, rozvoje kl\u00ed\u010dov\u00fdch kompetenc\u00ed, oblast\u00ed vzd\u011bl\u00e1v\u00e1n\u00ed a gramotnost\u00ed, Reg. \u010d. CZ.02.3.68\/0.0\/0.0\/16_011\/0000664) .<\/p>\n<p>Program naleznete<strong> <a href=\"https:\/\/pages.pedf.cuni.cz\/sc25\/files\/2018\/12\/Program_Setk\u00e1n\u00ed-\u010cB_Mentoring_8.9.11.-1.docx\">zde<\/a><\/strong><\/p>\n<p>&nbsp;<\/p>\n<p><strong>19.10. &#8211; 21.10.2018<\/strong> se uskute\u010dnilo na Fakult\u011b p\u0159\u00edrodov\u011bdn\u011b-humanitn\u00ed a pedagogick\u00e9 na Technick\u00e9 univerzit\u011b v Liberci spole\u010dn\u00e9 setk\u00e1n\u00ed u\u010ditel\u016f <strong>Spole\u010denstv\u00ed praxe SC5<\/strong> vzd\u011bl\u00e1vac\u00edho modulu: <strong>\u010clov\u011bk a p\u0159\u00edroda &#8211; Zem\u011bpis<\/strong>, setk\u00e1n\u00ed bylo koncipov\u00e1no jako prodlou\u017een\u00fd v\u00edkend pro u\u010ditele, kte\u0159\u00ed se nov\u011b zapojuj\u00ed do projektu za TUL.<\/p>\n<p>Program naleznete <a href=\"https:\/\/pages.pedf.cuni.cz\/sc25\/files\/2018\/10\/program_liberec_rijen-1.pdf\"><strong>zde<\/strong>.<\/a><\/p>\n<p>&nbsp;<\/p>\n<p><strong>17.10.2018 <\/strong>se uskute\u010dnilo ji\u017e <strong>\u0161est\u00e9 setk\u00e1n\u00ed u\u010ditel\u016f zapojen\u00fdch do projektu Spole\u010denstv\u00ed praxe<\/strong> (Zv\u00fd\u0161en\u00ed kvality vzd\u011bl\u00e1v\u00e1n\u00ed \u017e\u00e1k\u016f, rozvoje kl\u00ed\u010dov\u00fdch kompetenc\u00ed, oblast\u00ed vzd\u011bl\u00e1v\u00e1n\u00ed a gramotnost\u00ed) na p\u016fd\u011b Pedagogick\u00e9 fakulty Univerzity Karlovy, kter\u00e9 mimo jin\u00e9 obsahovalo mnoho zaj\u00edmav\u00fdch semin\u00e1\u0159\u016f pro u\u010ditele zapojen\u00e9 do v\u0161ech vzd\u011bl\u00e1vac\u00edch modul\u016f ve <strong>Spole\u010denstv\u00ed praxe SC2\/5<\/strong>.<\/p>\n<p>Program naleznete <a href=\"https:\/\/pages.pedf.cuni.cz\/sc25\/files\/2018\/11\/Program-SETK\u00c1N\u00cd-17_10_2018novy.docx\"><strong>zde<\/strong>.<\/a><\/p>\n<p>Popis jednotliv\u00fdch semin\u00e1\u0159\u016f s anotacemi naleznete <a href=\"https:\/\/pages.pedf.cuni.cz\/sc25\/1129-2\/\"><strong>zde<\/strong><\/a>.<\/p>\n<p>U\u010ditel\u00e9 se mohou na toto setk\u00e1n\u00ed p\u0159ihla\u0161ovat <a href=\"https:\/\/docs.google.com\/forms\/d\/e\/1FAIpQLSff0SFsomS-cvKidjmQUJ6gu8BRMigouJzTbUvUYR9x0ltREw\/viewform\"><strong>zde.<\/strong><\/a><\/p>\n<p>&nbsp;<\/p>\n<p><strong>3.10.2018<\/strong> se uskute\u010dnilo setk\u00e1n\u00ed u\u010ditel\u016f <strong>Spole\u010denstv\u00ed praxe SC5<\/strong> vzd\u011bl\u00e1vac\u00edho modulu: <strong>\u010clov\u011bk a p\u0159\u00edroda &#8211; Fyzika<\/strong>, v\u00edce podrobnost\u00ed naleznete <a href=\"https:\/\/pages.pedf.cuni.cz\/sc25\/files\/2018\/09\/664_Fyzika_program_setk\u00e1n\u00ed-s-uciteli_3_10_2018.docx\"><strong>zde<\/strong><\/a>.<\/p>\n<p>&nbsp;<\/p>\n<p><strong>25.9.2018<\/strong> se uskute\u010dnilo setk\u00e1n\u00ed u\u010ditel\u016f <strong>Spole\u010denstv\u00ed praxe SC2<\/strong> vzd\u011bl\u00e1vac\u00edho modulu: <strong>\u010cten\u00e1\u0159sk\u00e9 gramotnosti <\/strong> na Fakult\u011b p\u0159\u00edrodov\u011bdn\u011b-humanitn\u00ed a pedagogick\u00e9, Technick\u00e1 univerzita v Liberci, v\u00edce podrobnost\u00ed naleznete <strong><a href=\"https:\/\/pages.pedf.cuni.cz\/sc25\/files\/2018\/10\/644_program_CG_25.9.2018-1.docx\">zde.<\/a><\/strong><\/p>\n<p>&nbsp;<\/p>\n<p><strong>21.-23.9.2018\u00a0<\/strong>prob\u011bhlo setk\u00e1n\u00ed u\u010ditel\u016f v r\u00e1mci <strong>Spole\u010denstv\u00ed praxe SC5<\/strong>, konan\u00e9 v Liberci . Setk\u00e1n\u00ed bylo koncipov\u00e1no jako prodlou\u017een\u00fd v\u00edkend pro u\u010ditele, kte\u0159\u00ed jsou zapojeni ve vzd\u011bl\u00e1vac\u00edm modulu <strong>\u010clov\u011bk a p\u0159\u00edroda &#8211; Zem\u011bpis<\/strong>. Program setk\u00e1n\u00ed naleznete<strong> <a href=\"https:\/\/pages.pedf.cuni.cz\/sc25\/files\/2018\/09\/Program_Liberec_z\u00e1\u0159\u00ed_2018.pdf\">zde<\/a><\/strong>.<\/p>\n<p>&nbsp;<\/p>\n<p><strong>\u010cerven<\/strong> <strong>2018<\/strong> &#8211; o jednotliv\u00fdch setk\u00e1n\u00edch vzd\u011bl\u00e1vac\u00edch modul\u016f <strong>Spole\u010denstv\u00ed praxe SC2\/5<\/strong> se m\u016f\u017eete do\u010d\u00edst <strong><a href=\"https:\/\/pages.pedf.cuni.cz\/sc25\/cervnova-setkani-jednotlivych-gramotnosti\/\">zde.<\/a><\/strong><\/p>\n<p>&nbsp;<\/p>\n<p><strong>Duben a kv\u011bten<\/strong> <strong>2018<\/strong> &#8211; v\u00edce informac\u00ed o setk\u00e1n\u00edch jednotliv\u00fdch vzd\u011bl\u00e1vac\u00edch modul\u016f <strong>Spole\u010denstv\u00ed praxe SC2\/5<\/strong> naleznete <strong><a href=\"https:\/\/pages.pedf.cuni.cz\/sc25\/kvetnova-a-dubnova-setkani-jednotlivych-vzdelavacich-modulu\/\">zde.<\/a><\/strong><\/p>\n<p>&nbsp;<\/p>\n<p align=\"left\"><strong>16.5.2018 <\/strong>se uskute\u010dnilo na p\u016fd\u011b Pedagogick\u00e9 fakulty Univerzity Karlovy ji\u017e p\u00e1t\u00e9 setk\u00e1n\u00ed u\u010ditel\u016f zapojen\u00fdch do projektu <strong>Spole\u010denstv\u00ed praxe SC2\/5 <\/strong>(Zv\u00fd\u0161en\u00ed kvality vzd\u011bl\u00e1v\u00e1n\u00ed \u017e\u00e1k\u016f, rozvoje kl\u00ed\u010dov\u00fdch kompetenc\u00ed, oblast\u00ed vzd\u011bl\u00e1v\u00e1n\u00ed a gramotnost\u00ed). Setk\u00e1n\u00ed bylo zam\u011b\u0159eno na akt\u00e9ry &#8211; \u017e\u00e1ka a u\u010ditele.<strong><br \/>\n<\/strong><\/p>\n<p align=\"left\">Program naleznete <strong><a href=\"https:\/\/pages.pedf.cuni.cz\/sc25\/program-setkani-spolecenstvi-praxe-16-5-2018\/\">zde<\/a><\/strong>.<\/p>\n<p align=\"left\">Jednotliv\u00e9 semin\u00e1\u0159e s anotacemi &#8211; <strong>zam\u011b\u0159eno na \u017e\u00e1ka naleznete <\/strong><a href=\"https:\/\/pages.pedf.cuni.cz\/sc25\/files\/2018\/10\/SEMINE-16_5_2018_Zamereno_na_zaka-1.docx\"><strong>zde<\/strong><\/a><\/p>\n<p align=\"left\">Jednotliv\u00e9 semin\u00e1\u0159e s anotacemi &#8211; <strong>zam\u0159eno na u\u010ditele naleznete<\/strong> <a href=\"https:\/\/pages.pedf.cuni.cz\/sc25\/files\/2018\/10\/SEMINE-16_5_2018_Zamereno_na_ucitele.docx\"><strong>zde<\/strong><\/a><\/p>\n<p>&nbsp;<\/p>\n<p align=\"left\"><strong>30.1.2018 <\/strong>se uskute\u010dnilo na p\u016fd\u011b Pedagogick\u00e9 fakulty Univerzity Karlovy ji\u017e \u010dtvrt\u00e9 setk\u00e1n\u00ed u\u010ditel\u016f zapojen\u00fdch do projektu <strong>Spole\u010denstv\u00ed praxe SC2\/5<\/strong> (Zv\u00fd\u0161en\u00ed kvality vzd\u011bl\u00e1v\u00e1n\u00ed \u017e\u00e1k\u016f, rozvoje kl\u00ed\u010dov\u00fdch kompetenc\u00ed, oblast\u00ed vzd\u011bl\u00e1v\u00e1n\u00ed a gramotnost\u00ed), kter\u00e9 bylo zam\u011b\u0159eno na mezip\u0159edm\u011btov\u00e9 vztahy.<\/p>\n<p align=\"left\">T\u00e9mata a anotace jednoliv\u00fdch semin\u00e1\u0159\u016f naleznete <a href=\"https:\/\/pages.pedf.cuni.cz\/sc25\/seznam-temat-k-setkani-mezipredmetovych-vztahu\/\"><strong>zde<\/strong><\/a>.<\/p>\n<p align=\"left\">Program naleznete <strong><a href=\"https:\/\/pages.pedf.cuni.cz\/sc25\/program-setkani-spolecenstvi-praxe-30-1-2018\/\">zde<\/a><\/strong>.<\/p>\n<p>&nbsp;<\/p>\n<p align=\"left\"><strong>22. a 29.11.2017 <\/strong>prob\u011bhlo ji\u017e t\u0159et\u00ed setk\u00e1n\u00ed s u\u010diteli za\u010dlen\u011bn\u00fdmi do <strong>Spole\u010denstv\u00ed praxe<\/strong> <strong>SC2\/5<\/strong> v projektu Zv\u00fd\u0161en\u00ed kvality vzd\u011bl\u00e1v\u00e1n\u00ed \u017e\u00e1k\u016f, rozvoje kl\u00ed\u010dov\u00fdch kompetenc\u00ed, oblast\u00ed vzd\u011bl\u00e1v\u00e1n\u00ed a gramotnost\u00ed, v\u00edce informac\u00ed o tomto setk\u00e1n\u00ed naleznete\u00a0<a href=\"https:\/\/pages.pedf.cuni.cz\/sc25\/3-setkani-s-uciteli-v-ramci-projektu-spolecenstvi-praxe\/\">zde<\/a>.<\/p>\n<p align=\"left\">Program 3. setk\u00e1n\u00ed u\u010ditel\u016f Spole\u010denstv\u00ed praxe:<\/p>\n<ul>\n<li>22.11. 2017 <strong><a href=\"https:\/\/pages.pedf.cuni.cz\/sc25\/files\/2017\/04\/Program-jedn\u00e1n\u00ed_22.11.2017_.pdf\">zde<\/a><\/strong><\/li>\n<li>29.11.2017<strong> <a href=\"https:\/\/pages.pedf.cuni.cz\/sc25\/files\/2017\/04\/Program-jedn\u00e1n\u00ed_29.11.2017.pdf\">zde<\/a><\/strong><\/li>\n<\/ul>\n<p>&nbsp;<\/p>\n<p style=\"text-align: left\" align=\"left\"><strong>15.9. a 22.9.2017 <\/strong>prob\u011bhlo ji\u017e druh\u00e9 setk\u00e1n\u00ed s u\u010diteli za\u010dlen\u011bn\u00fdmi do <strong>Spole\u010denstv\u00ed praxe\u00a0SC2\/5<\/strong> v projektu Zv\u00fd\u0161en\u00ed kvality vzd\u011bl\u00e1v\u00e1n\u00ed \u017e\u00e1k\u016f, rozvoje kl\u00ed\u010dov\u00fdch kompetenc\u00ed, oblast\u00ed vzd\u011bl\u00e1v\u00e1n\u00ed a gramotnost\u00ed, v\u00edce informac\u00ed naleznete <a href=\"https:\/\/pages.pedf.cuni.cz\/sc25\/2-setkani-s-uciteli\/\">zde<\/a>.<\/p>\n<p><strong>Zapojen\u00ed student\u016f do projektu OP VVV<\/strong> \u201eZv\u00fd\u0161en\u00ed kvality vzd\u011bl\u00e1v\u00e1n\u00ed \u017e\u00e1k\u016f,<br \/>\nrozvoje kl\u00ed\u010dov\u00fdch kompetenc\u00ed, oblast\u00ed vzd\u011bl\u00e1v\u00e1n\u00ed a gramotnost\u00ed\u201c, reg.<br \/>\n\u010d. CZ.02.3.68\/0.0\/0.0\/16_011\/0000664<\/p>\n<p>Z\u00e1pis student\u016f magistersk\u00fdch obor\u016f do voliteln\u00e9ho p\u0159edm\u011btu<br \/>\nSpole\u010denstv\u00ed praxe prodlou\u017een do 14.9.2019. Konkr\u00e9tn\u00ed forma<br \/>\nspolupr\u00e1ce bude up\u0159esn\u011bna na setk\u00e1n\u00ed se studenty, kter\u00e9 se uskute\u010dn\u00ed<br \/>\ndne 15.9. v 11:30 v u\u010d. R124, bl\u00ed\u017ee viz tak\u00e9<br \/>\n<a href=\"https:\/\/pages.pedf.cuni.cz\/sc25\/studenti-pedf-uk\/\" target=\"_blank\" rel=\"noopener noreferrer\">https:\/\/pages.pedf.cuni.cz\/sc25\/studenti-pedf-uk\/<\/a>.<\/p>\n<p>Registra\u010dn\u00ed formul\u00e1\u0159e jsou dostupn\u00e9 na <a href=\"http:\/\/bit.ly\/2fYvMiG\" target=\"_blank\" rel=\"noopener noreferrer\">http:\/\/bit.ly\/2fYvMiG<\/a><\/p>\n<p>T\u011b\u0161\u00edme se na spolupr\u00e1ci!<\/p>\n<p>&nbsp;<\/p>\n<p><strong>17.5.2017\u00a0 <\/strong>prob\u011bhlo prvn\u00ed setk\u00e1n\u00ed s u\u010diteli za\u010dlen\u011bn\u00fdmi do <strong>Spole\u010denstv\u00ed praxe<\/strong> <strong>SC2\/5<\/strong> v projektu Zv\u00fd\u0161en\u00ed kvality vzd\u011bl\u00e1v\u00e1n\u00ed \u017e\u00e1k\u016f, rozvoje kl\u00ed\u010dov\u00fdch kompetenc\u00ed, oblast\u00ed vzd\u011bl\u00e1v\u00e1n\u00ed a gramotnost\u00ed, v\u00edce informac\u00ed naleznete <a href=\"https:\/\/pages.pedf.cuni.cz\/sc25\/prvni-setkani-s-uciteli\/\"><strong>zde<\/strong>.<\/a><span id=\"sample-permalink\"><\/span><\/p>\n","protected":false},"excerpt":{"rendered":"<p>Projekt byl ukon\u010den, p\u0159ehled realizovan\u00fdch setk\u00e1n\u00ed Spole\u010denstv\u00ed praxe. &nbsp; 18.10.2019 se uskute\u010dnila konference pro SC2\/SC5 KA6 &#8211; Spole\u010denstv\u00ed praxe jako \u00fa\u010dinn\u00fd faktor rozvoje z\u00e1kladn\u00edho a st\u0159edn\u00edho vzd\u011bl\u00e1v\u00e1n\u00ed &#8211; propojen\u00ed teorie a praxe v hotelu Grandium, Politick\u00fdch v\u011bz\u0148\u016f 913\/12, Praha 1, na kterou byli pozv\u00e1ni v\u0161ichni u\u010ditel\u00e9, akademi\u010dt\u00ed pracovn\u00edci, studenti a \u0159editel\u00e9 zapojeni do projektu Spole\u010denstv\u00ed &hellip; <a href=\"https:\/\/pages.pedf.cuni.cz\/sc25\/aktuality\/\">Continue reading <span class=\"meta-nav\">&rarr;<\/span><\/a><\/p>\n","protected":false},"author":464,"featured_media":0,"parent":0,"menu_order":0,"comment_status":"closed","ping_status":"closed","template":"","meta":{"footnotes":""},"class_list":["post-292","page","type-page","status-publish","hentry"],"_links":{"self":[{"href":"https:\/\/pages.pedf.cuni.cz\/sc25\/wp-json\/wp\/v2\/pages\/292","targetHints":{"allow":["GET"]}}],"collection":[{"href":"https:\/\/pages.pedf.cuni.cz\/sc25\/wp-json\/wp\/v2\/pages"}],"about":[{"href":"https:\/\/pages.pedf.cuni.cz\/sc25\/wp-json\/wp\/v2\/types\/page"}],"author":[{"embeddable":true,"href":"https:\/\/pages.pedf.cuni.cz\/sc25\/wp-json\/wp\/v2\/users\/464"}],"replies":[{"embeddable":true,"href":"https:\/\/pages.pedf.cuni.cz\/sc25\/wp-json\/wp\/v2\/comments?post=292"}],"version-history":[{"count":208,"href":"https:\/\/pages.pedf.cuni.cz\/sc25\/wp-json\/wp\/v2\/pages\/292\/revisions"}],"predecessor-version":[{"id":1620,"href":"https:\/\/pages.pedf.cuni.cz\/sc25\/wp-json\/wp\/v2\/pages\/292\/revisions\/1620"}],"wp:attachment":[{"href":"https:\/\/pages.pedf.cuni.cz\/sc25\/wp-json\/wp\/v2\/media?parent=292"}],"curies":[{"name":"wp","href":"https:\/\/api.w.org\/{rel}","templated":true}]}}