{"id":536,"date":"2017-07-13T21:50:22","date_gmt":"2017-07-13T19:50:22","guid":{"rendered":"http:\/\/pages.pedf.cuni.cz\/sc25\/?page_id=536"},"modified":"2017-08-16T22:34:19","modified_gmt":"2017-08-16T20:34:19","slug":"studenti-pedf-uk","status":"publish","type":"page","link":"https:\/\/pages.pedf.cuni.cz\/sc25\/studenti-pedf-uk\/","title":{"rendered":"Studenti PedF UK"},"content":{"rendered":"<p><a href=\"https:\/\/pages.pedf.cuni.cz\/sc25\/files\/2017\/07\/Let\u00e1k_n\u00e1bor-student\u016f.png\"><img loading=\"lazy\" decoding=\"async\" class=\"wp-image-560 size-large alignnone\" src=\"https:\/\/pages.pedf.cuni.cz\/sc25\/files\/2017\/07\/Let\u00e1k_n\u00e1bor-student\u016f-724x1024.png\" alt=\"\" width=\"600\" height=\"849\" srcset=\"https:\/\/pages.pedf.cuni.cz\/sc25\/files\/2017\/07\/Let\u00e1k_n\u00e1bor-student\u016f-724x1024.png 724w, https:\/\/pages.pedf.cuni.cz\/sc25\/files\/2017\/07\/Let\u00e1k_n\u00e1bor-student\u016f-212x300.png 212w, https:\/\/pages.pedf.cuni.cz\/sc25\/files\/2017\/07\/Let\u00e1k_n\u00e1bor-student\u016f-768x1087.png 768w, https:\/\/pages.pedf.cuni.cz\/sc25\/files\/2017\/07\/Let\u00e1k_n\u00e1bor-student\u016f.png 826w\" sizes=\"auto, (max-width: 600px) 100vw, 600px\" \/><\/a><\/p>\n<p>V souladu s c\u00edli projektu se Pedagogick\u00e1 fakulta UK rozhodla prohloubit spolupr\u00e1ci se zapojen\u00fdmi \u0161kolami a otev\u0159\u00edt <strong>kurz Spole\u010denstv\u00ed praxe<\/strong>. Kurz je ur\u010den student\u016fm magistersk\u00e9ho studia u\u010ditelstv\u00ed, kte\u0159\u00ed maj\u00ed z\u00e1jem z\u00edskat dal\u0161\u00ed praxi na z\u00e1kladn\u00ed \u0161kole. Praxe bude realizov\u00e1na ve t\u0159ech dnech v pr\u016fb\u011bhu zimn\u00edho semestru a student se p\u0159i n\u00ed bude pod\u00edlet na zaji\u0161\u0165ov\u00e1n\u00ed v\u00fduky za u\u010ditele, kter\u00fd se bude \u00fa\u010dastnit spole\u010dn\u00e9ho setk\u00e1n\u00ed v r\u00e1mci projektu\u00a0 CZ.02.3.68\/0.0\/0.0\/16_011\/0000664 Zv\u00fd\u0161en\u00ed kvality vzd\u011bl\u00e1v\u00e1n\u00ed \u017e\u00e1k\u016f, rozvoje kl\u00ed\u010dov\u00fdch kompetenc\u00ed, oblast\u00ed vzd\u011bl\u00e1v\u00e1n\u00ed a gramotnost\u00ed.\u00a0 Student bude tedy krom\u011b vedouc\u00edho kurzu tak\u00e9 v \u00fazk\u00e9m kontaktu s dan\u00fdm u\u010ditelem.\u00a0 Aktivn\u00ed pln\u011bn\u00ed zadan\u00fdch \u00fakol\u016f i 100% \u00fa\u010dast na praxi je proto nutnou podm\u00ednkou \u00fa\u010dasti na kurzu.<\/p>\n<p>Kurz m\u00e1 dv\u011b varianty, kter\u00e9 si zapisuje student dle zam\u011b\u0159en\u00ed sv\u00e9ho studia. P\u0159ihla\u0161ov\u00e1n\u00ed prob\u00edh\u00e1 p\u0159es sd\u00edlen\u00e9 prost\u0159ed\u00ed <a href=\"https:\/\/drive.google.com\/drive\/folders\/0B7nMzK-PX08geDJjdjg3d0pLNkk?usp=sharing\" rel=\"noreferrer\">https:\/\/drive.google.com\/drive\/folders\/0B7nMzK-PX08geDJjdjg3d0pLNkk?usp=sharing<\/a>, a to do 31.8. 2017. P\u0159ihl\u00e1\u0161en\u00ed student\u016f do kurzu p\u0159i z\u00e1pise provede na z\u00e1klad\u011b uveden\u00e9ho seznamu z\u00e1jemc\u016f vedouc\u00ed kurzu.<\/p>\n<p><strong>Varianta A Spole\u010denstv\u00ed praxe SC2<\/strong><br \/>\nZ\u00e1kladn\u00ed \u00fadaje:<br \/>\n0\/1 Z 3 kredity otev\u0159en v ZS<br \/>\nZ\u00e1po\u010det: reflektivn\u00ed semin\u00e1\u0159 se zpracovan\u00fdmi podklady<br \/>\nZam\u011b\u0159eno na rozvoj \u010dten\u00e1\u0159sk\u00e9 gramotnosti, matematick\u00e9 gramotnosti , informa\u010dn\u00ed gramotnosti a rozvoj ob\u010dansk\u00fdch a soci\u00e1ln\u00edch kompetenc\u00ed<br \/>\nMaxim\u00e1ln\u00ed po\u010det student\u016f 25<br \/>\nUr\u010deno pro u\u010ditele prvn\u00edho stupn\u011b, VVP: \u010cJ, M, ZSV, D, IT<br \/>\nTerm\u00edny setk\u00e1n\u00ed: 22.9., listopad, leden (bude postupn\u011b up\u0159esn\u011bno)<\/p>\n<p><strong>Varianta B Spole\u010denstv\u00ed praxe SC5<\/strong><br \/>\nZ\u00e1kladn\u00ed \u00fadaje:<br \/>\n0\/1 Z 3 kredity otev\u0159en v ZS<br \/>\nZ\u00e1po\u010det: reflektivn\u00ed semin\u00e1\u0159 se zpracovan\u00fdmi podklady<br \/>\nZam\u011b\u0159eno na vzd\u011bl\u00e1vac\u00ed oblast \u010clov\u011bk a p\u0159\u00edroda<br \/>\nMaxim\u00e1ln\u00ed po\u010det student\u016f 15<br \/>\nUr\u010deno pro u\u010ditele prvn\u00edho stupn\u011b, VVP: Bi, Ch, M<br \/>\nTerm\u00edny setk\u00e1n\u00ed: 15.9., listopad, leden\u00a0 (bude postupn\u011b up\u0159esn\u011bno)<\/p>\n<p>Na kurz Spole\u010denstv\u00ed praxe bude navazovat kurz Spole\u010denstv\u00ed praxe II, kter\u00fd bude otev\u0159en v LS.<\/p>\n","protected":false},"excerpt":{"rendered":"<p>V souladu s c\u00edli projektu se Pedagogick\u00e1 fakulta UK rozhodla prohloubit spolupr\u00e1ci se zapojen\u00fdmi \u0161kolami a otev\u0159\u00edt kurz Spole\u010denstv\u00ed praxe. Kurz je ur\u010den student\u016fm magistersk\u00e9ho studia u\u010ditelstv\u00ed, kte\u0159\u00ed maj\u00ed z\u00e1jem z\u00edskat dal\u0161\u00ed praxi na z\u00e1kladn\u00ed \u0161kole. Praxe bude realizov\u00e1na ve t\u0159ech dnech v pr\u016fb\u011bhu zimn\u00edho semestru a student se p\u0159i n\u00ed bude pod\u00edlet na zaji\u0161\u0165ov\u00e1n\u00ed &hellip; <a href=\"https:\/\/pages.pedf.cuni.cz\/sc25\/studenti-pedf-uk\/\">Continue reading <span class=\"meta-nav\">&rarr;<\/span><\/a><\/p>\n","protected":false},"author":465,"featured_media":0,"parent":0,"menu_order":0,"comment_status":"closed","ping_status":"closed","template":"","meta":{"footnotes":""},"class_list":["post-536","page","type-page","status-publish","hentry"],"_links":{"self":[{"href":"https:\/\/pages.pedf.cuni.cz\/sc25\/wp-json\/wp\/v2\/pages\/536","targetHints":{"allow":["GET"]}}],"collection":[{"href":"https:\/\/pages.pedf.cuni.cz\/sc25\/wp-json\/wp\/v2\/pages"}],"about":[{"href":"https:\/\/pages.pedf.cuni.cz\/sc25\/wp-json\/wp\/v2\/types\/page"}],"author":[{"embeddable":true,"href":"https:\/\/pages.pedf.cuni.cz\/sc25\/wp-json\/wp\/v2\/users\/465"}],"replies":[{"embeddable":true,"href":"https:\/\/pages.pedf.cuni.cz\/sc25\/wp-json\/wp\/v2\/comments?post=536"}],"version-history":[{"count":8,"href":"https:\/\/pages.pedf.cuni.cz\/sc25\/wp-json\/wp\/v2\/pages\/536\/revisions"}],"predecessor-version":[{"id":564,"href":"https:\/\/pages.pedf.cuni.cz\/sc25\/wp-json\/wp\/v2\/pages\/536\/revisions\/564"}],"wp:attachment":[{"href":"https:\/\/pages.pedf.cuni.cz\/sc25\/wp-json\/wp\/v2\/media?parent=536"}],"curies":[{"name":"wp","href":"https:\/\/api.w.org\/{rel}","templated":true}]}}