{"id":577,"date":"2017-08-26T22:57:29","date_gmt":"2017-08-26T20:57:29","guid":{"rendered":"http:\/\/pages.pedf.cuni.cz\/sc25\/?page_id=577"},"modified":"2017-08-26T22:57:29","modified_gmt":"2017-08-26T20:57:29","slug":"prvni-setkani-s-uciteli","status":"publish","type":"page","link":"https:\/\/pages.pedf.cuni.cz\/sc25\/prvni-setkani-s-uciteli\/","title":{"rendered":"Prvn\u00ed setk\u00e1n\u00ed s u\u010diteli"},"content":{"rendered":"<p><strong>Setk\u00e1n\u00ed s u\u010diteli za\u010dlen\u011bn\u00fdmi do Spole\u010denstv\u00ed praxe v projektu Zv\u00fd\u0161en\u00ed kvality vzd\u011bl\u00e1v\u00e1n\u00ed \u017e\u00e1k\u016f, rozvoje kl\u00ed\u010dov\u00fdch kompetenc\u00ed, oblast\u00ed vzd\u011bl\u00e1v\u00e1n\u00ed a gramotnost\u00ed<\/strong><\/p>\n<p>Dne <strong>17. 5. 2017<\/strong> prob\u011bhlo na Pedagogick\u00e9 fakult\u011b Univerzity Karlovy prvn\u00ed setk\u00e1n\u00ed s u\u010diteli za\u010dlen\u011bn\u00fdmi do Spole\u010denstv\u00ed praxe v r\u00e1mci projektu Zv\u00fd\u0161en\u00ed kvality vzd\u011bl\u00e1v\u00e1n\u00ed \u017e\u00e1k\u016f, rozvoje kl\u00ed\u010dov\u00fdch kompetenc\u00ed, oblast\u00ed vzd\u011bl\u00e1v\u00e1n\u00ed a gramotnost\u00ed (reg. \u010d. CZ.02.3.68\/0.0\/0.0\/16_011\/0000664).<\/p>\n<p>Na setk\u00e1n\u00ed u\u010ditel\u016f byl p\u0159edstaven projekt v\u00a0r\u00e1mci specifick\u00fdch c\u00edl\u016f SC2 a SC5 spolu s participuj\u00edc\u00edmi univerzitami (Pedagogick\u00e1 fakulta Univerzity Karlovy, Pedagogick\u00e1 fakulta Masarykovy univerzity,\u00a0 Pedagogika fakulta Jiho\u010desk\u00e9 univerzity v \u010cesk\u00fdch Bud\u011bjovic\u00edch, Fakulta p\u0159\u00edrodov\u011bdn\u011b-humanitn\u00ed a pedagogick\u00e1 Technick\u00e9 univerzity v Liberci a neziskov\u00e1 organizace META). D\u00e1le byly up\u0159esn\u011bny kl\u00ed\u010dov\u00e9 aktivity projektu a jejich nadch\u00e1zej\u00edc\u00ed harmonogram. Na setk\u00e1n\u00ed zazn\u011bla tak\u00e9 p\u0159edn\u00e1\u0161ka t\u00fdkaj\u00edc\u00ed se aktu\u00e1ln\u011b \u0159e\u0161en\u00e9 aktivity &#8211; anal\u00fdza kurikula a vzd\u011bl\u00e1vac\u00edch program\u016f. V odpoledn\u00edch hodin\u00e1ch pokra\u010dovaly jedn\u00e1n\u00ed v sekc\u00edch dle vzd\u011bl\u00e1vac\u00edch modul\u016f.<\/p>\n<p><a href=\"https:\/\/pages.pedf.cuni.cz\/sc25\/files\/2017\/04\/Foto_17.5.2017.jpg\"><img loading=\"lazy\" decoding=\"async\" class=\"alignleft size-medium wp-image-382\" src=\"https:\/\/pages.pedf.cuni.cz\/sc25\/files\/2017\/04\/Foto_17.5.2017-300x225.jpg\" alt=\"\" width=\"300\" height=\"225\" srcset=\"https:\/\/pages.pedf.cuni.cz\/sc25\/files\/2017\/04\/Foto_17.5.2017-300x225.jpg 300w, https:\/\/pages.pedf.cuni.cz\/sc25\/files\/2017\/04\/Foto_17.5.2017-768x576.jpg 768w, https:\/\/pages.pedf.cuni.cz\/sc25\/files\/2017\/04\/Foto_17.5.2017-1024x768.jpg 1024w\" sizes=\"auto, (max-width: 300px) 100vw, 300px\" \/><\/a> <a href=\"https:\/\/pages.pedf.cuni.cz\/sc25\/files\/2017\/04\/Foto_17.5.2017_2.jpg\"><img loading=\"lazy\" decoding=\"async\" class=\"alignleft size-medium wp-image-383\" src=\"https:\/\/pages.pedf.cuni.cz\/sc25\/files\/2017\/04\/Foto_17.5.2017_2-300x225.jpg\" alt=\"\" width=\"300\" height=\"225\" srcset=\"https:\/\/pages.pedf.cuni.cz\/sc25\/files\/2017\/04\/Foto_17.5.2017_2-300x225.jpg 300w, https:\/\/pages.pedf.cuni.cz\/sc25\/files\/2017\/04\/Foto_17.5.2017_2-768x576.jpg 768w, https:\/\/pages.pedf.cuni.cz\/sc25\/files\/2017\/04\/Foto_17.5.2017_2-1024x768.jpg 1024w\" sizes=\"auto, (max-width: 300px) 100vw, 300px\" \/><\/a> <a href=\"https:\/\/pages.pedf.cuni.cz\/sc25\/files\/2017\/04\/Foto_17.5.2017_3.jpg\"><img loading=\"lazy\" decoding=\"async\" class=\"alignleft size-medium wp-image-384\" src=\"https:\/\/pages.pedf.cuni.cz\/sc25\/files\/2017\/04\/Foto_17.5.2017_3-300x225.jpg\" alt=\"\" width=\"300\" height=\"225\" srcset=\"https:\/\/pages.pedf.cuni.cz\/sc25\/files\/2017\/04\/Foto_17.5.2017_3-300x225.jpg 300w, https:\/\/pages.pedf.cuni.cz\/sc25\/files\/2017\/04\/Foto_17.5.2017_3-768x576.jpg 768w, https:\/\/pages.pedf.cuni.cz\/sc25\/files\/2017\/04\/Foto_17.5.2017_3-1024x768.jpg 1024w\" sizes=\"auto, (max-width: 300px) 100vw, 300px\" \/><\/a> <a href=\"https:\/\/pages.pedf.cuni.cz\/sc25\/files\/2017\/04\/Foto_17.5.2017_4.jpg\"><img loading=\"lazy\" decoding=\"async\" class=\"alignleft size-medium wp-image-385\" src=\"https:\/\/pages.pedf.cuni.cz\/sc25\/files\/2017\/04\/Foto_17.5.2017_4-300x225.jpg\" alt=\"\" width=\"300\" height=\"225\" srcset=\"https:\/\/pages.pedf.cuni.cz\/sc25\/files\/2017\/04\/Foto_17.5.2017_4-300x225.jpg 300w, https:\/\/pages.pedf.cuni.cz\/sc25\/files\/2017\/04\/Foto_17.5.2017_4-768x576.jpg 768w, https:\/\/pages.pedf.cuni.cz\/sc25\/files\/2017\/04\/Foto_17.5.2017_4-1024x768.jpg 1024w\" sizes=\"auto, (max-width: 300px) 100vw, 300px\" \/><\/a> <a href=\"https:\/\/pages.pedf.cuni.cz\/sc25\/files\/2017\/04\/Foto_17.5.2017_5.jpg\"><img loading=\"lazy\" decoding=\"async\" class=\"alignleft size-medium wp-image-386\" src=\"https:\/\/pages.pedf.cuni.cz\/sc25\/files\/2017\/04\/Foto_17.5.2017_5-300x225.jpg\" alt=\"\" width=\"300\" height=\"225\" srcset=\"https:\/\/pages.pedf.cuni.cz\/sc25\/files\/2017\/04\/Foto_17.5.2017_5-300x225.jpg 300w, https:\/\/pages.pedf.cuni.cz\/sc25\/files\/2017\/04\/Foto_17.5.2017_5-768x576.jpg 768w, https:\/\/pages.pedf.cuni.cz\/sc25\/files\/2017\/04\/Foto_17.5.2017_5-1024x768.jpg 1024w\" sizes=\"auto, (max-width: 300px) 100vw, 300px\" \/><\/a><a href=\"https:\/\/pages.pedf.cuni.cz\/sc25\/files\/2017\/04\/Foto_17.5.2017_6.jpg\"><img loading=\"lazy\" decoding=\"async\" class=\"alignleft size-medium wp-image-387\" src=\"https:\/\/pages.pedf.cuni.cz\/sc25\/files\/2017\/04\/Foto_17.5.2017_6-300x225.jpg\" alt=\"\" width=\"300\" height=\"225\" srcset=\"https:\/\/pages.pedf.cuni.cz\/sc25\/files\/2017\/04\/Foto_17.5.2017_6-300x225.jpg 300w, https:\/\/pages.pedf.cuni.cz\/sc25\/files\/2017\/04\/Foto_17.5.2017_6-768x576.jpg 768w, https:\/\/pages.pedf.cuni.cz\/sc25\/files\/2017\/04\/Foto_17.5.2017_6-1024x768.jpg 1024w\" sizes=\"auto, (max-width: 300px) 100vw, 300px\" \/><\/a><\/p>\n","protected":false},"excerpt":{"rendered":"<p>Setk\u00e1n\u00ed s u\u010diteli za\u010dlen\u011bn\u00fdmi do Spole\u010denstv\u00ed praxe v projektu Zv\u00fd\u0161en\u00ed kvality vzd\u011bl\u00e1v\u00e1n\u00ed \u017e\u00e1k\u016f, rozvoje kl\u00ed\u010dov\u00fdch kompetenc\u00ed, oblast\u00ed vzd\u011bl\u00e1v\u00e1n\u00ed a gramotnost\u00ed Dne 17. 5. 2017 prob\u011bhlo na Pedagogick\u00e9 fakult\u011b Univerzity Karlovy prvn\u00ed setk\u00e1n\u00ed s u\u010diteli za\u010dlen\u011bn\u00fdmi do Spole\u010denstv\u00ed praxe v r\u00e1mci projektu Zv\u00fd\u0161en\u00ed kvality vzd\u011bl\u00e1v\u00e1n\u00ed \u017e\u00e1k\u016f, rozvoje kl\u00ed\u010dov\u00fdch kompetenc\u00ed, oblast\u00ed vzd\u011bl\u00e1v\u00e1n\u00ed a gramotnost\u00ed (reg. \u010d. CZ.02.3.68\/0.0\/0.0\/16_011\/0000664). &hellip; <a href=\"https:\/\/pages.pedf.cuni.cz\/sc25\/prvni-setkani-s-uciteli\/\">Continue reading <span class=\"meta-nav\">&rarr;<\/span><\/a><\/p>\n","protected":false},"author":465,"featured_media":0,"parent":0,"menu_order":0,"comment_status":"closed","ping_status":"closed","template":"","meta":{"footnotes":""},"class_list":["post-577","page","type-page","status-publish","hentry"],"_links":{"self":[{"href":"https:\/\/pages.pedf.cuni.cz\/sc25\/wp-json\/wp\/v2\/pages\/577","targetHints":{"allow":["GET"]}}],"collection":[{"href":"https:\/\/pages.pedf.cuni.cz\/sc25\/wp-json\/wp\/v2\/pages"}],"about":[{"href":"https:\/\/pages.pedf.cuni.cz\/sc25\/wp-json\/wp\/v2\/types\/page"}],"author":[{"embeddable":true,"href":"https:\/\/pages.pedf.cuni.cz\/sc25\/wp-json\/wp\/v2\/users\/465"}],"replies":[{"embeddable":true,"href":"https:\/\/pages.pedf.cuni.cz\/sc25\/wp-json\/wp\/v2\/comments?post=577"}],"version-history":[{"count":1,"href":"https:\/\/pages.pedf.cuni.cz\/sc25\/wp-json\/wp\/v2\/pages\/577\/revisions"}],"predecessor-version":[{"id":578,"href":"https:\/\/pages.pedf.cuni.cz\/sc25\/wp-json\/wp\/v2\/pages\/577\/revisions\/578"}],"wp:attachment":[{"href":"https:\/\/pages.pedf.cuni.cz\/sc25\/wp-json\/wp\/v2\/media?parent=577"}],"curies":[{"name":"wp","href":"https:\/\/api.w.org\/{rel}","templated":true}]}}