{"id":707,"date":"2017-11-27T12:28:46","date_gmt":"2017-11-27T11:28:46","guid":{"rendered":"http:\/\/pages.pedf.cuni.cz\/sc25\/?page_id=707"},"modified":"2020-01-28T21:47:13","modified_gmt":"2020-01-28T20:47:13","slug":"publicita","status":"publish","type":"page","link":"https:\/\/pages.pedf.cuni.cz\/sc25\/publicita\/","title":{"rendered":"Publicita"},"content":{"rendered":"<p><strong>Tiskov\u00e9 zpr\u00e1vy<\/strong><br \/>\nNapsali o n\u00e1s na iForum &#8222;N\u00e1\u0161 u\u010ditel, n\u00e1\u0161 partner. Spole\u010denstv\u00ed praxe pedagogick\u00fdch fakult&#8220;, cel\u00fd \u010dl\u00e1nek naleznete <a href=\"https:\/\/iforum.cuni.cz\/IFORUM-16232.html\" target=\"_blank\" rel=\"noopener noreferrer\"><strong>zde<\/strong>.<\/a><\/p>\n<p>&nbsp;<\/p>\n<p><strong>Konference<\/strong><\/p>\n<p>Rokos, L., &amp; Pavlasov\u00e1, L. <em>Jak co chutn\u00e1? Praktick\u00e1 \u00faloha zam\u011b\u0159en\u00e1 na smyslovou soustavu \u010dlov\u011bka pro 2. stupe\u0148 Z\u0160.<\/em> P\u0159edn\u00e1\u0161ka na konferenci Projektov\u00e9 vyu\u010dov\u00e1n\u00ed a dal\u0161\u00ed aktiviza\u010dn\u00ed strategie ve v\u00fduce p\u0159\u00edrodov\u011bdn\u00fdch obor\u016f. Praha, 7. &#8211; 8.11.2019. Dostupn\u00e9 z: <a href=\"https:\/\/pages.pedf.cuni.cz\/pbe\/\">https:\/\/pages.pedf.cuni.cz\/pbe\/<\/a><\/p>\n<p>Sk\u00fdbov\u00e1, J., \u010c\u00e1belov\u00e1, Z. (2018). Semena a plody ve v\u00fduce p\u0159\u00edrodopisu. In Voj\u00ed\u0159, K., Pavlasov\u00e1, L. (eds.). <em>Trendy v didaktice biologie<\/em>. Sborn\u00edk abstrakt\u016f. Praha, PedF UK, s. 62-63. ISBN 978-80-7603-001-5. Dostupn\u00e9 z: <a href=\"https:\/\/pages.pedf.cuni.cz\/kbes\/files\/2018\/09\/Trendy_2018_-sborn\u00edk_ke_zve\u0159ejn\u011bn\u00ed.pdf\" target=\"_blank\" rel=\"noopener noreferrer\">https:\/\/pages.pedf.cuni.cz\/kbes\/files\/2018\/09\/Trendy_2018_-sborn\u00edk_ke_zve\u0159ejn\u011bn\u00ed.pdf<\/a><\/p>\n<p>Hana \u010ctrn\u00e1ctov\u00e1, Karel Nesm\u011br\u00e1k, &amp; Milada Tepl\u00e1. (2018). Proceedings of the International Conference. Konference DidSci Plus &#8211; Research Didactis of Science PLUS. Univerzita Karlova &#8211; Fakulta soci\u00e1ln\u00ed v\u011bd, Praha, 25.-27. 6. 2018. Dostupn\u00e9 z: <a href=\"http:\/\/www.didsciplus.cz\/anglictina\/DidSciPlus2018.pdf\">http:\/\/www.didsciplus.cz\/anglictina\/DidSciPlus2018.pdf<\/a><\/p>\n<p>Ji\u0159\u00ed Rypl, &amp; Michal Stan\u011bk: Environment\u00e1ln\u00ed aspekty ve v\u00fduce geografie na 2. stupni Z\u0160. 10.-11.10.2018, Konference Geografick\u00e9 aspekty stredoeur\u00f3psk\u00e9ho priestoru &#8211; Slovensko a \u010cesko &#8211; 25 rokov na politickej mape sveta. Katedra geografie a region\u00e1lneho rozvoje FPV UKF v Nitre. Dostupn\u00e9 z: <a href=\"http:\/\/www.kgrr.fpv.ukf.sk\/index.php\/9-oznamy\/403-10-11-10-2018-26-medzinarodna-geograficka-konferencia\">http:\/\/www.kgrr.fpv.ukf.sk\/index.php\/9-oznamy\/403-10-11-10-2018-26-medzinarodna-geograficka-konferencia<\/a><\/p>\n<p>Voj\u00ed\u0159, K., &amp; Rusek, M. (2018). V\u00fdstupy a hlavn\u00ed zji\u0161t\u011bn\u00ed spole\u010denstv\u00ed praxe vzd\u011bl\u00e1vac\u00edho modulu \u010clov\u011bk a p\u0159\u00edroda \u2013 Chemie. In H. \u010ctrn\u00e1ctov\u00e1, K. Nesm\u011br\u00e1k, &amp; M. Tepl\u00e1 (Eds.) + Poster (Rusek, M.) &#8211; Zp\u016fsoby pou\u017e\u00edv\u00e1n\u00ed u\u010debnic chemie na z\u00e1kladn\u00edch \u0161kol\u00e1ch v \u010cesk\u00e9 republice. Konference DidSci PLUS\u00a0 &#8211; Research in Didactics of\u00a0Science PLUS &#8211; 25. &#8211; 27. 6. 2018. Praha, Univerzita Karlova, P\u0159\u00edrodov\u011bdeck\u00e1 fakulta. Dostupn\u00e9 z: <a href=\"http:\/\/www.didsciplus.cz\/anglictina\/programme.html\">http:\/\/www.didsciplus.cz\/anglictina\/programme.html<\/a><\/p>\n<p>Pavl\u00edna Maz\u00e1\u010dov\u00e1: Spole\u010denstv\u00ed praxe jako p\u0159\u00edle\u017eitost rozv\u00edjen\u00ed informa\u010dn\u00ed gramotnosti. 11.-13. z\u00e1\u0159\u00ed 2018, 26. ro\u010dn\u00edk konference Knihovny sou\u010dasnosti, Univerzita Palack\u00e9ho v Olomouci. Dostupn\u00e9 z: <a href=\"http:\/\/sdruk.mlp.cz\/sdruk\/konference-knihovny-soucasnosti\/2018\/clanek\/program-2018\/\">http:\/\/sdruk.mlp.cz\/sdruk\/konference-knihovny-soucasnosti\/2018\/clanek\/program-2018\/<\/a><\/p>\n<p>Pavl\u00edna Maz\u00e1\u010dov\u00e1, Lenka Mal\u00e1: V\u00fdzkum informa\u010dn\u00ed gramotnosti \u017e\u00e1k\u016f z\u00e1kladn\u00ed \u0161koly se zam\u011b\u0159en\u00edm na proces vyhled\u00e1v\u00e1n\u00ed a hodnocen\u00ed informac\u00ed. 12.9.-14.9.2018, 26. v\u00fdro\u010dn\u00ed konference \u010cAPV, Fakulta humanitn\u00edch studi\u00ed Univerzity Tom\u00e1\u0161e Bati ve Zl\u00edn\u011b. Dostupn\u00e9 z: <a href=\"http:\/\/www.capv2018.utb.cz\/program\/\">http:\/\/www.capv2018.utb.cz\/program\/<\/a><\/p>\n<p>Irena Dvo\u0159\u00e1kov\u00e1, Lenka Podzimkov\u00e1: EarthKAM-vyu\u017eit\u00ed mezin\u00e1rodn\u00edho projektu NASA ve \u0161kole. 31.8.-2.9.2018, P\u0159\u00edrodov\u011bdeck\u00e1 fakulta Jiho\u010desk\u00e9 univerzity. Dostupn\u00e9 z: <a href=\"http:\/\/home.pf.jcu.cz\/~vnufcb\/index.php\">http:\/\/home.pf.jcu.cz\/~vnufcb\/index.php<\/a><br \/>\nOdkaz na projekt NASA ve \u0161kole\/Sally Ride EarthKAM &#8211; dostupn\u00e9 z: <a href=\"https:\/\/earthkam.pythonanywhere.com\/o-projektu\/\">https:\/\/earthkam.pythonanywhere.com\/o-projektu\/<\/a><\/p>\n<p>Irena Bud\u00ednov\u00e1: Zku\u0161enosti u\u010ditel\u016f z vyu\u017e\u00edv\u00e1n\u00ed diferencovan\u00e9 a individualizovan\u00e9 v\u00fduky v hodin\u00e1ch matematiky na Z\u0160, Spole\u010denstv\u00ed praxe jako princip (spolu)pr\u00e1ce v oborov\u00fdch didaktik\u00e1ch. 14. 6. 2018, Pedagogick\u00e1 fakulta Masarykovy univerzity. Dostupn\u00e9 z: <a href=\"http:\/\/didacticaviva.ped.muni.cz\/konference\/jaro-2018\">http:\/\/didacticaviva.ped.muni.cz\/konference\/jaro-2018<\/a><\/p>\n<p>Pavl\u00edna Maz\u00e1\u010dov\u00e1: Rozv\u00edjen\u00ed informa\u010dn\u00ed gramotnosti ve spole\u010denstv\u00ed praxe s principy mezigenera\u010dn\u00edho u\u010den\u00ed, Spole\u010denstv\u00ed praxe jako princip (spolu)pr\u00e1ce v oborov\u00fdch didaktik\u00e1ch. 14. 6. 2018, Pedagogick\u00e1 fakulta Masarykovy univerzity. Dostupn\u00e9 z: <a href=\"http:\/\/didacticaviva.ped.muni.cz\/konference\/jaro-2018\">http:\/\/didacticaviva.ped.muni.cz\/konference\/jaro-2018<\/a><\/p>\n<p>Darina Jirotkov\u00e1: Spole\u010denstv\u00ed praxe jako p\u0159\u00edle\u017eitost k efektivn\u00edmu propojov\u00e1n\u00ed teoretick\u00e9 a praktick\u00e9 p\u0159\u00edpravy na vyu\u010dov\u00e1n\u00ed matematice budouc\u00edch u\u010ditel\u016f 1. stupn\u011b Z\u0160, Spole\u010denstv\u00ed praxe jako princip (spolu)pr\u00e1ce v oborov\u00fdch didaktik\u00e1ch. 14. 6. 2018, Pedagogick\u00e1 fakulta Masarykovy univerzity. Dostupn\u00e9 z: <a href=\"http:\/\/didacticaviva.ped.muni.cz\/konference\/jaro-2018\">http:\/\/didacticaviva.ped.muni.cz\/konference\/jaro-2018<\/a><\/p>\n<p>Pavl\u00edna Maz\u00e1\u010dov\u00e1: Edukace\u00a0informa\u010dn\u00ed\u00a0gramotnosti\u00a0ve\u00a0strategii\u00a0\u010dinnosti\u00a0knihovny. Konference N\u00e1rodn\u00ed semin\u00e1\u0159 informa\u010dn\u00edho vzd\u011bl\u00e1v\u00e1n\u00ed &#8211; Nasiv 2018. 12. \u2013 13. 6. 2018, Filozofick\u00e1 fakulta, Masarykova Univerzita. Dostupn\u00e9 na: http:\/\/nasiv.knihovna.cz\/sessions\/.<\/p>\n<p>Pavl\u00edna Maz\u00e1\u010dov\u00e1: Pojet\u00ed\u00a0rozvoje\u00a0informa\u010dn\u00ed\u00a0gramotnosti\u00a0\u017e\u00e1k\u016f\u00a0z\u00a0perspektivy\u00a0u\u010d\u00edc\u00edho knihovn\u00edka:\u00a0v\u00fdzkumn\u00e9\u00a0horizonty. Konference \u010cPdS Profesn\u00ed rozvoj pedagogick\u00fdch pracovn\u00edk\u016f a pracovn\u00edk\u016f ve \u0161kolstv\u00ed. 15. \u2013 16. 3. 2018, Fakulta ve\u0159ejn\u00fdch politik Slezsk\u00e1 univerzita v\u00a0Opav\u011b. Dostupn\u00e9 na: h<a href=\"\/\/www.cpds.cz\/konference_2018_program.php\">ttp:\/\/www.cpds.cz\/konference_2018_program.php<\/a><\/p>\n<p>Iva \u017dl\u00e1bkov\u00e1, Luk\u00e1\u0161 Rokos: Spole\u010denstv\u00ed praxe &#8211; model spolupr\u00e1ce s u\u010diteli z\u00e1kladn\u00edch a st\u0159edn\u00edch \u0161kol v r\u00e1mci projekt\u016f OP VVV. Konference \u010cPdS Profesn\u00ed rozvoj pedagogick\u00fdch pracovn\u00edk\u016f a pracovn\u00edk\u016f ve \u0161kolstv\u00ed. 15. \u2013 16. 3. 2018, Fakulta ve\u0159ejn\u00fdch politik Slezsk\u00e1 univerzita v\u00a0Opav\u011b. Dostupn\u00e9 na: <a href=\"http:\/\/www.cpds.cz\/konference_2018_program.php\">http:\/\/www.cpds.cz\/konference_2018_program.php<\/a><\/p>\n<p>Hana Bure\u0161ov\u00e1: PASCO v Ratibo\u0159ick\u00e9 aneb Digit\u00e1ln\u00ed gramotnost v hodin\u00e1c fyziky. 7. 6. 2017. Dostupn\u00e9 z: <a href=\"https:\/\/clanky.rvp.cz\/clanek\/s\/Z\/21880\/PASCO-V-RATIBORICKE-ANEB-DIGITALNI-GRAMOTNOST-V-HODINACH-FYZIKY.html\/\">https:\/\/spomocnik.rvp.cz\/clanek\/21765\/SKOLA-JAKO-MISTO-PRO-PRACI.html<\/a><\/p>\n<p>Pavl\u00edna Maz\u00e1\u010dov\u00e1: Anal\u00fdza kurikul\u00e1rn\u00edch dokument\u016f z perspektivy kompeten\u010dn\u00edho p\u0159\u00edstupu ke vzd\u011bl\u00e1v\u00e1n\u00ed: p\u0159\u00edsp\u011bvek ze spole\u010denstv\u00ed praxe, (K) \u010demu u\u010dit ve \u0161kole: vybran\u00e9 probl\u00e9my kurikula v oborov\u011bdidaktick\u00fdch souvislostech. 14. 12. 2017, Pedagogick\u00e1 fakulta Masarykovy univerzity. Dostupn\u00e9 z: <a href=\"http:\/\/didacticaviva.ped.muni.cz\/konference\/podzim-2017\">http:\/\/didacticaviva.ped.muni.cz\/konference\/podzim-2017<\/a><\/p>\n<p>&nbsp;<\/p>\n<p><strong>Odborn\u00e9\u00a0panely<\/strong><br \/>\nPracovn\u00edci na\u0161eho projektu se \u00fa\u010dastnili t\u011bchto odborn\u00fdch panel\u016f a v diskusi prezentovali n\u00e1\u0161 projekt:<\/p>\n<p>Semin\u00e1\u0159 pro pracovn\u00edky \u010cesk\u00e9 \u0161koln\u00ed inspekce a z\u00e1stupc\u016f \u0159e\u0161itel\u016f projekt\u016f OP VVV, Praha, 21.6.2018 (organiz\u00e1tor Ing. Dana Pra\u017e\u00e1kov\u00e1, Ph.D., \u00fa\u010dastn\u00edk za OP VVV SC2 Ing. Michaela Dvo\u0159\u00e1kov\u00e1, Ph.D.)<\/p>\n<p>Minikonference odborn\u00e9ho panelu \u010dten\u00e1\u0159sk\u00e9 gramotnosti, N\u00e1rodn\u00ed \u00fastav pro vzd\u011bl\u00e1v\u00e1n\u00ed, Projekt Podpora pr\u00e1ce u\u010ditel\u016f. Praha, N\u011bmeck\u00e1 \u0161kola, 22.11.2017 (organiz\u00e1tor Petr Koubek, N\u00daV, \u00fa\u010dastn\u00edk za OP VVV SC2 doc.<br \/>\nPhDr. Anna Kucharsk\u00e1, Ph.D.)<\/p>\n<p>Odborn\u00e9 setk\u00e1n\u00ed organizovan\u00e9 \u010c\u0160I, k projekt\u016fm OP VVV \u201cSpole\u010denstv\u00ed praxe\u201d , dne 31. 5. 2018 v Praze (organiz\u00e1tor Ing. Dana Pra\u017e\u00e1kov\u00e1, Ph.D., \u00fa\u010dastn\u00edk za SCS a SC5 doc. PhDr. PaedDr. Anna Kucharsk\u00e1, Ph.D.,<br \/>\ndoc. PhDr. Petr Knecht, Ph.D., PaedDr. ICLic. Michal Podzimek, Ph.D. a PhDr. Jan Samoh\u00fdl, Th.D.)<\/p>\n<p><span class=\"st\">\u00a0<\/span><\/p>\n<p><strong>\u010cl\u00e1nky<\/strong><\/p>\n<p>Rokos, L., Pavlasov\u00e1, L., Jun\u00e1\u0161ek, M., Mat\u011bjkov\u00e1, R., Pra\u017e\u00e1kov\u00e1, J., \u0160kantov\u00e1, B., \u0160vehla, J., &amp; Zikmundov\u00e1, \u0160. (2019). Pozorov\u00e1n\u00ed pt\u00e1k\u016f na nezamrzl\u00fdch vodn\u00edch ploch\u00e1ch: exkurze pro 1. a 2. stupe\u0148 Z\u0160. <em>Biologie &#8211; Chemie &#8211; Zem\u011bpis<\/em>, 28(3), 15-32. Dostupn\u00e9 z: <a href=\"http:\/\/bichez.pedf.cuni.cz\/archiv\/article\/81\">http:\/\/bichez.pedf.cuni.cz\/archiv\/article\/81<\/a><\/p>\n<p>Sk\u00fdbov\u00e1, J., \u010c\u00e1belov\u00e1, Z. (2018). Semena a plody ve v\u00fduce p\u0159\u00edrodopisu. In Voj\u00ed\u0159, K., Pavlasov\u00e1, L. (eds.). <em>Trendy v didaktice biologie<\/em>. Sborn\u00edk abstrakt\u016f. Praha, PedF UK, s. 62-63. ISBN 978-80-7603-001-5. Dostupn\u00e9 z: <a href=\"https:\/\/pages.pedf.cuni.cz\/kbes\/files\/2018\/09\/Trendy_2018_-sborn\u00edk_ke_zve\u0159ejn\u011bn\u00ed.pdf\">https:\/\/pages.pedf.cuni.cz\/kbes\/files\/2018\/09\/Trendy_2018_-sborn\u00edk_ke_zve\u0159ejn\u011bn\u00ed.pdf<\/a><\/p>\n<p>Pavlasov\u00e1, L., Rokos, L., \u010c\u00e1belov\u00e1, Z., Mikeskov\u00e1, M., &amp; Zikmundov\u00e1, \u0160. (2018). Vyvozen\u00ed Allenova pravidla ve v\u00fduce p\u0159\u00edrodopisu. <em>Biologie-chemie-zem\u011bpis<\/em>, 27(4), s. 12-18. DOI: 10.14712\/25337556.2018.4.2. Dostupn\u00e9 z: <a href=\"http:\/\/bichez.pedf.cuni.cz\/archiv\/article\/67\">http:\/\/bichez.pedf.cuni.cz\/archiv\/article\/67<\/a><\/p>\n<p>Stan\u011bk, M., Rypl. J, &amp; Zrzaveck\u00e1 P. Environment\u00e1ln\u00ed aspekty v\u00fduky geografie na 2. stupni z\u00e1kladn\u00edch \u0161kol (2018). <em>Geografick\u00e9 inform\u00e1cie (Geographical Information)<\/em>, Ro\u010dn\u00edk (Volume) 22, \u010c\u00edslo (Issue) 1, 2018, p. 460-468. Dostupn\u00e9 z: <a href=\"http:\/\/www.kgrr.fpv.ukf.sk\/images\/geograficke_informacie\/2018_22_1\/stanek,%20rypl,%20zrzavecka.pdf\">http:\/\/www.kgrr.fpv.ukf.sk\/images\/geograficke_informacie\/2018_22_1\/stanek,%20rypl,%20zrzavecka.pdf<\/a><\/p>\n<p>Dvo\u0159\u00e1\u010dkov\u00e1 S., Rypl J., &amp; Ku\u010dera T.\u00a0 (2018).<a href=\"http:\/\/www.pf.jcu.cz\/structure\/departments\/kge\/upload\/files\/1Dvorackova_Rypl_Kucera_133-145.pdf\"> Vztah \u010desk\u00fdch \u017e\u00e1k\u016f k v\u00fduce\u00a0ne\u017eiv\u00e9 p\u0159\u00edrody: postoje, znalosti a nejroz\u0161\u00ed\u0159en\u011bj\u0161\u00ed miskoncepce<\/a>.\u00a0<em>Geographia Cassoviensis<\/em>, 12(2), 133 &#8211; 145. ISSN: 2454-000.<\/p>\n<p>Voj\u00ed\u0159, K., &amp; Rusek, M. (2018).V\u00fdstupy a hlavn\u00ed zji\u0161t\u011bn\u00ed spole\u010denstv\u00ed praxe vzd\u011bl\u00e1vac\u00edho modulu \u010clov\u011bk a p\u0159\u00edroda &#8211; Chemie. In H. \u010ctrn\u00e1ctov\u00e1, K. Nesm\u011br\u00e1k, &amp; M. Tepl\u00e1 (Eds.), <em>DidSci Plus &#8211; Research in Didactics of Science PLUS<\/em> (pp. 455-461). Praha: Univerzita Karlova, P\u0159\u00edrodov\u011bdeck\u00e1 fakulta. Dostupn\u00e9 z: <a href=\"http:\/\/www.didsciplus.cz\/anglictina\/DidSciPlus2018.pdf\">http:\/\/www.didsciplus.cz\/anglictina\/DidSciPlus2018.pdf<\/a><\/p>\n<p>Laufkov\u00e1, V. (2018). \u010cten\u00e1\u0159sk\u00e1 gramotnost z pohledu r\u00e1mcov\u00fdch a \u0161koln\u00edch vzd\u011bl\u00e1vac\u00edch program\u016f. <em>Gramotnost, pregramotnost a vzd\u011bl\u00e1v\u00e1n\u00ed<\/em>, 2(1), 29-61. Dostupn\u00e9 z: <a href=\"https:\/\/pages.pedf.cuni.cz\/gramotnost\/files\/2018\/11\/02_Laufkova.pdf\">https:\/\/pages.pedf.cuni.cz\/gramotnost\/files\/2018\/11\/02_Laufkova.pdf<\/a><\/p>\n<p>\u0160pa\u010dkov\u00e1, K. &amp; Kucharsk\u00e1, A. (2017) Increasing quality in education of pupils, development of key competencies, educational areas and literacies. <em>Gramotnost, pregramotnost a vzd\u011bl\u00e1v\u00e1n\u00ed<\/em> 1(3), 79-83. Dostupn\u00e9 z: <a href=\"https:\/\/pages.pedf.cuni.cz\/gramotnost\/files\/2018\/06\/Gramotnost_03_Zprava.pdf\">https:\/\/pages.pedf.cuni.cz\/gramotnost\/files\/2018\/06\/Gramotnost_03_Zprava.pdf<\/a><\/p>\n<p>Schacherl, M., &amp; Wildov\u00e1, Z. (2018). <em>Projekt Zv\u00fd\u0161en\u00ed kvality vzd\u011bl\u00e1v\u00e1n\u00ed \u017e\u00e1k\u016f, rozvoje kl\u00ed\u010dov\u00fdch kompetenc\u00ed, oblast\u00ed vzd\u011bl\u00e1v\u00e1n\u00ed a gramotnost\u00ed: pr\u00e1ce s p\u00eds\u0148ov\u00fdmi texty p\u0159i rozvoji \u010dten\u00e1\u0159sk\u00e9 gramotnosti.<\/em> Dostupn\u00e9 z: <a href=\"https:\/\/dspace.cuni.cz\/bitstream\/handle\/20.500.11956\/104681\/Martin_Schacherl_%e2%80%94_Zuzana_Wildova_54-68.pdf?sequence=1&amp;isAllowed=y\">https:\/\/dspace.cuni.cz\/bitstream\/handle\/20.500.11956\/104681\/Martin_Schacherl_%e2%80%94_Zuzana_Wildova_54-68.pdf?sequence=1&amp;isAllowed=y<\/a><\/p>\n<p>Maz\u00e1\u010dov\u00e1, P., &amp; Zonkov\u00e1, M. (2018). Rozv\u00edjen\u00ed informa\u010dn\u00ed gramotnosti v eduka\u010dn\u00ed praxi v laboratorn\u00ed z\u00e1kladn\u00ed \u0161kole: p\u0159\u00edpadov\u00e1 studie. <em>Gramotnost, pregramotnost a vzd\u011bl\u00e1v\u00e1n\u00ed<\/em>, 2(2), s. 21-43. Dostupn\u00e9 z: <a href=\"https:\/\/pages.pedf.cuni.cz\/gramotnost\/files\/2019\/01\/02_Mazacova.pdf\">https:\/\/pages.pedf.cuni.cz\/gramotnost\/files\/2019\/01\/02_Mazacova.pdf<\/a><\/p>\n<p>Bud\u00ednov\u00e1, I., Bla\u017ekov\u00e1, R., Ciglov\u00e1, D., Hr\u010dkov\u00e1, K., Janou\u0161ov\u00e1, I., Lehotsk\u00e1, M., Mutina, P. &amp; Ryglov\u00e1, J. (2018). Diferencovan\u00e1 a individualizovan\u00e1 v\u00fduka matematiky na z\u00e1kladn\u00ed \u0161kole. <em>Gramotnost, pregramotnost a vzd\u011bl\u00e1v\u00e1n\u00ed<\/em>, 2(2), s. 91-111. Dostupn\u00e9 z: <a href=\"https:\/\/pages.pedf.cuni.cz\/gramotnost\/files\/2019\/01\/05_Budinova.pdf\">https:\/\/pages.pedf.cuni.cz\/gramotnost\/files\/2019\/01\/05_Budinova.pdf<\/a><\/p>\n<p>Nov\u00e1kov\u00e1, H., Novotn\u00e1, J. (2018). <em>Jak na to? R\u016fzn\u00e9 zp\u016fsoby \u0159e\u0161en\u00ed slovn\u00edch \u00faloh<\/em>. Sborn\u00edk p\u0159\u00edsp\u011bvk\u016f s zkonference Dva dny s didaktikou matematiky. Univerzita Karlova, Pedagogick\u00e1 fakulta, Praha, 2018. s. 98-105. Dostupn\u00e9 z: <a href=\"http:\/\/mdisk.pedf.cuni.cz\/SUMA\/MaterialyKeStazeni\/SbornikyZKonferenci\/DvaDnySDM\/DvaDny2014.pdf\">http:\/\/mdisk.pedf.cuni.cz\/SUMA\/MaterialyKeStazeni\/SbornikyZKonferenci\/DvaDnySDM\/DvaDny2014.pdf<\/a><\/p>\n<p>Moravcov\u00e1, V., Robov\u00e1, J., &amp; Pazourek, K. (2019). Proch\u00e1zky (nejen) po krychli. <em>MATEMATIKA\u2013FYZIKA\u2013INFORMATIKA<\/em>, <em>28<\/em>(1), 18-29. Dostupn\u00e9 z: <a href=\"http:\/\/mfi.upol.cz\/files\/28\/2801\/mfi_2801_018_029.pdf\">http:\/\/mfi.upol.cz\/files\/28\/2801\/mfi_2801_018_029.pdf<\/a><\/p>\n<p>Moravcov\u00e1, V., Ka\u0148kov\u00e1, \u0160. (2018). Propedeutika analytick\u00e9 geometrie v\u00a0rovin\u011b. <em>Gramotnost, pregramotnost a vzd\u011bl\u00e1v\u00e1n<\/em>\u00ed, 2(2), s. 45-68.<\/p>\n<p>Stadlerov\u00e1, H., &amp; Taylor, D. (2013). P\u0159\u00ednos vzd\u011bl\u00e1vac\u00ed oblasti Um\u011bn\u00ed a kultura pro rozvoj d\u00edt\u011bte. <em>Gramotnost, pregramotnost a vzd\u011bl\u00e1v\u00e1n\u00ed<\/em> 1(3), s. 109-124. Dostupn\u00e9 z: <a href=\"https:\/\/pages.pedf.cuni.cz\/gramotnost\/files\/2019\/07\/07_Stadlerova_Taylor2.pdf\">https:\/\/pages.pedf.cuni.cz\/gramotnost\/files\/2019\/07\/07_Stadlerova_Taylor2.pdf<\/a><\/p>\n<p>Dvo\u0159\u00e1kov\u00e1, M., &amp; Pajpachov\u00e1, V. (2019). \u00daloha v\u00fdchovy k ob\u010danstv\u00ed v z\u00e1kladn\u00edm vzd\u011bl\u00e1v\u00e1n\u00ed o\u010dima \u201eob\u010dank\u00e1\u0159\u016f \u201c. <em>Gramotnost, pregramotnost a vzd\u011bl\u00e1v\u00e1n\u00ed<\/em> 1(3), s. 87-107. Dostupn\u00e9 z: <a href=\"https:\/\/pages.pedf.cuni.cz\/gramotnost\/files\/2019\/07\/06_Dvorakova_Pajpachova.pdf\">https:\/\/pages.pedf.cuni.cz\/gramotnost\/files\/2019\/07\/06_Dvorakova_Pajpachova.pdf<\/a><\/p>\n<p>Presslerov\u00e1, P., N\u011bmec, Z., &amp; Holcepl, R. (2019). \u017d\u00e1ci se speci\u00e1ln\u00edmi vzd\u011bl\u00e1vac\u00edmi pot\u0159ebami v rozvoji ob\u010dansk\u00fdch a soci\u00e1ln\u00edch kompetenc\u00ed pohledem u\u010ditel\u016f. <em>Gramotnost, pregramotnost a vzd\u011bl\u00e1v\u00e1n\u00ed<\/em> 1(3), s. 69-86. Dostupn\u00e9 z: <a href=\"https:\/\/pages.pedf.cuni.cz\/gramotnost\/files\/2019\/07\/05_Presslerova_Nemec_Holcepl.pdf\">https:\/\/pages.pedf.cuni.cz\/gramotnost\/files\/2019\/07\/05_Presslerova_Nemec_Holcepl.pdf<\/a><\/p>\n<p>Podzimkov\u00e1, L., &amp; Dvo\u0159\u00e1kov\u00e1, I. (2019). EarthKAM-vyu\u017eit\u00ed mezin\u00e1rodn\u00edho projektu NASA ve \u0161kole. 31.8.-2.9.2018, P\u0159\u00edrodov\u011bdeck\u00e1 fakulta Jiho\u010desk\u00e9 univerzity. Ve sborn\u00edku <em>Veletrh n\u00e1pad\u016f u\u010ditel\u016f fyziky.<\/em> s. 175-181. Dostupn\u00e9 z: <a href=\"http:\/\/home.pf.jcu.cz\/~vnufcb\/CD\/pdf\/VNUF23_27.pdf\">http:\/\/home.pf.jcu.cz\/~vnufcb\/CD\/pdf\/VNUF23_27.pdf<\/a><\/p>\n<p>Hana Bure\u0161ov\u00e1: <em>PASCO v Ratibo\u0159ick\u00e9 aneb Digit\u00e1ln\u00ed gramotnost v hodin\u00e1c fyziky<\/em>. 7. 6. 2017. Dostupn\u00e9 z: <a href=\"https:\/\/clanky.rvp.cz\/clanek\/s\/Z\/21880\/PASCO-V-RATIBORICKE-ANEB-DIGITALNI-GRAMOTNOST-V-HODINACH-FYZIKY.html\/\">https:\/\/spomocnik.rvp.cz\/clanek\/21765\/SKOLA-JAKO-MISTO-PRO-PRACI.html<\/a><\/p>\n<p>Dvo\u0159\u00e1k, L., &amp; Kamar\u00e1dov\u00e1, Z. (2019). Ud\u011blejte si sami: jednoduch\u00e9 aplikace polovodi\u010d\u016f (nejen) pro Z\u0160. <em>MATEMATIKA\u2013FYZIKA\u2013INFORMATIKA<\/em>, <em>28<\/em>(1), 55-66. Dostupn\u00e9 z: <a href=\"http:\/\/mfi.upol.cz\/files\/28\/2801\/mfi_2801_055_066.pdf\">http:\/\/mfi.upol.cz\/files\/28\/2801\/mfi_2801_055_066.pdf<\/a><\/p>\n<p>&nbsp;<\/p>\n","protected":false},"excerpt":{"rendered":"<p>Tiskov\u00e9 zpr\u00e1vy Napsali o n\u00e1s na iForum &#8222;N\u00e1\u0161 u\u010ditel, n\u00e1\u0161 partner. Spole\u010denstv\u00ed praxe pedagogick\u00fdch fakult&#8220;, cel\u00fd \u010dl\u00e1nek naleznete zde. &nbsp; Konference Rokos, L., &amp; Pavlasov\u00e1, L. Jak co chutn\u00e1? Praktick\u00e1 \u00faloha zam\u011b\u0159en\u00e1 na smyslovou soustavu \u010dlov\u011bka pro 2. stupe\u0148 Z\u0160. P\u0159edn\u00e1\u0161ka na konferenci Projektov\u00e9 vyu\u010dov\u00e1n\u00ed a dal\u0161\u00ed aktiviza\u010dn\u00ed strategie ve v\u00fduce p\u0159\u00edrodov\u011bdn\u00fdch obor\u016f. Praha, 7. &hellip; <a href=\"https:\/\/pages.pedf.cuni.cz\/sc25\/publicita\/\">Continue reading <span class=\"meta-nav\">&rarr;<\/span><\/a><\/p>\n","protected":false},"author":465,"featured_media":0,"parent":0,"menu_order":0,"comment_status":"closed","ping_status":"closed","template":"","meta":{"footnotes":""},"class_list":["post-707","page","type-page","status-publish","hentry"],"_links":{"self":[{"href":"https:\/\/pages.pedf.cuni.cz\/sc25\/wp-json\/wp\/v2\/pages\/707","targetHints":{"allow":["GET"]}}],"collection":[{"href":"https:\/\/pages.pedf.cuni.cz\/sc25\/wp-json\/wp\/v2\/pages"}],"about":[{"href":"https:\/\/pages.pedf.cuni.cz\/sc25\/wp-json\/wp\/v2\/types\/page"}],"author":[{"embeddable":true,"href":"https:\/\/pages.pedf.cuni.cz\/sc25\/wp-json\/wp\/v2\/users\/465"}],"replies":[{"embeddable":true,"href":"https:\/\/pages.pedf.cuni.cz\/sc25\/wp-json\/wp\/v2\/comments?post=707"}],"version-history":[{"count":51,"href":"https:\/\/pages.pedf.cuni.cz\/sc25\/wp-json\/wp\/v2\/pages\/707\/revisions"}],"predecessor-version":[{"id":1473,"href":"https:\/\/pages.pedf.cuni.cz\/sc25\/wp-json\/wp\/v2\/pages\/707\/revisions\/1473"}],"wp:attachment":[{"href":"https:\/\/pages.pedf.cuni.cz\/sc25\/wp-json\/wp\/v2\/media?parent=707"}],"curies":[{"name":"wp","href":"https:\/\/api.w.org\/{rel}","templated":true}]}}