{"id":734,"date":"2017-12-11T10:26:28","date_gmt":"2017-12-11T09:26:28","guid":{"rendered":"http:\/\/pages.pedf.cuni.cz\/sc25\/?page_id=734"},"modified":"2018-01-15T00:28:00","modified_gmt":"2018-01-14T23:28:00","slug":"sdilene-materialy","status":"publish","type":"page","link":"https:\/\/pages.pedf.cuni.cz\/sc25\/sdilene-materialy\/","title":{"rendered":"Sd\u00edlen\u00e9 materi\u00e1ly"},"content":{"rendered":"<p>V\u00e1\u017een\u00e9 u\u010ditelky, V\u00e1\u017een\u00ed u\u010ditel\u00e9,<\/p>\n<p>zde naleznete odkazy na jednotliv\u00e9 sd\u00edlen\u00e9 materi\u00e1ly v\u0161ech sekc\u00ed. Pokud byste pot\u0159ebovali poradit s p\u0159\u00edstupov\u00fdm heslem, napi\u0161te na monika.kadrnozkova@pedf.cuni.cz<\/p>\n<p><strong>\u010clov\u011bk a p\u0159\u00edroda:<\/strong><br \/>\n<a href=\"https:\/\/pages.pedf.cuni.cz\/sc25\/clovek-a-priroda-neverejne\/\" target=\"_blank\" rel=\"noopener\">https:\/\/pages.pedf.cuni.cz\/sc25\/clovek-a-priroda-neverejne\/<\/a><\/p>\n<p><strong>Informa\u010dn\u00ed gramotnost:<\/strong><br \/>\n<a href=\"https:\/\/pages.pedf.cuni.cz\/sc25\/informacni-gramotnost-neverejne\/\" target=\"_blank\" rel=\"noopener\">https:\/\/pages.pedf.cuni.cz\/sc25\/informacni-gramotnost-neverejne\/<\/a><\/p>\n<p><strong>\u010cten\u00e1\u0159sk\u00e1 gramotnost<\/strong><br \/>\n<a href=\"https:\/\/pages.pedf.cuni.cz\/sc25\/ctenarska-gramotnost-private\/\" target=\"_blank\" rel=\"noopener\">https:\/\/pages.pedf.cuni.cz\/sc25\/ctenarska-gramotnost-private\/<\/a><\/p>\n<p><strong>Matematick\u00e1 gramotnost<\/strong><br \/>\n<a href=\"https:\/\/pages.pedf.cuni.cz\/sc25\/matematicka-gramotnost-sdilene-prostredi\/\" target=\"_blank\" rel=\"noopener\">https:\/\/pages.pedf.cuni.cz\/sc25\/matematicka-gramotnost-sdilene-prostredi\/<\/a><\/p>\n<p><strong>Ob\u010dansk\u00e9 a soci\u00e1ln\u00ed kompetence<\/strong><br \/>\n<a href=\"https:\/\/pages.pedf.cuni.cz\/sc25\/obcanske-a-soc-neverejne\/\" target=\"_blank\" rel=\"noopener\">https:\/\/pages.pedf.cuni.cz\/sc25\/obcanske-a-soc-neverejne\/<\/a><\/p>\n<p><strong>Mezip\u0159edm\u011btov\u00e9 vztahy<\/strong><br \/>\n<a href=\"https:\/\/pages.pedf.cuni.cz\/sc25\/mezipredmetove-vztahy-neverejne\/\" target=\"_blank\" rel=\"noopener\">https:\/\/pages.pedf.cuni.cz\/sc25\/mezipredmetove-vztahy-neverejne\/<\/a><\/p>\n<p>&nbsp;<\/p>\n","protected":false},"excerpt":{"rendered":"<p>V\u00e1\u017een\u00e9 u\u010ditelky, V\u00e1\u017een\u00ed u\u010ditel\u00e9, zde naleznete odkazy na jednotliv\u00e9 sd\u00edlen\u00e9 materi\u00e1ly v\u0161ech sekc\u00ed. Pokud byste pot\u0159ebovali poradit s p\u0159\u00edstupov\u00fdm heslem, napi\u0161te na monika.kadrnozkova@pedf.cuni.cz \u010clov\u011bk a p\u0159\u00edroda: https:\/\/pages.pedf.cuni.cz\/sc25\/clovek-a-priroda-neverejne\/ Informa\u010dn\u00ed gramotnost: https:\/\/pages.pedf.cuni.cz\/sc25\/informacni-gramotnost-neverejne\/ \u010cten\u00e1\u0159sk\u00e1 gramotnost https:\/\/pages.pedf.cuni.cz\/sc25\/ctenarska-gramotnost-private\/ Matematick\u00e1 gramotnost https:\/\/pages.pedf.cuni.cz\/sc25\/matematicka-gramotnost-sdilene-prostredi\/ Ob\u010dansk\u00e9 a soci\u00e1ln\u00ed kompetence https:\/\/pages.pedf.cuni.cz\/sc25\/obcanske-a-soc-neverejne\/ Mezip\u0159edm\u011btov\u00e9 vztahy https:\/\/pages.pedf.cuni.cz\/sc25\/mezipredmetove-vztahy-neverejne\/ &nbsp;<\/p>\n","protected":false},"author":465,"featured_media":0,"parent":0,"menu_order":0,"comment_status":"closed","ping_status":"closed","template":"","meta":{"footnotes":""},"class_list":["post-734","page","type-page","status-publish","hentry"],"_links":{"self":[{"href":"https:\/\/pages.pedf.cuni.cz\/sc25\/wp-json\/wp\/v2\/pages\/734","targetHints":{"allow":["GET"]}}],"collection":[{"href":"https:\/\/pages.pedf.cuni.cz\/sc25\/wp-json\/wp\/v2\/pages"}],"about":[{"href":"https:\/\/pages.pedf.cuni.cz\/sc25\/wp-json\/wp\/v2\/types\/page"}],"author":[{"embeddable":true,"href":"https:\/\/pages.pedf.cuni.cz\/sc25\/wp-json\/wp\/v2\/users\/465"}],"replies":[{"embeddable":true,"href":"https:\/\/pages.pedf.cuni.cz\/sc25\/wp-json\/wp\/v2\/comments?post=734"}],"version-history":[{"count":4,"href":"https:\/\/pages.pedf.cuni.cz\/sc25\/wp-json\/wp\/v2\/pages\/734\/revisions"}],"predecessor-version":[{"id":817,"href":"https:\/\/pages.pedf.cuni.cz\/sc25\/wp-json\/wp\/v2\/pages\/734\/revisions\/817"}],"wp:attachment":[{"href":"https:\/\/pages.pedf.cuni.cz\/sc25\/wp-json\/wp\/v2\/media?parent=734"}],"curies":[{"name":"wp","href":"https:\/\/api.w.org\/{rel}","templated":true}]}}

Sdílené materiály

<p>Vážené učitelky, Vážení učitelé,</p>
<p>zde naleznete odkazy na jednotlivé sdílené materiály všech sekcí. Pokud byste potřebovali poradit s přístupovým heslem, napište na monika.kadrnozkova@pedf.cuni.cz</p>
<p><strong>Člověk a příroda:</strong><br />
<a href="https://pages.pedf.cuni.cz/sc25/clovek-a-priroda-neverejne/" target="_blank" rel="noopener">https://pages.pedf.cuni.cz/sc25/clovek-a-priroda-neverejne/</a></p>
<p><strong>Informační gramotnost:</strong><br />
<a href="https://pages.pedf.cuni.cz/sc25/informacni-gramotnost-neverejne/" target="_blank" rel="noopener">https://pages.pedf.cuni.cz/sc25/informacni-gramotnost-neverejne/</a></p>
<p><strong>Čtenářská gramotnost</strong><br />
<a href="https://pages.pedf.cuni.cz/sc25/ctenarska-gramotnost-private/" target="_blank" rel="noopener">https://pages.pedf.cuni.cz/sc25/ctenarska-gramotnost-private/</a></p>
<p><strong>Matematická gramotnost</strong><br />
<a href="https://pages.pedf.cuni.cz/sc25/matematicka-gramotnost-sdilene-prostredi/" target="_blank" rel="noopener">https://pages.pedf.cuni.cz/sc25/matematicka-gramotnost-sdilene-prostredi/</a></p>
<p><strong>Občanské a sociální kompetence</strong><br />
<a href="https://pages.pedf.cuni.cz/sc25/obcanske-a-soc-neverejne/" target="_blank" rel="noopener">https://pages.pedf.cuni.cz/sc25/obcanske-a-soc-neverejne/</a></p>
<p><strong>Mezipředmětové vztahy</strong><br />
<a href="https://pages.pedf.cuni.cz/sc25/mezipredmetove-vztahy-neverejne/" target="_blank" rel="noopener">https://pages.pedf.cuni.cz/sc25/mezipredmetove-vztahy-neverejne/</a></p>
<p>&nbsp;</p>

<p>Vážené učitelky, Vážení učitelé, zde naleznete odkazy na jednotlivé sdílené materiály všech sekcí. Pokud byste potřebovali poradit s přístupovým heslem, napište na monika.kadrnozkova@pedf.cuni.cz Člověk a příroda: https://pages.pedf.cuni.cz/sc25/clovek-a-priroda-neverejne/ Informační gramotnost: https://pages.pedf.cuni.cz/sc25/informacni-gramotnost-neverejne/ Čtenářská gramotnost https://pages.pedf.cuni.cz/sc25/ctenarska-gramotnost-private/ Matematická gramotnost https://pages.pedf.cuni.cz/sc25/matematicka-gramotnost-sdilene-prostredi/ Občanské a sociální kompetence https://pages.pedf.cuni.cz/sc25/obcanske-a-soc-neverejne/ Mezipředmětové vztahy https://pages.pedf.cuni.cz/sc25/mezipredmetove-vztahy-neverejne/ &nbsp;</p>
