{"id":911,"date":"2018-05-11T09:18:30","date_gmt":"2018-05-11T07:18:30","guid":{"rendered":"http:\/\/pages.pedf.cuni.cz\/sc25\/?page_id=911"},"modified":"2020-02-23T13:10:55","modified_gmt":"2020-02-23T12:10:55","slug":"matematicka-gramotnost","status":"publish","type":"page","link":"https:\/\/pages.pedf.cuni.cz\/sc25\/matematicka-gramotnost\/","title":{"rendered":"Matematick\u00e1 gramotnost"},"content":{"rendered":"<p>Zde naleznete v\u00fdstupy vzd\u011bl\u00e1vac\u00edho modulu Matematick\u00e1 gramotnost.<\/p>\n<p><strong>Vzd\u011bl\u00e1vac\u00ed modul s metodikou<\/strong> (Kolektiv autor\u016f)<strong><br \/>\n<\/strong><\/p>\n<p>ke sta\u017een\u00ed <strong><a href=\"https:\/\/pages.pedf.cuni.cz\/sc25\/files\/2019\/12\/FINAL-Modul_Matematicka_gramotnost2.pdf\">zde<\/a><\/strong><\/p>\n<p><strong>Databanka<\/strong><\/p>\n<p>ke sta\u017een\u00ed <strong><a href=\"https:\/\/pages.pedf.cuni.cz\/sc25\/files\/2020\/01\/DATABANKA-MG.pdf\">zde<\/a><\/strong><\/p>\n<p>&nbsp;<\/p>\n<p><strong>V projektu realizovan\u00e1 a ov\u011b\u0159en\u00e1 t\u00e9mata dle nab\u00eddky vzd\u011bl\u00e1vac\u00edho modulu. <\/strong><\/p>\n<p>Nab\u00eddka ov\u011b\u0159ovan\u00fdch t\u00e9mat je k dispozici <strong><a href=\"https:\/\/pages.pedf.cuni.cz\/sc25\/matematicka-pregramotnost\/\">zde<\/a>. <\/strong>Ov\u011b\u0159ov\u00e1na byla t\u00e9mata 1-8.<\/p>\n<p><strong>N\u00e1m\u011bty na aktivity rozv\u00edjej\u00edc\u00ed matematickou gramotnost <\/strong>(Daniela B\u00edmov\u00e1, R\u016f\u017eena Bla\u017ekov\u00e1, Ji\u0159\u00ed B\u0159ehovsk\u00fd, Irena Bud\u00ednov\u00e1, Kamila Hr\u010dkov\u00e1, Anton\u00edn Jan\u010da\u0159\u00edk, Darina Jirotkov\u00e1, \u0160t\u011bp\u00e1nka Ka\u0148kov\u00e1, Jaroslava Klobou\u010dkov\u00e1, Vlasta Moravcov\u00e1, Hana Nov\u00e1kov\u00e1, Jarmila Novotn\u00e1, Jarmila Robov\u00e1, Libu\u0161e Samkov\u00e1, Na\u010fa Vondrov\u00e1)<\/p>\n<p>ke sta\u017een\u00ed <a href=\"https:\/\/pages.pedf.cuni.cz\/sc25\/files\/2020\/02\/N\u00e1m\u011bty-na-aktivity-rozv\u00edjej\u00edc\u00ed-matematickou-gramotnost.pdf\"><strong>zde<\/strong><\/a><\/p>\n<p>&nbsp;<\/p>\n<p><strong>Dal\u0161\u00ed v\u00fdstupy\u00a0<\/strong><\/p>\n<p>1. <strong>Propedeutika analytick\u00e9 geometrie v rovin\u011b<\/strong> (Vlasta Moravcov\u00e1, \u0160t\u011bp\u00e1nka Ka\u0148kov\u00e1)<\/p>\n<p>ke sta\u017een\u00ed <a href=\"https:\/\/pages.pedf.cuni.cz\/sc25\/files\/2020\/01\/Propedeutika-analytick\u00e9-geometrie-v-rovin\u011b.pdf\"><strong>zde<\/strong><\/a><\/p>\n<p>2. <strong>Proch\u00e1zky (nejen) po krychli<\/strong> (Vlasta Moravcov\u00e1, Jarmila Robov\u00e1, Karel Pazourek)<\/p>\n<p>ke sta\u017een\u00ed <a href=\"https:\/\/pages.pedf.cuni.cz\/sc25\/files\/2020\/01\/Proch\u00e1zky-nejen-po-krychli.pdf\"><strong>zde<\/strong><\/a><\/p>\n<p>3.<strong> Jak na to? R\u016fzn\u00e9 zp\u016fsoby \u0159e\u0161en\u00ed slovn\u00edch \u00faloh<\/strong> (Hana Nov\u00e1kov\u00e1, Jarmila Novotn\u00e1)<\/p>\n<p>ke sta\u017een\u00ed <strong><a href=\"https:\/\/pages.pedf.cuni.cz\/sc25\/files\/2020\/01\/Jak-na-to-r\u016fzn\u00e9-zp\u016fsoby-\u0159e\u0161en\u00ed-slovn\u00edch-\u00faloh.pdf\">zde<\/a><\/strong><\/p>\n<p>4.\u00a0 <strong>Diferencovan\u00e1 a individualizovan\u00e1 v\u00fduka matematiky na z\u00e1kladn\u00ed \u0161kole<\/strong> (Irena Bud\u00ednov\u00e1, R\u016f\u017eena Bla\u017ekov\u00e1, Dana Ciglov\u00e1,<br \/>\nKamila Hr\u010dkov\u00e1, Ivana Janou\u0161ov\u00e1, Marcela Lehotsk\u00e1, Petr Mutina, Jana Ryglov\u00e1)<\/p>\n<p>ke sta\u017een\u00ed <strong><a href=\"https:\/\/pages.pedf.cuni.cz\/sc25\/files\/2020\/01\/Diferencovana-a-individualizovana-vyuka-matematiky-na-ZS.pdf\">zde<\/a><\/strong><\/p>\n<p>&nbsp;<\/p>\n<p><strong>Publicita<\/strong> (konference bez p\u0159\u00edsp\u011bvk\u016f ve sborn\u00edc\u00edch, panely aj.)<\/p>\n<p>Irena Bud\u00ednov\u00e1: Zku\u0161enosti u\u010ditel\u016f z vyu\u017e\u00edv\u00e1n\u00ed diferencovan\u00e9 a individualizovan\u00e9 v\u00fduky v hodin\u00e1ch matematiky na Z\u0160, Spole\u010denstv\u00ed praxe jako princip (spolu)pr\u00e1ce v oborov\u00fdch didaktik\u00e1ch. 14. 6. 2018, Pedagogick\u00e1 fakulta Masarykovy univerzity. Dostupn\u00e9 z: <a href=\"http:\/\/didacticaviva.ped.muni.cz\/konference\/jaro-2018\">http:\/\/didacticaviva.ped.muni.cz\/konference\/jaro-2018<\/a><\/p>\n<p>Darina Jirotkov\u00e1: Spole\u010denstv\u00ed praxe jako p\u0159\u00edle\u017eitost k efektivn\u00edmu propojov\u00e1n\u00ed teoretick\u00e9 a praktick\u00e9 p\u0159\u00edpravy na vyu\u010dov\u00e1n\u00ed matematice budouc\u00edch u\u010ditel\u016f 1. stupn\u011b Z\u0160, Spole\u010denstv\u00ed praxe jako princip (spolu)pr\u00e1ce v oborov\u00fdch didaktik\u00e1ch. 14. 6. 2018, Pedagogick\u00e1 fakulta Masarykovy univerzity. Dostupn\u00e9 z: <a href=\"http:\/\/didacticaviva.ped.muni.cz\/konference\/jaro-2018\">http:\/\/didacticaviva.ped.muni.cz\/konference\/jaro-2018<\/a><\/p>\n","protected":false},"excerpt":{"rendered":"<p>Zde naleznete v\u00fdstupy vzd\u011bl\u00e1vac\u00edho modulu Matematick\u00e1 gramotnost. Vzd\u011bl\u00e1vac\u00ed modul s metodikou (Kolektiv autor\u016f) ke sta\u017een\u00ed zde Databanka ke sta\u017een\u00ed zde &nbsp; V projektu realizovan\u00e1 a ov\u011b\u0159en\u00e1 t\u00e9mata dle nab\u00eddky vzd\u011bl\u00e1vac\u00edho modulu. Nab\u00eddka ov\u011b\u0159ovan\u00fdch t\u00e9mat je k dispozici zde. Ov\u011b\u0159ov\u00e1na byla t\u00e9mata 1-8. N\u00e1m\u011bty na aktivity rozv\u00edjej\u00edc\u00ed matematickou gramotnost (Daniela B\u00edmov\u00e1, R\u016f\u017eena Bla\u017ekov\u00e1, Ji\u0159\u00ed B\u0159ehovsk\u00fd, Irena &hellip; <a href=\"https:\/\/pages.pedf.cuni.cz\/sc25\/matematicka-gramotnost\/\">Continue reading <span class=\"meta-nav\">&rarr;<\/span><\/a><\/p>\n","protected":false},"author":465,"featured_media":0,"parent":0,"menu_order":0,"comment_status":"closed","ping_status":"closed","template":"","meta":{"footnotes":""},"class_list":["post-911","page","type-page","status-publish","hentry"],"_links":{"self":[{"href":"https:\/\/pages.pedf.cuni.cz\/sc25\/wp-json\/wp\/v2\/pages\/911","targetHints":{"allow":["GET"]}}],"collection":[{"href":"https:\/\/pages.pedf.cuni.cz\/sc25\/wp-json\/wp\/v2\/pages"}],"about":[{"href":"https:\/\/pages.pedf.cuni.cz\/sc25\/wp-json\/wp\/v2\/types\/page"}],"author":[{"embeddable":true,"href":"https:\/\/pages.pedf.cuni.cz\/sc25\/wp-json\/wp\/v2\/users\/465"}],"replies":[{"embeddable":true,"href":"https:\/\/pages.pedf.cuni.cz\/sc25\/wp-json\/wp\/v2\/comments?post=911"}],"version-history":[{"count":27,"href":"https:\/\/pages.pedf.cuni.cz\/sc25\/wp-json\/wp\/v2\/pages\/911\/revisions"}],"predecessor-version":[{"id":1622,"href":"https:\/\/pages.pedf.cuni.cz\/sc25\/wp-json\/wp\/v2\/pages\/911\/revisions\/1622"}],"wp:attachment":[{"href":"https:\/\/pages.pedf.cuni.cz\/sc25\/wp-json\/wp\/v2\/media?parent=911"}],"curies":[{"name":"wp","href":"https:\/\/api.w.org\/{rel}","templated":true}]}}

Matematická gramotnost

<p>Zde naleznete výstupy vzdělávacího modulu Matematická gramotnost.</p>
<p><strong>Vzdělávací modul s metodikou</strong> (Kolektiv autorů)<strong><br />
</strong></p>
<p>ke stažení <strong><a href="https://pages.pedf.cuni.cz/sc25/files/2019/12/FINAL-Modul_Matematicka_gramotnost2.pdf">zde</a></strong></p>
<p><strong>Databanka</strong></p>
<p>ke stažení <strong><a href="https://pages.pedf.cuni.cz/sc25/files/2020/01/DATABANKA-MG.pdf">zde</a></strong></p>
<p>&nbsp;</p>
<p><strong>V projektu realizovaná a ověřená témata dle nabídky vzdělávacího modulu. </strong></p>
<p>Nabídka ověřovaných témat je k dispozici <strong><a href="https://pages.pedf.cuni.cz/sc25/matematicka-pregramotnost/">zde</a>. </strong>Ověřována byla témata 1-8.</p>
<p><strong>Náměty na aktivity rozvíjející matematickou gramotnost </strong>(Daniela Bímová, Růžena Blažková, Jiří Břehovský, Irena Budínová, Kamila Hrčková, Antonín Jančařík, Darina Jirotková, Štěpánka Kaňková, Jaroslava Kloboučková, Vlasta Moravcová, Hana Nováková, Jarmila Novotná, Jarmila Robová, Libuše Samková, Naďa Vondrová)</p>
<p>ke stažení <a href="https://pages.pedf.cuni.cz/sc25/files/2020/02/Náměty-na-aktivity-rozvíjející-matematickou-gramotnost.pdf"><strong>zde</strong></a></p>
<p>&nbsp;</p>
<p><strong>Další výstupy </strong></p>
<p>1. <strong>Propedeutika analytické geometrie v rovině</strong> (Vlasta Moravcová, Štěpánka Kaňková)</p>
<p>ke stažení <a href="https://pages.pedf.cuni.cz/sc25/files/2020/01/Propedeutika-analytické-geometrie-v-rovině.pdf"><strong>zde</strong></a></p>
<p>2. <strong>Procházky (nejen) po krychli</strong> (Vlasta Moravcová, Jarmila Robová, Karel Pazourek)</p>
<p>ke stažení <a href="https://pages.pedf.cuni.cz/sc25/files/2020/01/Procházky-nejen-po-krychli.pdf"><strong>zde</strong></a></p>
<p>3.<strong> Jak na to? Různé způsoby řešení slovních úloh</strong> (Hana Nováková, Jarmila Novotná)</p>
<p>ke stažení <strong><a href="https://pages.pedf.cuni.cz/sc25/files/2020/01/Jak-na-to-různé-způsoby-řešení-slovních-úloh.pdf">zde</a></strong></p>
<p>4.  <strong>Diferencovaná a individualizovaná výuka matematiky na základní škole</strong> (Irena Budínová, Růžena Blažková, Dana Ciglová,<br />
Kamila Hrčková, Ivana Janoušová, Marcela Lehotská, Petr Mutina, Jana Ryglová)</p>
<p>ke stažení <strong><a href="https://pages.pedf.cuni.cz/sc25/files/2020/01/Diferencovana-a-individualizovana-vyuka-matematiky-na-ZS.pdf">zde</a></strong></p>
<p>&nbsp;</p>
<p><strong>Publicita</strong> (konference bez příspěvků ve sbornících, panely aj.)</p>
<p>Irena Budínová: Zkušenosti učitelů z využívání diferencované a individualizované výuky v hodinách matematiky na ZŠ, Společenství praxe jako princip (spolu)práce v oborových didaktikách. 14. 6. 2018, Pedagogická fakulta Masarykovy univerzity. Dostupné z: <a href="http://didacticaviva.ped.muni.cz/konference/jaro-2018">http://didacticaviva.ped.muni.cz/konference/jaro-2018</a></p>
<p>Darina Jirotková: Společenství praxe jako příležitost k efektivnímu propojování teoretické a praktické přípravy na vyučování matematice budoucích učitelů 1. stupně ZŠ, Společenství praxe jako princip (spolu)práce v oborových didaktikách. 14. 6. 2018, Pedagogická fakulta Masarykovy univerzity. Dostupné z: <a href="http://didacticaviva.ped.muni.cz/konference/jaro-2018">http://didacticaviva.ped.muni.cz/konference/jaro-2018</a></p>

<p>Zde naleznete výstupy vzdělávacího modulu Matematická gramotnost. Vzdělávací modul s metodikou (Kolektiv autorů) ke stažení zde Databanka ke stažení zde &nbsp; V projektu realizovaná a ověřená témata dle nabídky vzdělávacího modulu. Nabídka ověřovaných témat je k dispozici zde. Ověřována byla témata 1-8. Náměty na aktivity rozvíjející matematickou gramotnost (Daniela Bímová, Růžena Blažková, Jiří Břehovský, Irena &hellip; <a href="https://pages.pedf.cuni.cz/sc25/matematicka-gramotnost/">Continue reading <span class="meta-nav">&rarr;</span></a></p>
