{"id":918,"date":"2018-05-11T09:47:38","date_gmt":"2018-05-11T07:47:38","guid":{"rendered":"http:\/\/pages.pedf.cuni.cz\/sc25\/?page_id=918"},"modified":"2020-03-07T07:46:48","modified_gmt":"2020-03-07T06:46:48","slug":"clovek-a-priroda","status":"publish","type":"page","link":"https:\/\/pages.pedf.cuni.cz\/sc25\/clovek-a-priroda\/","title":{"rendered":"\u010clov\u011bk a p\u0159\u00edroda"},"content":{"rendered":"<p>Zde nalezne v\u00fdstupy ze vzd\u011bl\u00e1vac\u00edho modulu \u010clov\u011bk a p\u0159\u00edroda dle jednotliv\u00fdch vzd\u011bl\u00e1vac\u00edch obor\u016f:<\/p>\n<p><strong>Vzd\u011bl\u00e1vac\u00ed modul s metodikou vzd\u011bl\u00e1vac\u00edch obor\u016f:<\/strong><strong> Fyzika<\/strong> (Irena Dvo\u0159\u00e1kov\u00e1),<strong> Chemie<\/strong> (Martin Rusek, Karel Voj\u00ed\u0159 a kol.),<strong> P\u0159\u00edrodopis<\/strong> (Lenka Pavlasov\u00e1, Jana Sk\u00fdbov\u00e1, Luk\u00e1\u0161 Rokos) a<strong> Zem\u011bpis <\/strong>(Ji\u0159\u00ed Rypl, Kl\u00e1ra Sever\u00fdnov\u00e1 Popkov\u00e1, Olga Malinovsk\u00e1, Alena Nohavov\u00e1, Helena Pickov\u00e1, Veronika Plach\u00e1 a kol.)<\/p>\n<p>ke sta\u017een\u00ed <a href=\"https:\/\/pages.pedf.cuni.cz\/sc25\/files\/2019\/10\/Vzd\u011bl\u00e1vac\u00ed-modul_\u010clov\u011bk-a-p\u0159\u00edroda-s-metodikou.pdf\"><strong>zde<\/strong><\/a><\/p>\n<p>&nbsp;<\/p>\n<h3><strong>Databanky:<\/strong><\/h3>\n<p><strong>Fyzika <\/strong>&#8211; ke sta\u017een\u00ed<strong> <a href=\"https:\/\/pages.pedf.cuni.cz\/sc25\/files\/2020\/01\/Fyzika_databanka.pdf\">zde<\/a><br \/>\n<\/strong><\/p>\n<p><strong>Chemie<\/strong> &#8211; ke sta\u017een\u00ed <strong><a href=\"https:\/\/pages.pedf.cuni.cz\/sc25\/files\/2020\/01\/Chemie_databanka.pdf\">zde<\/a><br \/>\n<\/strong><\/p>\n<p><strong>P\u0159\u00edrodopis<\/strong> &#8211; ke sta\u017een\u00ed <a href=\"https:\/\/pages.pedf.cuni.cz\/sc25\/files\/2020\/01\/Databanka-materi\u00e1l\u016f-pro-v\u00fduku-p\u0159\u00edrodopisu_final.pdf\"><strong>zde<\/strong><\/a><\/p>\n<p><strong>Zem\u011bpis <\/strong>&#8211; ke sta\u017een\u00ed <a href=\"https:\/\/pages.pedf.cuni.cz\/sc25\/files\/2020\/02\/Zem\u011bpis_databanka.pdf\"><strong>zde<\/strong><\/a><strong><br \/>\n<\/strong><\/p>\n<p>&nbsp;<\/p>\n<h3><strong>V projektu realizovan\u00e1 a ov\u011b\u0159en\u00e1 t\u00e9mata dle nab\u00eddky vzd\u011bl\u00e1vac\u00edho modulu: <\/strong><\/h3>\n<p><strong>Nab\u00eddka ov\u011b\u0159ovan\u00fdch t\u00e9mat je k dispozici:<\/strong><\/p>\n<p><strong>Fyzika <\/strong>&#8211; ke sta\u017een\u00ed <strong><a href=\"https:\/\/pages.pedf.cuni.cz\/sc25\/fyzika\/\">zde<\/a>. <\/strong>Ov\u011b\u0159ov\u00e1na byla t\u00e9mata \u010d. 1, 2, 3 a 4.<strong><br \/>\n<\/strong><\/p>\n<p><strong>Polovodi\u010de prakticky: Za\u010d\u00edn\u00e1me s LED <\/strong>(Leo\u0161 Dvo\u0159\u00e1k), ov\u011b\u0159ovan\u00e9 t\u00e9ma \u010d. 1.<\/p>\n<p>ke sta\u017een\u00ed <a href=\"https:\/\/pages.pedf.cuni.cz\/sc25\/files\/2020\/02\/Polovodice_prakticky_.pdf\"><strong>zde<\/strong><\/a><\/p>\n<p><strong>Ud\u011blejte si sami: jednoduch\u00e9 aplikace polovodi\u010d\u016f (nejen) pro Z\u0160<\/strong> (Leo\u0161 Dvo\u0159\u00e1k, Zde\u0148ka Kamar\u00e1dov\u00e1), ov\u011b\u0159ovan\u00e9 t\u00e9ma \u010d. 1.<\/p>\n<p>ke sta\u017een\u00ed <a href=\"https:\/\/pages.pedf.cuni.cz\/sc25\/files\/2020\/01\/Ud\u011blejte-si-sami_jednoduch\u00e9-aplikace-polovodi\u010d\u016f-nejen-pro-Z\u0160_.pdf\"><strong>zde<\/strong><\/a><strong>\u00a0<\/strong><\/p>\n<p><strong>3x aktivn\u00ed pr\u00e1ce se \u017e\u00e1ky ve fyzice<\/strong> (Irena Dvo\u0159\u00e1kov\u00e1, Zde\u0148ka Kamar\u00e1dov\u00e1, Vladim\u00edr Vochozka), ov\u011b\u0159ovan\u00e9 t\u00e9ma \u010d. 2, 3, a 4.<\/p>\n<p>ke sta\u017een\u00ed\u00a0 <a href=\"https:\/\/pages.pedf.cuni.cz\/sc25\/files\/2020\/02\/Fyzika_3x-aktivn\u00ed-pr\u00e1ce-se-\u017e\u00e1ky-ve-fyzice_.pdf\"><strong>zde<\/strong><\/a><\/p>\n<p>&nbsp;<\/p>\n<p><strong>Chemie<\/strong> &#8211; ke sta\u017een\u00ed <strong><a href=\"https:\/\/pages.pedf.cuni.cz\/sc25\/chemie\/\">zde<\/a>. <\/strong>Ov\u011b\u0159ov\u00e1no bylo v\u0161ech 5 t\u00e9mat.<strong><br \/>\n<\/strong><\/p>\n<p><strong>V\u00fdstupy a hlavn\u00ed zji\u0161t\u011bn\u00ed spole\u010denstv\u00ed praxe vzd\u011bl\u00e1vac\u00edho modulu \u010clov\u011bk a p\u0159\u00edroda \u2013 Chemie<\/strong> (Karel Voj\u00ed\u0159, Martin Rusek)<\/p>\n<p>ke sta\u017een\u00ed <a href=\"https:\/\/pages.pedf.cuni.cz\/sc25\/files\/2020\/01\/V\u00fdstupy-a-hlavn\u00ed-zji\u0161t\u011bn\u00ed-spole\u010denstv\u00ed-praxe-vzd\u011bl\u00e1vac\u00edho-modulu-\u010clov\u011bk-a-p\u0159\u00edroda-\u2013-Chemie.pdf\"><strong>zde<\/strong><\/a><\/p>\n<p><strong>Vybran\u00e9 chemick\u00e9 experimenty v praxi <\/strong>(Martin Rusek, Karel Voj\u00ed\u0159, Milada Tepl\u00e1 a kol.)<\/p>\n<p>ke sta\u017een\u00ed <a href=\"https:\/\/pages.pedf.cuni.cz\/sc25\/files\/2020\/02\/Vybran\u00e9-chemick\u00e9-experimenty-v-praxi.pdf\"><strong>zde<\/strong><\/a><\/p>\n<p><strong>Soubor pracovn\u00edch list\u016f: <\/strong><strong>Kl\u00ed\u010dov\u00e9 vizu\u00e1ly podporuj\u00edc\u00ed \u017e\u00e1ky s odli\u0161n\u00fdm mate\u0159sk\u00fdm jazykem ve v\u00fduce chemie<\/strong> (Halamkov\u00e1, P. Hartmanov\u00e1, Zuzana Janou\u0161kov\u00e1 (META), R. Nov\u00e1kov\u00e1, O. Solni\u010dka, J. \u0160indel\u00e1\u0159ov\u00e1, M. \u0160vehlov\u00e1, M. Trpi\u0161ovsk\u00e1)<\/p>\n<p>ke sta\u017een\u00ed <a href=\"https:\/\/pages.pedf.cuni.cz\/sc25\/files\/2020\/02\/Soubor-pracovn\u00edch-list\u016f_Kl\u00ed\u010dov\u00e9-vizu\u00e1ly.pdf\"><strong>zde<\/strong><\/a><\/p>\n<p>&nbsp;<\/p>\n<p><strong>P\u0159\u00edrodopis<\/strong> &#8211; ke sta\u017een\u00ed <strong><a href=\"https:\/\/pages.pedf.cuni.cz\/sc25\/prirodopis\/\">zde<\/a>. <\/strong>Ov\u011b\u0159ov\u00e1na byla t\u00e9mata 1-7.<\/p>\n<p><strong>Souhrnn\u00e1 metodika<\/strong> (Lenka Pavlasov\u00e1, Jana Sk\u00fdbov\u00e1, Luk\u00e1\u0161 Rokos)<\/p>\n<p>ke sta\u017een\u00ed <strong><a href=\"https:\/\/pages.pedf.cuni.cz\/sc25\/files\/2020\/02\/Prirodopis_Souhrnna_metodika.pdf\">zde<\/a><\/strong><\/p>\n<p><strong>Pracovn\u00ed listy: Teorie a vyu\u017eit\u00ed ve v\u00fduce p\u0159\u00edrodopisu <\/strong>(Jana Sk\u00fdbov\u00e1)<\/p>\n<p>ke sta\u017een\u00ed <strong><a href=\"https:\/\/pages.pedf.cuni.cz\/sc25\/files\/2020\/03\/15_PR_Prirodopis_pracovni_listy_Teorie_a_vyuziti_ve_vyuce_.pdf\">zde<\/a><\/strong><\/p>\n<p><strong>Soubor pracovn\u00edch list\u016f: Kl\u00ed\u010dov\u00e9 vizu\u00e1ly podporuj\u00edc\u00ed \u017e\u00e1ky s odli\u0161n\u00fdm mate\u0159sk\u00fdm jazykem ve v\u00fduce p\u0159\u00edrodopisu <\/strong>(Musilov\u00e1, M. Mikeskov\u00e1, \u0160. Zikmundov\u00e1, J. \u0160vehla, B. \u0160kantov\u00e1, E. Tarabov\u00e1, D. Findov\u00e1, T. Bart\u00e1\u010dek , M. Jiroutov\u00e1 (META)<\/p>\n<p>ke sta\u017een\u00ed <strong><a href=\"https:\/\/pages.pedf.cuni.cz\/sc25\/files\/2020\/01\/Soubor-pracovn\u00edch-list\u016f-Kl\u00ed\u010dov\u00e9-vizu\u00e1ly.pdf\">zde<\/a><\/strong><\/p>\n<p>&nbsp;<\/p>\n<p><strong>Zem\u011bpis <\/strong>&#8211; ke sta\u017een\u00ed <strong><a href=\"https:\/\/pages.pedf.cuni.cz\/sc25\/zemepis\/\">zde<\/a>. <\/strong>Ov\u011b\u0159ov\u00e1na byla t\u00e9mata 1, 2, 3, 4 a 5.<\/p>\n<p><strong>Mo\u017enosti zv\u00fd\u0161en\u00ed kvality zem\u011bpisn\u00e9ho vzd\u011bl\u00e1v\u00e1n\u00ed u \u017e\u00e1k\u016f 2. stupn\u011b z\u00e1kladn\u00ed \u0161koly<\/strong> (Michal Stan\u011bk, Ji\u0159\u00ed Rypl, Kl\u00e1ra Sever\u00fdnov\u00e1 Popkov\u00e1)<\/p>\n<p>ke sta\u017een\u00ed <a href=\"https:\/\/pages.pedf.cuni.cz\/sc25\/files\/2020\/02\/Moz\u030cnosti-zvy\u0301s\u030ceni\u0301-kvality-zeme\u030cpisne\u0301ho-vzde\u030cla\u0301va\u0301ni\u0301-u-z\u030ca\u0301ku\u030a-2.-stupne\u030c-za\u0301kladni\u0301-s\u030ckoly-ve-vzde\u030cla\u0301vaci\u0301-oblasti-C\u030clove\u030ck-a-pr\u030ci\u0301roda.pdf\"><strong>zde<\/strong><\/a><\/p>\n<p>&nbsp;<\/p>\n<h3>Dal\u0161\u00ed v\u00fdstupy:<\/h3>\n<p><strong><a href=\"https:\/\/pages.pedf.cuni.cz\/sc25\/fyzika-2\/\">Fyzika<\/a><\/strong><\/p>\n<p>1. <strong>EarthKAM \u2013 vyu\u017eit\u00ed mezin\u00e1rodn\u00edho projektu NASA ve \u0161kole<\/strong> (Lenka Podzimkov\u00e1, Irena Dvo\u0159\u00e1kov\u00e1)<\/p>\n<p>ke sta\u017een\u00ed <a href=\"https:\/\/pages.pedf.cuni.cz\/sc25\/files\/2020\/01\/EarthKAM-vyu\u017eit\u00ed-mezin\u00e1rodn\u00edho-projektu-NASA-ve-\u0161kole.pdf\"><strong>zde<\/strong><\/a><\/p>\n<p>2.<strong> Pasco v Ratibo\u0159ick\u00e9 aneb Digit\u00e1ln\u00ed gramotnost v hodin\u00e1ch fyziky<\/strong> (Hana Bure\u0161ov\u00e1)<\/p>\n<p>ke sta\u017een\u00ed <a href=\"https:\/\/pages.pedf.cuni.cz\/sc25\/files\/2020\/01\/Pasco-v-Ratibo\u0159ick\u00e9-aneb-Digit\u00e1ln\u00ed-gramotnost-v-hodin\u00e1ch-fyziky.pdf\"><strong>zde<\/strong><\/a><\/p>\n<p>&nbsp;<\/p>\n<p><strong>Publicita<\/strong> (konference bez p\u0159\u00edsp\u011bvk\u016f ve sborn\u00edc\u00edch, panely aj.)<\/p>\n<p>Irena Dvo\u0159\u00e1kov\u00e1, Lenka Podzimkov\u00e1: EarthKAM-vyu\u017eit\u00ed mezin\u00e1rodn\u00edho projektu NASA ve \u0161kole. 31.8.-2.9.2018, P\u0159\u00edrodov\u011bdeck\u00e1 fakulta Jiho\u010desk\u00e9 univerzity. Dostupn\u00e9 z: <a href=\"http:\/\/home.pf.jcu.cz\/~vnufcb\/index.php\">http:\/\/home.pf.jcu.cz\/~vnufcb\/index.php<\/a><br \/>\nOdkaz na projekt NASA ve \u0161kole\/Sally Ride EarthKAM \u2013 dostupn\u00e9 z: <a href=\"https:\/\/earthkam.pythonanywhere.com\/o-projektu\/\">https:\/\/earthkam.pythonanywhere.com\/o-projektu\/<\/a><\/p>\n<p>Hana Bure\u0161ov\u00e1: PASCO v Ratibo\u0159ick\u00e9 aneb Digit\u00e1ln\u00ed gramotnost v hodin\u00e1c fyziky. 7. 6. 2017. Dostupn\u00e9 z: <a href=\"https:\/\/clanky.rvp.cz\/clanek\/s\/Z\/21880\/PASCO-V-RATIBORICKE-ANEB-DIGITALNI-GRAMOTNOST-V-HODINACH-FYZIKY.html\/\">https:\/\/spomocnik.rvp.cz\/clanek\/21765\/SKOLA-JAKO-MISTO-PRO-PRACI.html<\/a><\/p>\n<p>&nbsp;<\/p>\n<p><strong>Chemie<\/strong><\/p>\n<p>1. <strong>Testy ve v\u00fduce chemie: n\u00e1vrhy a proces tvorby <\/strong>(Karel Voj\u00ed\u0159, Martin Rusek a kol.)<\/p>\n<p>ke sta\u017een\u00ed <strong><a href=\"https:\/\/pages.pedf.cuni.cz\/sc25\/files\/2020\/03\/16_Testy_ve_vyuce_chemie_.pdf\">zde<\/a><\/strong><\/p>\n<p>&nbsp;<\/p>\n<p><strong>Publicita<\/strong> (konference bez p\u0159\u00edsp\u011bvk\u016f ve sborn\u00edc\u00edch, panely aj.)<\/p>\n<p>Voj\u00ed\u0159, K., &amp; Rusek, M. (2018). V\u00fdstupy a hlavn\u00ed zji\u0161t\u011bn\u00ed spole\u010denstv\u00ed praxe vzd\u011bl\u00e1vac\u00edho modulu \u010clov\u011bk a p\u0159\u00edroda \u2013 Chemie. In H. \u010ctrn\u00e1ctov\u00e1, K. Nesm\u011br\u00e1k, &amp; M. Tepl\u00e1 (Eds.) + Poster (Rusek, M.) \u2013 Zp\u016fsoby pou\u017e\u00edv\u00e1n\u00ed u\u010debnic chemie na z\u00e1kladn\u00edch \u0161kol\u00e1ch v \u010cesk\u00e9 republice. Konference DidSci PLUS\u00a0 \u2013 Research in Didactics of\u00a0Science PLUS \u2013 25. \u2013 27. 6. 2018. Praha, Univerzita Karlova, P\u0159\u00edrodov\u011bdeck\u00e1 fakulta. Dostupn\u00e9 z: <a href=\"http:\/\/www.didsciplus.cz\/anglictina\/programme.html\">http:\/\/www.didsciplus.cz\/anglictina\/programme.html<\/a><\/p>\n<p>&nbsp;<\/p>\n<p><strong>P\u0159\u00edrodopis<\/strong><\/p>\n<p>1. <strong>Pozorov\u00e1n\u00ed pt\u00e1k\u016f na nezamrzl\u00fdch vodn\u00edch ploch\u00e1ch: exkurze pro 1. a 2. stupe\u0148 Z\u0160<\/strong> (Luk\u00e1\u0161 Rokos, Lenka Pavlasov\u00e1, Milan Jun\u00e1\u0161ek, Romana Mat\u011bjkov\u00e1, Jitka Pra\u017e\u00e1kov\u00e1, Blanka \u0160kantov\u00e1, Ji\u0159\u00ed \u0160vehla, \u0160t\u011bp\u00e1nka Zikmundov\u00e1)<\/p>\n<p>ke sta\u017een\u00ed <a href=\"https:\/\/pages.pedf.cuni.cz\/sc25\/files\/2020\/01\/Pozorov\u00e1n\u00ed-pt\u00e1k\u016f.pdf\"><strong>zde<\/strong><\/a><\/p>\n<p>2.<strong> Vyvozen\u00ed Allenova pravidla ve v\u00fduce p\u0159\u00edrodopisu<\/strong> (Lenka Pavlasov\u00e1, Luk\u00e1\u0161 Rokos, Zuzana \u010c\u00e1belov\u00e1, Milena Mikeskov\u00e1, \u0160t\u011bp\u00e1nka Zikmundov\u00e1)<\/p>\n<p>ke sta\u017een\u00ed <strong><a href=\"https:\/\/pages.pedf.cuni.cz\/sc25\/files\/2020\/01\/Vyvozen\u00ed-Allenova-pravidla-ve-v\u00fduce-p\u0159\u00edrodopisu.pdf\">zde<\/a><\/strong><\/p>\n<p>&nbsp;<\/p>\n<p><strong>Publicita<\/strong> (konference bez p\u0159\u00edsp\u011bvk\u016f ve sborn\u00edc\u00edch, panely aj.)<\/p>\n<p>Rokos, L., &amp; Pavlasov\u00e1, L. <em>Jak co chutn\u00e1? Praktick\u00e1 \u00faloha zam\u011b\u0159en\u00e1 na smyslovou soustavu \u010dlov\u011bka pro 2. stupe\u0148 Z\u0160.<\/em> P\u0159edn\u00e1\u0161ka na konferenci Projektov\u00e9 vyu\u010dov\u00e1n\u00ed a dal\u0161\u00ed aktiviza\u010dn\u00ed strategie ve v\u00fduce p\u0159\u00edrodov\u011bdn\u00fdch obor\u016f. Praha, 7. \u2013 8.11.2019. Dostupn\u00e9 z: <a href=\"https:\/\/pages.pedf.cuni.cz\/pbe\/\">https:\/\/pages.pedf.cuni.cz\/pbe\/<\/a><\/p>\n<p>&nbsp;<\/p>\n<p><strong>Zem\u011bpis<\/strong><\/p>\n<p>1. <strong>Vztah \u010desk\u00fdch \u017e\u00e1k\u016f k v\u00fduce ne\u017eiv\u00e9 p\u0159\u00edrody: postoje, znalosti a nejroz\u0161\u00ed\u0159en\u011bj\u0161\u00ed miskoncepce<\/strong> (Simona Dvo\u0159\u00e1\u010dkov\u00e1, Ji\u0159\u00ed Rypl, Tom\u00e1\u0161 Ku\u010dera)<\/p>\n<p>ke sta\u017een\u00ed <strong><a href=\"https:\/\/pages.pedf.cuni.cz\/sc25\/files\/2020\/01\/Vztah-\u010desk\u00fdch-\u017e\u00e1k\u016f-k-vv\u00fduce-ne\u017eiv\u00e9-p\u0159\u00edrody.pdf\">zde<\/a><\/strong><\/p>\n<p>2.\u00a0 <strong>Environment\u00e1ln\u00ed aspekty v\u00fduky geografie na 2. stupni z\u00e1kladn\u00edch \u0161kol<\/strong>\u00a0 (Michal Stan\u011bk, Ji\u0159\u00ed Rypl, Pavla Zrzaveck\u00e1)<\/p>\n<p>ke sta\u017een\u00ed <a href=\"https:\/\/pages.pedf.cuni.cz\/sc25\/files\/2020\/01\/Environment\u00e1ln\u00ed-aspekty-v\u00fduky-geografie.pdf\"><strong>zde<\/strong><\/a><\/p>\n<p><strong>\u00a0<\/strong><\/p>\n<p><strong>Publicita<\/strong> (konference bez p\u0159\u00edsp\u011bvk\u016f ve sborn\u00edc\u00edch, panely aj.)<\/p>\n<p>Ji\u0159\u00ed Rypl, &amp; Michal Stan\u011bk: Environment\u00e1ln\u00ed aspekty ve v\u00fduce geografie na 2. stupni Z\u0160. 10.-11.10.2018, Konference Geografick\u00e9 aspekty stredoeur\u00f3psk\u00e9ho priestoru \u2013 Slovensko a \u010cesko \u2013 25 rokov na politickej mape sveta. Katedra geografie a region\u00e1lneho rozvoje FPV UKF v Nitre. Dostupn\u00e9 z: <a href=\"http:\/\/www.kgrr.fpv.ukf.sk\/index.php\/9-oznamy\/403-10-11-10-2018-26-medzinarodna-geograficka-konferencia\">http:\/\/www.kgrr.fpv.ukf.sk\/index.php\/9-oznamy\/403-10-11-10-2018-26-medzinarodna-geograficka-konferencia<\/a><\/p>\n<p>Iva \u017dl\u00e1bkov\u00e1, Luk\u00e1\u0161 Rokos: Spole\u010denstv\u00ed praxe \u2013 model spolupr\u00e1ce s u\u010diteli z\u00e1kladn\u00edch a st\u0159edn\u00edch \u0161kol v r\u00e1mci projekt\u016f OP VVV. Konference \u010cPdS Profesn\u00ed rozvoj pedagogick\u00fdch pracovn\u00edk\u016f a pracovn\u00edk\u016f ve \u0161kolstv\u00ed. 15. \u2013 16. 3. 2018, Fakulta ve\u0159ejn\u00fdch politik Slezsk\u00e1 univerzita v\u00a0Opav\u011b. Dostupn\u00e9 na: <a href=\"http:\/\/www.cpds.cz\/konference_2018_program.php\">http:\/\/www.cpds.cz\/konference_2018_program.php<\/a><\/p>\n","protected":false},"excerpt":{"rendered":"<p>Zde nalezne v\u00fdstupy ze vzd\u011bl\u00e1vac\u00edho modulu \u010clov\u011bk a p\u0159\u00edroda dle jednotliv\u00fdch vzd\u011bl\u00e1vac\u00edch obor\u016f: Vzd\u011bl\u00e1vac\u00ed modul s metodikou vzd\u011bl\u00e1vac\u00edch obor\u016f: Fyzika (Irena Dvo\u0159\u00e1kov\u00e1), Chemie (Martin Rusek, Karel Voj\u00ed\u0159 a kol.), P\u0159\u00edrodopis (Lenka Pavlasov\u00e1, Jana Sk\u00fdbov\u00e1, Luk\u00e1\u0161 Rokos) a Zem\u011bpis (Ji\u0159\u00ed Rypl, Kl\u00e1ra Sever\u00fdnov\u00e1 Popkov\u00e1, Olga Malinovsk\u00e1, Alena Nohavov\u00e1, Helena Pickov\u00e1, Veronika Plach\u00e1 a kol.) ke sta\u017een\u00ed &hellip; <a href=\"https:\/\/pages.pedf.cuni.cz\/sc25\/clovek-a-priroda\/\">Continue reading <span class=\"meta-nav\">&rarr;<\/span><\/a><\/p>\n","protected":false},"author":465,"featured_media":0,"parent":0,"menu_order":0,"comment_status":"closed","ping_status":"closed","template":"","meta":{"footnotes":""},"class_list":["post-918","page","type-page","status-publish","hentry"],"_links":{"self":[{"href":"https:\/\/pages.pedf.cuni.cz\/sc25\/wp-json\/wp\/v2\/pages\/918","targetHints":{"allow":["GET"]}}],"collection":[{"href":"https:\/\/pages.pedf.cuni.cz\/sc25\/wp-json\/wp\/v2\/pages"}],"about":[{"href":"https:\/\/pages.pedf.cuni.cz\/sc25\/wp-json\/wp\/v2\/types\/page"}],"author":[{"embeddable":true,"href":"https:\/\/pages.pedf.cuni.cz\/sc25\/wp-json\/wp\/v2\/users\/465"}],"replies":[{"embeddable":true,"href":"https:\/\/pages.pedf.cuni.cz\/sc25\/wp-json\/wp\/v2\/comments?post=918"}],"version-history":[{"count":73,"href":"https:\/\/pages.pedf.cuni.cz\/sc25\/wp-json\/wp\/v2\/pages\/918\/revisions"}],"predecessor-version":[{"id":1665,"href":"https:\/\/pages.pedf.cuni.cz\/sc25\/wp-json\/wp\/v2\/pages\/918\/revisions\/1665"}],"wp:attachment":[{"href":"https:\/\/pages.pedf.cuni.cz\/sc25\/wp-json\/wp\/v2\/media?parent=918"}],"curies":[{"name":"wp","href":"https:\/\/api.w.org\/{rel}","templated":true}]}}