{"id":24,"date":"2018-04-19T15:33:36","date_gmt":"2018-04-19T13:33:36","guid":{"rendered":"http:\/\/pages.pedf.cuni.cz\/skolpsy\/?page_id=24"},"modified":"2022-03-31T18:36:10","modified_gmt":"2022-03-31T16:36:10","slug":"dulezite-terminy","status":"publish","type":"page","link":"https:\/\/pages.pedf.cuni.cz\/skolpsy\/dulezite-terminy\/","title":{"rendered":"D\u016fle\u017eit\u00e9 term\u00edny"},"content":{"rendered":"<p><strong>11. 5.2022\u00a0 KON\u00c1N\u00cd 4.RO\u010cN\u00cdKU KONFERENCE\u00a0<\/strong><\/p>\n<p><strong>Aktivn\u00ed vystoupen\u00ed na konferenci:<\/strong><\/p>\n<p>Pokud jste ochotni s kolegy sd\u00edlet sv\u00e9 zku\u0161enosti z uveden\u00fdch t\u00e9mat, ocen\u00edme to! Nev\u00e1hejte se p\u0159ihl\u00e1sit a vystoupit se sv\u00fdm p\u0159\u00edsp\u011bvkem v\u00a0rozsahu cca 20 minut, je mo\u017en\u00e9 p\u0159ipravit i interaktivn\u00ed workshop cca na 60 \u2013 90 minut. Anotace p\u0159\u00edsp\u011bvk\u016f zas\u00edlejte do <strong>\u00a025. 4. 2<\/strong><strong>022<\/strong> mailem na: <a href=\"mailto:hana.sotakova@pedf.cuni.cz\">hana.sotakova@pedf.cuni.cz<\/a> .<\/p>\n<p><strong>P\u0159ihla\u0161ov\u00e1n\u00ed k \u00fa\u010dasti (pasivn\u00ed) &#8211; do 8.5.2022 (nebo do napln\u011bn\u00ed kapacity )<\/strong><\/p>\n<p><strong>28.1.2019 &#8211; KON\u00c1N\u00cd 2.RO\u010cN\u00cdKU KONFERENCE<\/strong><\/p>\n<p><strong>21.6.2018 &#8211;\u00a0 KON\u00c1N\u00cd 1.RO\u010cN\u00cdKU KONFERENCE<\/strong><\/p>\n<p>T\u011b\u0161\u00edme se na Va\u0161e p\u0159\u00edsp\u011bvky, \u00fa\u010dast i diskuzi!<\/p>\n","protected":false},"excerpt":{"rendered":"<p>11. 5.2022\u00a0 KON\u00c1N\u00cd 4.RO\u010cN\u00cdKU KONFERENCE\u00a0 Aktivn\u00ed vystoupen\u00ed na konferenci: Pokud jste ochotni s kolegy sd\u00edlet sv\u00e9 zku\u0161enosti z uveden\u00fdch t\u00e9mat, ocen\u00edme to! Nev\u00e1hejte se p\u0159ihl\u00e1sit a vystoupit se sv\u00fdm p\u0159\u00edsp\u011bvkem v\u00a0rozsahu cca 20 minut, je mo\u017en\u00e9 p\u0159ipravit i interaktivn\u00ed workshop<\/p>\n","protected":false},"author":447,"featured_media":0,"parent":0,"menu_order":0,"comment_status":"closed","ping_status":"closed","template":"","meta":{"footnotes":""},"class_list":["post-24","page","type-page","status-publish","hentry"],"_links":{"self":[{"href":"https:\/\/pages.pedf.cuni.cz\/skolpsy\/wp-json\/wp\/v2\/pages\/24","targetHints":{"allow":["GET"]}}],"collection":[{"href":"https:\/\/pages.pedf.cuni.cz\/skolpsy\/wp-json\/wp\/v2\/pages"}],"about":[{"href":"https:\/\/pages.pedf.cuni.cz\/skolpsy\/wp-json\/wp\/v2\/types\/page"}],"author":[{"embeddable":true,"href":"https:\/\/pages.pedf.cuni.cz\/skolpsy\/wp-json\/wp\/v2\/users\/447"}],"replies":[{"embeddable":true,"href":"https:\/\/pages.pedf.cuni.cz\/skolpsy\/wp-json\/wp\/v2\/comments?post=24"}],"version-history":[{"count":10,"href":"https:\/\/pages.pedf.cuni.cz\/skolpsy\/wp-json\/wp\/v2\/pages\/24\/revisions"}],"predecessor-version":[{"id":188,"href":"https:\/\/pages.pedf.cuni.cz\/skolpsy\/wp-json\/wp\/v2\/pages\/24\/revisions\/188"}],"wp:attachment":[{"href":"https:\/\/pages.pedf.cuni.cz\/skolpsy\/wp-json\/wp\/v2\/media?parent=24"}],"curies":[{"name":"wp","href":"https:\/\/api.w.org\/{rel}","templated":true}]}}