{"id":2,"date":"2013-06-13T10:46:33","date_gmt":"2013-06-13T08:46:33","guid":{"rendered":"http:\/\/userweb.pedf.cuni.cz\/wp\/specpeda\/?page_id=2"},"modified":"2021-03-03T10:59:03","modified_gmt":"2021-03-03T09:59:03","slug":"zkusebni-stranka","status":"publish","type":"page","link":"https:\/\/pages.pedf.cuni.cz\/specpeda\/","title":{"rendered":"Speci\u00e1ln\u00ed pedagogika"},"content":{"rendered":"<p>\u010cASOPIS PRO TEORII A PRAXI SPECI\u00c1LN\u00cd PEDAGOGIKY<\/p>\n<p>Vych\u00e1zej\u00ed zpravidla 4 \u010d\u00edsla v roce.<\/p>\n<p>Rada pro v\u00fdzkum a v\u00fdvoj za\u0159adila <em>Speci\u00e1ln\u00ed pedagogiku<\/em> v roce 2008 do kategorie <a href=\"http:\/\/www.vyzkum.cz\/FrontClanek.aspx?idsekce=495942\" target=\"_blank\" rel=\"noopener noreferrer\">recenzovan\u00fdch \u010dasopis\u016f<\/a>.<\/p>\n<p>ISSN 1211-2720<\/p>\n","protected":false},"excerpt":{"rendered":"<p>\u010cASOPIS PRO TEORII A PRAXI SPECI\u00c1LN\u00cd PEDAGOGIKY Vych\u00e1zej\u00ed zpravidla 4 \u010d\u00edsla v roce. Rada pro v\u00fdzkum a v\u00fdvoj za\u0159adila Speci\u00e1ln\u00ed pedagogiku v roce 2008 do kategorie recenzovan\u00fdch \u010dasopis\u016f. ISSN 1211-2720<\/p>\n","protected":false},"author":296,"featured_media":0,"parent":0,"menu_order":0,"comment_status":"closed","ping_status":"closed","template":"","meta":{"footnotes":""},"class_list":["post-2","page","type-page","status-publish","hentry"],"_links":{"self":[{"href":"https:\/\/pages.pedf.cuni.cz\/specpeda\/wp-json\/wp\/v2\/pages\/2","targetHints":{"allow":["GET"]}}],"collection":[{"href":"https:\/\/pages.pedf.cuni.cz\/specpeda\/wp-json\/wp\/v2\/pages"}],"about":[{"href":"https:\/\/pages.pedf.cuni.cz\/specpeda\/wp-json\/wp\/v2\/types\/page"}],"author":[{"embeddable":true,"href":"https:\/\/pages.pedf.cuni.cz\/specpeda\/wp-json\/wp\/v2\/users\/296"}],"replies":[{"embeddable":true,"href":"https:\/\/pages.pedf.cuni.cz\/specpeda\/wp-json\/wp\/v2\/comments?post=2"}],"version-history":[{"count":4,"href":"https:\/\/pages.pedf.cuni.cz\/specpeda\/wp-json\/wp\/v2\/pages\/2\/revisions"}],"predecessor-version":[{"id":292,"href":"https:\/\/pages.pedf.cuni.cz\/specpeda\/wp-json\/wp\/v2\/pages\/2\/revisions\/292"}],"wp:attachment":[{"href":"https:\/\/pages.pedf.cuni.cz\/specpeda\/wp-json\/wp\/v2\/media?parent=2"}],"curies":[{"name":"wp","href":"https:\/\/api.w.org\/{rel}","templated":true}]}}