{"id":260,"date":"2021-03-03T11:02:39","date_gmt":"2021-03-03T10:02:39","guid":{"rendered":"http:\/\/pages.pedf.cuni.cz\/specpeda\/?page_id=260"},"modified":"2021-03-03T11:02:40","modified_gmt":"2021-03-03T10:02:40","slug":"contact-and-subscriptions","status":"publish","type":"page","link":"https:\/\/pages.pedf.cuni.cz\/specpeda\/en\/contact-and-subscriptions\/","title":{"rendered":"Contact and subscriptions"},"content":{"rendered":"\n<h3 class=\"wp-block-heading\">Address and contacts of the editorial office:<\/h3>\n\n\n\n<p>Vydavatelstv\u00ed PedF UK<br>Mgr. Jana Jindrov\u00e1<br>M. D. Rettigov\u00e9 4, 116 39 Praha 1<\/p>\n\n\n\n<p>tel. 221 900 153<br>e-mail: specialni.pedagogika@pedf.cuni.cz<\/p>\n\n\n\n<h3 class=\"wp-block-heading\">Orders:<\/h3>\n\n\n\n<p>tel.: 272 932 840<br>e-mail: cernochova@upcmail.cz<\/p>\n\n\n\n<h3 class=\"wp-block-heading\">Price:<\/h3>\n\n\n\n<p>Price of one copy 70 K\u010d<br>Annual subscription 280 K\u010d plus post and packing charge<\/p>\n","protected":false},"excerpt":{"rendered":"<p>Address and contacts of the editorial office: Vydavatelstv\u00ed PedF UKMgr. Jana Jindrov\u00e1M. D. Rettigov\u00e9 4, 116 39 Praha 1 tel. 221 900 153e-mail: specialni.pedagogika@pedf.cuni.cz Orders: tel.: 272 932 840e-mail: cernochova@upcmail.cz Price: Price of one copy 70 K\u010dAnnual subscription 280 K\u010d <a class=\"more-link\" href=\"https:\/\/pages.pedf.cuni.cz\/specpeda\/en\/contact-and-subscriptions\/\">Cel\u00fd \u010dl\u00e1nek  <span class=\"screen-reader-text\">  Contact and subscriptions<\/span><span class=\"meta-nav\">&rarr;<\/span><\/a><\/p>\n","protected":false},"author":1,"featured_media":0,"parent":0,"menu_order":0,"comment_status":"closed","ping_status":"closed","template":"","meta":{"footnotes":""},"class_list":["post-260","page","type-page","status-publish","hentry"],"_links":{"self":[{"href":"https:\/\/pages.pedf.cuni.cz\/specpeda\/wp-json\/wp\/v2\/pages\/260","targetHints":{"allow":["GET"]}}],"collection":[{"href":"https:\/\/pages.pedf.cuni.cz\/specpeda\/wp-json\/wp\/v2\/pages"}],"about":[{"href":"https:\/\/pages.pedf.cuni.cz\/specpeda\/wp-json\/wp\/v2\/types\/page"}],"author":[{"embeddable":true,"href":"https:\/\/pages.pedf.cuni.cz\/specpeda\/wp-json\/wp\/v2\/users\/1"}],"replies":[{"embeddable":true,"href":"https:\/\/pages.pedf.cuni.cz\/specpeda\/wp-json\/wp\/v2\/comments?post=260"}],"version-history":[{"count":1,"href":"https:\/\/pages.pedf.cuni.cz\/specpeda\/wp-json\/wp\/v2\/pages\/260\/revisions"}],"predecessor-version":[{"id":262,"href":"https:\/\/pages.pedf.cuni.cz\/specpeda\/wp-json\/wp\/v2\/pages\/260\/revisions\/262"}],"wp:attachment":[{"href":"https:\/\/pages.pedf.cuni.cz\/specpeda\/wp-json\/wp\/v2\/media?parent=260"}],"curies":[{"name":"wp","href":"https:\/\/api.w.org\/{rel}","templated":true}]}}