{"id":21,"date":"2015-01-01T16:54:17","date_gmt":"2015-01-01T16:54:17","guid":{"rendered":"http:\/\/pages.pedf.cuni.cz\/uvrv-en\/?page_id=21"},"modified":"2018-12-14T22:05:41","modified_gmt":"2018-12-14T21:05:41","slug":"contacts","status":"publish","type":"page","link":"https:\/\/pages.pedf.cuni.cz\/uvrv-en\/contacts\/","title":{"rendered":"Contacts"},"content":{"rendered":"<div class=\"entry-container fix\">\n<div class=\"entry fix\">\n<ul>\n<li><strong>Email: <\/strong><strong><a href=\"mailto:uvrv@pedf.cuni.cz\">uvrv@pedf.cuni.cz<\/a><\/strong><\/li>\n<li><strong>Phone: <\/strong>+420 221 900 530<\/li>\n<li><strong>Fax<\/strong>: + 420 224 930 751<\/li>\n<li><strong>Address:<br \/>\n<\/strong>\u00dastav v\u00fdzkumu a rozvoje vzd\u011bl\u00e1v\u00e1n\u00ed<br \/>\nMysl\u00edkova 7<br \/>\n110 00<br \/>\nPraha 1<\/li>\n<\/ul>\n\n<!-- iframe plugin v.6.0 wordpress.org\/plugins\/iframe\/ -->\n<iframe loading=\"lazy\" src=\"https:\/\/www.google.com\/maps\/embed?pb=!1m18!1m12!1m3!1d2560.4600491969286!2d14.41349381562285!3d50.07767297942571!2m3!1f0!2f0!3f0!3m2!1i1024!2i768!4f13.1!3m3!1m2!1s0x470b94f13e1c70fb%3A0x2058908f72959e67!2zTXlzbMOta292YSAyMDgvNywgMTEwIDAwIE5vdsOpIE3Em3N0bw!5e0!3m2!1sde!2scz!4v1544820973326\" width=\"600\" height=\"450\" frameborder=\"0\" style=\"border:0\" 0=\"allowfullscreen\" scrolling=\"yes\" class=\"iframe-class\"><\/iframe>\n\n<\/div>\n<\/div>\n","protected":false},"excerpt":{"rendered":"<p>Email: uvrv@pedf.cuni.cz Phone: +420 221 900 530 Fax: + 420 224 930 751 Address: \u00dastav v\u00fdzkumu a rozvoje vzd\u011bl\u00e1v\u00e1n\u00ed Mysl\u00edkova 7 110 00 Praha 1<\/p>\n","protected":false},"author":387,"featured_media":0,"parent":0,"menu_order":0,"comment_status":"closed","ping_status":"closed","template":"","meta":{"footnotes":""},"class_list":["post-21","page","type-page","status-publish","hentry","post-seq-1","post-parity-odd","meta-position-corners","fix"],"_links":{"self":[{"href":"https:\/\/pages.pedf.cuni.cz\/uvrv-en\/wp-json\/wp\/v2\/pages\/21","targetHints":{"allow":["GET"]}}],"collection":[{"href":"https:\/\/pages.pedf.cuni.cz\/uvrv-en\/wp-json\/wp\/v2\/pages"}],"about":[{"href":"https:\/\/pages.pedf.cuni.cz\/uvrv-en\/wp-json\/wp\/v2\/types\/page"}],"author":[{"embeddable":true,"href":"https:\/\/pages.pedf.cuni.cz\/uvrv-en\/wp-json\/wp\/v2\/users\/387"}],"replies":[{"embeddable":true,"href":"https:\/\/pages.pedf.cuni.cz\/uvrv-en\/wp-json\/wp\/v2\/comments?post=21"}],"version-history":[{"count":13,"href":"https:\/\/pages.pedf.cuni.cz\/uvrv-en\/wp-json\/wp\/v2\/pages\/21\/revisions"}],"predecessor-version":[{"id":616,"href":"https:\/\/pages.pedf.cuni.cz\/uvrv-en\/wp-json\/wp\/v2\/pages\/21\/revisions\/616"}],"wp:attachment":[{"href":"https:\/\/pages.pedf.cuni.cz\/uvrv-en\/wp-json\/wp\/v2\/media?parent=21"}],"curies":[{"name":"wp","href":"https:\/\/api.w.org\/{rel}","templated":true}]}}