{"id":843,"date":"2021-08-03T15:58:58","date_gmt":"2021-08-03T13:58:58","guid":{"rendered":"http:\/\/pages.pedf.cuni.cz\/uvrv-en\/?page_id=843"},"modified":"2021-08-03T16:14:05","modified_gmt":"2021-08-03T14:14:05","slug":"v4-project","status":"publish","type":"page","link":"https:\/\/pages.pedf.cuni.cz\/uvrv-en\/v4-project\/","title":{"rendered":"Preventing post-covid social exclusion together"},"content":{"rendered":"\n<figure class=\"wp-block-image\"><img decoding=\"async\" src=\"https:\/\/pcset.up.krakow.pl\/wp-content\/uploads\/sites\/79\/2021\/07\/ay.png\" alt=\"\" \/><\/figure>\n\n\n\n<p>Supporting social integration of young people and their families living in rural areas and small towns in less developed regions of Central and Eastern Europe in a period of an epidemic threats by developing recommendations for civil society on the creation of Local Support Groups \u2013 Rapid Response Teams in the local environment. The project is aimed at helping to reduce the scale of educational and social inequalities in peripheral areas where the introduction of remote education has caused much more negative effects than in urbanized areas and metropolises.<\/p>\n\n\n\n<p><strong>Head of the international research team:<\/strong> <a href=\"https:\/\/pcset.up.krakow.pl\/pracownicy-up\/dr-hab-piotr-dlugosz-prof-up\/\">dr. hab. Dr hab. Piotr D\u0142ugosz, prof. UP<\/a><\/p>\n\n\n\n<p><strong>Head of the Czech research team:<\/strong> <a href=\"https:\/\/pages.pedf.cuni.cz\/uvrv-en\/vit-stastny\/\">dr. V\u00edt \u0160\u0165astn\u00fd<\/a><\/p>\n\n\n\n<p><strong>IMPLEMENTATION PERIOD<\/strong>: 01\/06\/2021\u201330\/11\/2022<\/p>\n\n\n\n<p><strong>INTERNATIONAL PROJECT WEBSITE: <\/strong><a href=\"https:\/\/pcset.up.krakow.pl\/\">https:\/\/pcset.up.krakow.pl\/<\/a> <\/p>\n\n\n\n<p><em>The project is co-financed by the Governments of Czechia, Hungary, Poland and Slovakia through Visegrad Grants from International Visegrad Fund. The mission of the fund is to advance ideas for sustainable&nbsp;regional cooperation in Central Europe<\/em>.<\/p>\n\n\n\n<p><strong>Funding organization:<\/strong><\/p>\n\n\n\n<div class=\"wp-block-image\"><figure class=\"aligncenter\"><a href=\"https:\/\/www.visegradfund.org\/\" target=\"_blank\" rel=\"noreferrer noopener\"><img decoding=\"async\" src=\"https:\/\/ifis.up.krakow.pl\/wp-content\/uploads\/sites\/9\/2021\/05\/visegrad_fund_logo_blue_800px-1.jpg\" alt=\"\" class=\"wp-image-8671\" \/><\/a><\/figure><\/div>\n\n\n\n<p><strong>Partner organizations:<\/strong><\/p>\n\n\n\n<figure class=\"wp-block-table\"><table><tbody><tr><td class=\"has-text-align-center\" data-align=\"center\"><a rel=\"noreferrer noopener\" href=\"https:\/\/www.up.krakow.pl\/\" target=\"_blank\"><\/a><img decoding=\"async\" width=\"95px\" src=\"https:\/\/pcset.up.krakow.pl\/wp-content\/uploads\/sites\/79\/2021\/07\/pobrane-3.png\"><br>Pedagogical University of Krakow<\/td><td class=\"has-text-align-center\" data-align=\"center\"><a rel=\"noreferrer noopener\" href=\"https:\/\/pedf.cuni.cz\/\" target=\"_blank\"><\/a><img decoding=\"async\" width=\"95px\" src=\"https:\/\/pcset.up.krakow.pl\/wp-content\/uploads\/sites\/79\/2021\/07\/logo1.jpeg\"><br>Faculty of Education, Charles University<\/td><td class=\"has-text-align-center\" data-align=\"center\"><a rel=\"noreferrer noopener\" href=\"https:\/\/www.unipo.sk\/pedagogicka-fakulta\" target=\"_blank\"><\/a><img decoding=\"async\" width=\"95px\" src=\"https:\/\/pcset.up.krakow.pl\/wp-content\/uploads\/sites\/79\/2021\/07\/PRESOV-University-150x150-1.jpeg\"><br>Faculty of Education, University of Presov<\/td><td class=\"has-text-align-center\" data-align=\"center\"><a rel=\"noreferrer noopener\" href=\"https:\/\/ni.unideb.hu\/hu\" target=\"_blank\"><\/a><img decoding=\"async\" width=\"95px\" src=\"https:\/\/pcset.up.krakow.pl\/wp-content\/uploads\/sites\/79\/2021\/07\/University-of-Debrecen-150x150-1.png\"><br>Institute of Educational Studies and Cultural Management, University of Debrecen<\/td><\/tr><\/tbody><\/table><\/figure>\n","protected":false},"excerpt":{"rendered":"<p>Supporting social integration of young people and their families living in rural areas and small towns in less developed regions of Central and Eastern Europe in a period of an epidemic threats by developing recommendations for civil society on the creation of Local Support Groups \u2013 Rapid Response Teams in the local environment. The project <a href='https:\/\/pages.pedf.cuni.cz\/uvrv-en\/v4-project\/' class='excerpt-more'>[&#8230;]<\/a><\/p>\n","protected":false},"author":387,"featured_media":0,"parent":0,"menu_order":0,"comment_status":"closed","ping_status":"closed","template":"no-sidebars.php","meta":{"footnotes":""},"class_list":["post-843","page","type-page","status-publish","hentry","post-seq-1","post-parity-odd","meta-position-corners","fix"],"_links":{"self":[{"href":"https:\/\/pages.pedf.cuni.cz\/uvrv-en\/wp-json\/wp\/v2\/pages\/843","targetHints":{"allow":["GET"]}}],"collection":[{"href":"https:\/\/pages.pedf.cuni.cz\/uvrv-en\/wp-json\/wp\/v2\/pages"}],"about":[{"href":"https:\/\/pages.pedf.cuni.cz\/uvrv-en\/wp-json\/wp\/v2\/types\/page"}],"author":[{"embeddable":true,"href":"https:\/\/pages.pedf.cuni.cz\/uvrv-en\/wp-json\/wp\/v2\/users\/387"}],"replies":[{"embeddable":true,"href":"https:\/\/pages.pedf.cuni.cz\/uvrv-en\/wp-json\/wp\/v2\/comments?post=843"}],"version-history":[{"count":13,"href":"https:\/\/pages.pedf.cuni.cz\/uvrv-en\/wp-json\/wp\/v2\/pages\/843\/revisions"}],"predecessor-version":[{"id":860,"href":"https:\/\/pages.pedf.cuni.cz\/uvrv-en\/wp-json\/wp\/v2\/pages\/843\/revisions\/860"}],"wp:attachment":[{"href":"https:\/\/pages.pedf.cuni.cz\/uvrv-en\/wp-json\/wp\/v2\/media?parent=843"}],"curies":[{"name":"wp","href":"https:\/\/api.w.org\/{rel}","templated":true}]}}