{"id":2416,"date":"2016-02-08T21:15:46","date_gmt":"2016-02-08T20:15:46","guid":{"rendered":"http:\/\/pages.pedf.cuni.cz\/uvrv\/?page_id=2416"},"modified":"2016-02-08T21:20:20","modified_gmt":"2016-02-08T20:20:20","slug":"publikace-unce","status":"publish","type":"page","link":"https:\/\/pages.pedf.cuni.cz\/uvrv\/publikace-unce\/","title":{"rendered":"Publikace UNCE"},"content":{"rendered":"<p><a href=\"https:\/\/pages.pedf.cuni.cz\/uvrv\/vystupy-unce\/\">Publikace podle jednotliv\u00fdch pracovi\u0161\u0165<\/a><\/p>\n<p><a href=\"https:\/\/pages.pedf.cuni.cz\/uvrv\/vystupy-junioru\/\">Publikace junior\u016f<\/a><\/p>\n","protected":false},"excerpt":{"rendered":"<p>Publikace podle jednotliv\u00fdch pracovi\u0161\u0165 Publikace junior\u016f<\/p>\n","protected":false},"author":387,"featured_media":0,"parent":0,"menu_order":0,"comment_status":"closed","ping_status":"closed","template":"1l-sidebar.php","meta":{"_monsterinsights_skip_tracking":false,"_monsterinsights_sitenote_active":false,"_monsterinsights_sitenote_note":"","_monsterinsights_sitenote_category":0,"footnotes":""},"class_list":["post-2416","page","type-page","status-publish","hentry","post-seq-1","post-parity-odd","meta-position-corners","fix"],"_links":{"self":[{"href":"https:\/\/pages.pedf.cuni.cz\/uvrv\/wp-json\/wp\/v2\/pages\/2416","targetHints":{"allow":["GET"]}}],"collection":[{"href":"https:\/\/pages.pedf.cuni.cz\/uvrv\/wp-json\/wp\/v2\/pages"}],"about":[{"href":"https:\/\/pages.pedf.cuni.cz\/uvrv\/wp-json\/wp\/v2\/types\/page"}],"author":[{"embeddable":true,"href":"https:\/\/pages.pedf.cuni.cz\/uvrv\/wp-json\/wp\/v2\/users\/387"}],"replies":[{"embeddable":true,"href":"https:\/\/pages.pedf.cuni.cz\/uvrv\/wp-json\/wp\/v2\/comments?post=2416"}],"version-history":[{"count":0,"href":"https:\/\/pages.pedf.cuni.cz\/uvrv\/wp-json\/wp\/v2\/pages\/2416\/revisions"}],"wp:attachment":[{"href":"https:\/\/pages.pedf.cuni.cz\/uvrv\/wp-json\/wp\/v2\/media?parent=2416"}],"curies":[{"name":"wp","href":"https:\/\/api.w.org\/{rel}","templated":true}]}}