{"id":2722,"date":"2016-10-31T11:38:18","date_gmt":"2016-10-31T10:38:18","guid":{"rendered":"http:\/\/pages.pedf.cuni.cz\/uvrv\/?page_id=2722"},"modified":"2017-06-30T21:34:09","modified_gmt":"2017-06-30T19:34:09","slug":"marketa-vachova","status":"publish","type":"page","link":"https:\/\/pages.pedf.cuni.cz\/uvrv\/marketa-vachova\/","title":{"rendered":"Mark\u00e9ta V\u00e1chov\u00e1"},"content":{"rendered":"<p><img loading=\"lazy\" decoding=\"async\" class=\"alignleft\" src=\"https:\/\/pages.pedf.cuni.cz\/uvrv\/files\/2017\/06\/Mark\u00e9ta-V\u00e1chov\u00e1-e1498851173158.jpg\" alt=\"Mark\u00e9ta V\u00e1chov\u00e1\" width=\"257\" height=\"171\" \/><\/p>\n<table class=\" aligncenter\" style=\"height: 134px\" border=\"0\" width=\"539\">\n<tbody>\n<tr>\n<td>Email:<\/td>\n<td><a href=\"mailto:MarkytkaVachova@seznam.cz\">MarkytkaVachova@seznam.cz<\/a><\/td>\n<\/tr>\n<tr>\n<td>Kancel\u00e1\u0159:<\/td>\n<td>Mysl\u00edkova 7, \u010d. 106<\/td>\n<\/tr>\n<tr>\n<td>Telefon:<\/td>\n<td>221 900 527<\/td>\n<\/tr>\n<tr>\n<td style=\"text-align: right\">Konzultace:<\/td>\n<td>dle dohody e-mailem<\/td>\n<\/tr>\n<\/tbody>\n<\/table>\n<p>&nbsp;<\/p>\n<p>&nbsp;<\/p>\n<h5 class=\"collapseomatic highlight\" id=\"id6a0641d773468\"  tabindex=\"0\" title=\"Ph.D. studium\"    >Ph.D. studium<\/h5><div id=\"target-id6a0641d773468\" class=\"collapseomatic_content \">\n<p><strong>N\u00e1zev diserta\u010dn\u00ed pr\u00e1ce:<\/strong><\/p>\n<ul>\n<li>Podm\u00ednky pr\u00e1ce u\u010ditele v sou\u010dasn\u00e9 spole\u010dnosti<\/li>\n<\/ul>\n<p><strong>\u0160kolitel:<\/strong><\/p>\n<ul>\n<li>doc. PaedDr. Petr Urb\u00e1nek, Dr.<\/li>\n<\/ul>\n<\/div>\n<h5 class=\"collapseomatic highlight\" id=\"id6a0641d77351f\"  tabindex=\"0\" title=\"Vzd\u011bl\u00e1n\u00ed\"    >Vzd\u011bl\u00e1n\u00ed<\/h5><div id=\"target-id6a0641d77351f\" class=\"collapseomatic_content \">\n<ul>\n<li><em>Matematika a v\u00fdchova k ob\u010danstv\u00ed zam\u011b\u0159en\u00e9 na vzd\u011bl\u00e1n\u00ed pro 2.stupe\u0148<\/em><br \/>\nJiho\u010desk\u00e1 univerzita v \u010cesk\u00fdch Bud\u011bjovic\u00edch, Pedagogick\u00e1 fakulta<\/li>\n<\/ul>\n<\/div>\n<h5 class=\"collapseomatic highlight\" id=\"id6a0641d77355c\"  tabindex=\"0\" title=\"Zam\u011bstn\u00e1n\u00ed\"    >Zam\u011bstn\u00e1n\u00ed<\/h5><div id=\"target-id6a0641d77355c\" class=\"collapseomatic_content \">\n<ul>\n<li>projekt <strong>Spole\u010dn\u011b to zvl\u00e1dneme<\/strong><br \/>\n\u0161koln\u00ed asistenka <\/div><\/li>\n<\/ul>\n<p>&nbsp;<\/p>\n","protected":false},"excerpt":{"rendered":"<p>Email: MarkytkaVachova@seznam.cz Kancel\u00e1\u0159: Mysl\u00edkova 7, \u010d. 106 Telefon: 221 900 527 Konzultace: dle dohody e-mailem &nbsp; &nbsp; &nbsp;<\/p>\n","protected":false},"author":387,"featured_media":0,"parent":0,"menu_order":0,"comment_status":"closed","ping_status":"closed","template":"1r-sidebar.php","meta":{"_monsterinsights_skip_tracking":false,"_monsterinsights_sitenote_active":false,"_monsterinsights_sitenote_note":"","_monsterinsights_sitenote_category":0,"footnotes":""},"class_list":["post-2722","page","type-page","status-publish","hentry","post-seq-1","post-parity-odd","meta-position-corners","fix"],"_links":{"self":[{"href":"https:\/\/pages.pedf.cuni.cz\/uvrv\/wp-json\/wp\/v2\/pages\/2722","targetHints":{"allow":["GET"]}}],"collection":[{"href":"https:\/\/pages.pedf.cuni.cz\/uvrv\/wp-json\/wp\/v2\/pages"}],"about":[{"href":"https:\/\/pages.pedf.cuni.cz\/uvrv\/wp-json\/wp\/v2\/types\/page"}],"author":[{"embeddable":true,"href":"https:\/\/pages.pedf.cuni.cz\/uvrv\/wp-json\/wp\/v2\/users\/387"}],"replies":[{"embeddable":true,"href":"https:\/\/pages.pedf.cuni.cz\/uvrv\/wp-json\/wp\/v2\/comments?post=2722"}],"version-history":[{"count":12,"href":"https:\/\/pages.pedf.cuni.cz\/uvrv\/wp-json\/wp\/v2\/pages\/2722\/revisions"}],"predecessor-version":[{"id":3062,"href":"https:\/\/pages.pedf.cuni.cz\/uvrv\/wp-json\/wp\/v2\/pages\/2722\/revisions\/3062"}],"wp:attachment":[{"href":"https:\/\/pages.pedf.cuni.cz\/uvrv\/wp-json\/wp\/v2\/media?parent=2722"}],"curies":[{"name":"wp","href":"https:\/\/api.w.org\/{rel}","templated":true}]}}