{"id":2923,"date":"2017-05-29T09:51:51","date_gmt":"2017-05-29T07:51:51","guid":{"rendered":"http:\/\/pages.pedf.cuni.cz\/uvrv\/?page_id=2923"},"modified":"2018-01-18T16:19:24","modified_gmt":"2018-01-18T15:19:24","slug":"irenabartakova","status":"publish","type":"page","link":"https:\/\/pages.pedf.cuni.cz\/uvrv\/irenabartakova\/","title":{"rendered":"Irena Bart\u00e1kov\u00e1"},"content":{"rendered":"<h1><span style=\"font-size: 22pt\">Mgr.\u00a0Irena Bart\u00e1kov\u00e1<br \/>\n<\/span><\/h1>\n<p><img loading=\"lazy\" decoding=\"async\" class=\"alignleft\" src=\"https:\/\/pages.pedf.cuni.cz\/uvrv\/files\/2017\/05\/Bartakova.jpg\" alt=\"Irena Bart\u00e1kov\u00e1\" width=\"145\" height=\"169\" \/><\/p>\n<table class=\" aligncenter\" style=\"border-color: #b9b9b9;height: 150px\" border=\"0\" width=\"471\">\n<tbody>\n<tr>\n<td style=\"text-align: left\">Email:<\/td>\n<td style=\"text-align: left\"><a href=\"mailto:irabartakova@email.cz\">irabartakova@email.cz<\/a><\/td>\n<\/tr>\n<tr>\n<td style=\"text-align: left\">Kancel\u00e1\u0159:<\/td>\n<td>Mysl\u00edkova 7, \u010d. 106<\/td>\n<\/tr>\n<tr>\n<td style=\"text-align: left\">Telefon:<\/td>\n<td>221 900 527<\/td>\n<\/tr>\n<tr>\n<td style=\"text-align: left\">Konzultace:<\/td>\n<td>dle dohody e-mailem<\/td>\n<\/tr>\n<\/tbody>\n<\/table>\n<p>&nbsp;<\/p>\n<h5 class=\"collapseomatic highlight\" id=\"id69e5ca8fe4073\"  tabindex=\"0\" title=\"Vzd\u011bl\u00e1n\u00ed\"    >Vzd\u011bl\u00e1n\u00ed<\/h5><div id=\"target-id69e5ca8fe4073\" class=\"collapseomatic_content \">\n<ul>\n<li><strong>od 2016<\/strong><br \/>\n<strong>Doktorsk\u00e9 studium, <\/strong>obor<strong> Pedagogika<\/strong><br \/>\nUniverzita Karlova v Praze, Pedagogick\u00e1 fakulta, \u00dastav v\u00fdzkumu a rozvoje vzd\u011bl\u00e1v\u00e1n\u00ed<br \/>\nN\u00e1zev diserta\u010dn\u00ed pr\u00e1ce: <em>Predik\u010dn\u00ed validita st\u00e1tn\u00ed maturity<\/em><\/li>\n<li><strong>2003\u00a0\u2013 2010\u00a0<\/strong><br \/>\n<strong>Magistersk\u00e9 studium,<\/strong> obor <strong>Anglick\u00fd jazyk a Francouzsk\u00fd jazyk<\/strong><br \/>\nUniverzita Karlova v Praze, Pedagogick\u00e1 fakulta<\/div><\/li>\n<\/ul>\n<h5 class=\"collapseomatic highlight\" id=\"id69e5ca8fe423d\"  tabindex=\"0\" title=\"Zam\u011bstn\u00e1n\u00ed\"    >Zam\u011bstn\u00e1n\u00ed<\/h5><div id=\"target-id69e5ca8fe423d\" class=\"collapseomatic_content \">\n<ul>\n<li><strong>od z\u00e1\u0159\u00ed 2017<br \/>\n<\/strong>u\u010ditelka<br \/>\nKlasick\u00e9 gymn\u00e1zium Mod\u0159any \u2013 u\u010ditelstv\u00ed anglick\u00e9ho a francouzsk\u00e9ho jazyka<\/li>\n<li><strong>2016\/2017<br \/>\n<\/strong>u\u010ditelka<br \/>\n1.Z\u0160 \u0158\u00ed\u010dany \u2013 u\u010ditelstv\u00ed anglick\u00e9ho jazyka<\/li>\n<li><strong>2011 \u2013 2016<\/strong><br \/>\nu\u010ditelka<br \/>\nKlasick\u00e9 gymn\u00e1zium Mod\u0159any \u2013 u\u010ditelstv\u00ed anglick\u00e9ho jazyka<\/div><\/li>\n<\/ul>\n<p>&nbsp;<\/p>\n","protected":false},"excerpt":{"rendered":"<p>Mgr.\u00a0Irena Bart\u00e1kov\u00e1 Email: irabartakova@email.cz Kancel\u00e1\u0159: Mysl\u00edkova 7, \u010d. 106 Telefon: 221 900 527 Konzultace: dle dohody e-mailem &nbsp; &nbsp;<\/p>\n","protected":false},"author":479,"featured_media":0,"parent":0,"menu_order":0,"comment_status":"closed","ping_status":"closed","template":"1r-sidebar.php","meta":{"_monsterinsights_skip_tracking":false,"_monsterinsights_sitenote_active":false,"_monsterinsights_sitenote_note":"","_monsterinsights_sitenote_category":0,"footnotes":""},"class_list":["post-2923","page","type-page","status-publish","hentry","post-seq-1","post-parity-odd","meta-position-corners","fix"],"_links":{"self":[{"href":"https:\/\/pages.pedf.cuni.cz\/uvrv\/wp-json\/wp\/v2\/pages\/2923","targetHints":{"allow":["GET"]}}],"collection":[{"href":"https:\/\/pages.pedf.cuni.cz\/uvrv\/wp-json\/wp\/v2\/pages"}],"about":[{"href":"https:\/\/pages.pedf.cuni.cz\/uvrv\/wp-json\/wp\/v2\/types\/page"}],"author":[{"embeddable":true,"href":"https:\/\/pages.pedf.cuni.cz\/uvrv\/wp-json\/wp\/v2\/users\/479"}],"replies":[{"embeddable":true,"href":"https:\/\/pages.pedf.cuni.cz\/uvrv\/wp-json\/wp\/v2\/comments?post=2923"}],"version-history":[{"count":4,"href":"https:\/\/pages.pedf.cuni.cz\/uvrv\/wp-json\/wp\/v2\/pages\/2923\/revisions"}],"predecessor-version":[{"id":2930,"href":"https:\/\/pages.pedf.cuni.cz\/uvrv\/wp-json\/wp\/v2\/pages\/2923\/revisions\/2930"}],"wp:attachment":[{"href":"https:\/\/pages.pedf.cuni.cz\/uvrv\/wp-json\/wp\/v2\/media?parent=2923"}],"curies":[{"name":"wp","href":"https:\/\/api.w.org\/{rel}","templated":true}]}}