{"id":2937,"date":"2017-06-17T10:09:46","date_gmt":"2017-06-17T08:09:46","guid":{"rendered":"http:\/\/pages.pedf.cuni.cz\/uvrv\/?page_id=2937"},"modified":"2017-06-17T10:41:57","modified_gmt":"2017-06-17T08:41:57","slug":"vedecke-konference","status":"publish","type":"page","link":"https:\/\/pages.pedf.cuni.cz\/uvrv\/vedecke-konference\/","title":{"rendered":"V\u011bdeck\u00e9 konference"},"content":{"rendered":"<p>\u00dastav v\u00fdzkumu a rozvoje vzd\u011bl\u00e1v\u00e1n\u00ed po\u0159\u00e1dal \u010di se pod\u00edlel na po\u0159\u00e1d\u00e1n\u00ed t\u011bchto mezin\u00e1rodn\u00edch konferenc\u00ed:<\/p>\n<ul>\n<li><a href=\"http:\/\/www.iea.nl\/7th-iea-international-research-conference\"><em>7th IEA International Research Conference<\/em><\/a> (28.\u201330. \u010dervna 2017)<\/li>\n<li><a href=\"https:\/\/pages.pedf.cuni.cz\/uvrv\/schooltrackingconference2015\/\"><em>School Tracking: Diverse Mechanisms, Effects and Policy Responses<\/em><\/a> (26.\u201327. kv\u011btna 2015)<\/li>\n<li><em>Educational Change in the Global Context<\/em> (30. srpna \u2013 4. z\u00e1\u0159\u00ed 2010)<\/li>\n<li><em>Education, Equity and Social Justice<\/em> (16.\u201319. \u010dervna 2008)<\/li>\n<\/ul>\n","protected":false},"excerpt":{"rendered":"<p>\u00dastav v\u00fdzkumu a rozvoje vzd\u011bl\u00e1v\u00e1n\u00ed po\u0159\u00e1dal \u010di se pod\u00edlel na po\u0159\u00e1d\u00e1n\u00ed t\u011bchto mezin\u00e1rodn\u00edch konferenc\u00ed: 7th IEA International Research Conference (28.\u201330. \u010dervna 2017) School Tracking: Diverse Mechanisms, Effects and Policy Responses (26.\u201327. kv\u011btna 2015) Educational Change in the Global Context (30. srpna \u2013 4. z\u00e1\u0159\u00ed 2010) Education, Equity and Social Justice (16.\u201319. \u010dervna 2008)<\/p>\n","protected":false},"author":387,"featured_media":0,"parent":0,"menu_order":0,"comment_status":"closed","ping_status":"closed","template":"","meta":{"_monsterinsights_skip_tracking":false,"_monsterinsights_sitenote_active":false,"_monsterinsights_sitenote_note":"","_monsterinsights_sitenote_category":0,"footnotes":""},"class_list":["post-2937","page","type-page","status-publish","hentry","post-seq-1","post-parity-odd","meta-position-corners","fix"],"_links":{"self":[{"href":"https:\/\/pages.pedf.cuni.cz\/uvrv\/wp-json\/wp\/v2\/pages\/2937","targetHints":{"allow":["GET"]}}],"collection":[{"href":"https:\/\/pages.pedf.cuni.cz\/uvrv\/wp-json\/wp\/v2\/pages"}],"about":[{"href":"https:\/\/pages.pedf.cuni.cz\/uvrv\/wp-json\/wp\/v2\/types\/page"}],"author":[{"embeddable":true,"href":"https:\/\/pages.pedf.cuni.cz\/uvrv\/wp-json\/wp\/v2\/users\/387"}],"replies":[{"embeddable":true,"href":"https:\/\/pages.pedf.cuni.cz\/uvrv\/wp-json\/wp\/v2\/comments?post=2937"}],"version-history":[{"count":5,"href":"https:\/\/pages.pedf.cuni.cz\/uvrv\/wp-json\/wp\/v2\/pages\/2937\/revisions"}],"predecessor-version":[{"id":2951,"href":"https:\/\/pages.pedf.cuni.cz\/uvrv\/wp-json\/wp\/v2\/pages\/2937\/revisions\/2951"}],"wp:attachment":[{"href":"https:\/\/pages.pedf.cuni.cz\/uvrv\/wp-json\/wp\/v2\/media?parent=2937"}],"curies":[{"name":"wp","href":"https:\/\/api.w.org\/{rel}","templated":true}]}}