{"id":441,"date":"2010-08-23T19:34:21","date_gmt":"2010-08-23T17:34:21","guid":{"rendered":"http:\/\/userweb.pedf.cuni.cz\/wp\/uvrv\/karelstary\/"},"modified":"2019-06-20T09:43:18","modified_gmt":"2019-06-20T07:43:18","slug":"karelstary","status":"publish","type":"page","link":"https:\/\/pages.pedf.cuni.cz\/uvrv\/karelstary\/","title":{"rendered":"Karel Star\u00fd"},"content":{"rendered":"<h1><span style=\"font-size: 22pt\">PhDr. Karel Star\u00fd, Ph.D.<\/span><\/h1>\n<p><img loading=\"lazy\" decoding=\"async\" class=\" wp-image-440 alignleft\" style=\"margin-left: auto;margin-right: auto\" src=\"https:\/\/pages.pedf.cuni.cz\/uvrv\/files\/2017\/06\/3V5A9559-e1498728109383.jpg\" alt=\"Karel Star\u00fd\" width=\"220\" height=\"146\" border=\"0\" \/><\/p>\n<div>\n<div style=\"text-align: left\">\n<table class=\" aligncenter\" style=\"border-color: #b9b9b9;height: 131px\" border=\"0\" width=\"381\">\n<tbody>\n<tr>\n<td style=\"text-align: left\">Email:<\/td>\n<td style=\"text-align: left\"><a href=\"mailto:karel.stary@pedf.cuni.cz\">karel.stary@pedf.cuni.cz<\/a><\/td>\n<\/tr>\n<tr>\n<td style=\"text-align: left\">Kancel\u00e1\u0159:<\/td>\n<td style=\"text-align: left\">Mysl\u00edkova 7, \u010d. 203<\/td>\n<\/tr>\n<tr>\n<td style=\"text-align: left\">Telefon:<\/td>\n<td style=\"text-align: left\">221 900 552<\/td>\n<\/tr>\n<tr>\n<td style=\"text-align: left\">Konzultace:<\/td>\n<td style=\"text-align: left\">\u00dater\u00fd 12 &#8211; 14 hod. \u010d. dv. 203<\/td>\n<\/tr>\n<\/tbody>\n<\/table>\n<p>&nbsp;<\/p>\n<h5 class=\"collapseomatic highlight\" id=\"id69dcc244580aa\"  tabindex=\"0\" title=\"Vzd\u011bl\u00e1n\u00ed\"    >Vzd\u011bl\u00e1n\u00ed<\/h5><div id=\"target-id69dcc244580aa\" class=\"collapseomatic_content \"> Vzd\u011bl\u00e1n\u00ed\u00a0<\/div>\n<h5 class=\"collapseomatic highlight\" id=\"id69dcc2445816e\"  tabindex=\"0\" title=\"Zam\u011bstn\u00e1n\u00ed\"    >Zam\u011bstn\u00e1n\u00ed<\/h5><div id=\"target-id69dcc2445816e\" class=\"collapseomatic_content \">\n<ul style=\"text-align: left\">\n<li><strong>2019 <\/strong>Odborn\u00fd asistent &#8211; \u00daVRV, UK PedF<\/li>\n<li style=\"text-align: left\"><strong>2003 \u2013 2018<\/strong><br \/>\nV\u00fdzkumn\u00fd pracovn\u00edk \u2013 \u00daVRV, UK PedF<\/li>\n<li style=\"text-align: left\"><strong>2001 \u2013 2003<\/strong><br \/>\nOdborn\u00fd asistent \u2013 \u00daPRP\u0160, UK PedF<\/li>\n<li style=\"text-align: left\"><strong>2000 \u2013 2001<\/strong><br \/>\nOdborn\u00fd pracovn\u00edk \u2013 \u00daVR\u0160, Centrum dal\u0161\u00edho vzd\u011bl\u00e1v\u00e1n\u00ed u\u010ditel\u016f<\/li>\n<li style=\"text-align: left\"><strong>2000 \u2013 2001<\/strong><br \/>\nU\u010ditel \u010cJ na British International School of Prague, Praha 4<\/li>\n<li style=\"text-align: left\"><strong>1991 \u2013 2001<\/strong><br \/>\nU\u010ditel \u010de\u0161tiny a d\u011bjepisu na gymn\u00e1ziu<\/li>\n<li style=\"text-align: left\"><strong>1986 \u2013 1990<\/strong><br \/>\nU\u010ditel \u010de\u0161tiny a d\u011bjepisu na z\u00e1kladn\u00ed \u0161kole, Praha 5\u00a0<\/div>\n<h5 class=\"collapseomatic highlight\" id=\"id69dcc244581b2\"  tabindex=\"0\" title=\"Publikace\"    >Publikace<\/h5><div id=\"target-id69dcc244581b2\" class=\"collapseomatic_content \"><\/li>\n<\/ul>\n<p style=\"text-align: left\"><span style=\"font-size: 12pt\"><strong>Odborn\u00e9 knihy<\/strong><\/span><\/p>\n<ul style=\"text-align: left\">\n<li style=\"text-align: left\">Star\u00fd, K., Laufkov\u00e1, V., Star\u00e1, J., Novotn\u00e1, K., \u0160\u0165astn\u00fd, V., Svobodov\u00e1, Z. <em>Formativn\u00ed hodnocen\u00ed ve v\u00fduce. <\/em>Praha : Port\u00e1l, 2016.<\/li>\n<li style=\"text-align: left\">Dvo\u0159\u00e1k, D. Star\u00fd, K. Urb\u00e1nek, P. Chv\u00e1l. M. Walterov\u00e1, E. <em>\u010cesk\u00e1 z\u00e1kladn\u00ed \u0161kola : V\u00edcep\u0159\u00edpadov\u00e1 studie \u0161koln\u00edho vzd\u011bl\u00e1v\u00e1n\u00ed<\/em>, Praha : Karolinum, 2010.<\/li>\n<li style=\"text-align: left\"><strong><span style=\"font-weight: normal\">Star\u00fd, K. Chv\u00e1l, M.: Kvalita a efektivita v\u00fduky: metodologick\u00e9 p\u0159\u00edstupy<\/span>.<\/strong> In Jan\u00edkov\u00e1 M. Vl\u010dkov\u00e1, K. a kol. V\u00fdzkum v\u00fduky: Tematick\u00e9 oblasti, v\u00fdzkumn\u00e9 p\u0159\u00edstupy a metody. Brno: Paido 2009. ISBN 978-80-7315-180-5.<\/li>\n<li style=\"text-align: left\">Star\u00fd, K. a kol. <em>U\u010ditel\u00e9 u\u010ditel\u016f.<\/em> Praha : Port\u00e1l, 2008.<\/li>\n<li style=\"text-align: left\">Star\u00fd, K. a kol. <em>Pedagogika ve \u0161kole.<\/em> Praha : Port\u00e1l, 2008.<\/li>\n<li style=\"text-align: left\">Chv\u00e1l, M., Dvo\u0159\u00e1k, D. Star\u00fd, K. Markov\u00e1, K. Design-based research p\u0159i hled\u00e1n\u00ed cest dal\u0161\u00edho vzd\u011bl\u00e1v\u00e1n\u00ed u\u010ditel\u016f. <em>Orbis scholae<\/em>. Praha : Univerzita Karlova v\u00a0Praze. 2008, ro\u010d. 2, \u010d. 3, ISSN 1802-4637.<\/li>\n<li style=\"text-align: left\">STAR\u00dd, K. Dignostika kl\u00ed\u010dov\u00fdch kompetenc\u00ed: 5. kompetence k u\u010den\u00ed, Praha : Raabe, 2007.<\/li>\n<\/ul>\n<p style=\"text-align: left\"><span style=\"font-size: 12pt\"><strong>Kapitoly v odborn\u00fdch knih\u00e1ch<\/strong><\/span><\/p>\n<ul style=\"text-align: left\">\n<li style=\"text-align: left\">STAR\u00dd, K., KUBALOV\u00c1, K. P\u0159echod na druh\u00fd stupe\u0148 o\u010dima \u017e\u00e1k\u016f. In WALTEROV\u00c1 A KOL.Dva sv\u011bty z\u00e1kaldn\u00ed \u0161koly? \u00daskal\u00ed p\u0159echodu\u00a0z 1.\u00a0na 2. stupe\u0148. Praha: Karolinum, 2012.<\/li>\n<li style=\"text-align: left\">STAR\u00dd, K. Formativn\u00ed hodnocen\u00ed ve \u0161koln\u00ed v\u00fduce. In GREGER, SD.; JE\u017dKOV\u00c1, V. (eds.). \u0160koln\u00ed vzd\u011bl\u00e1v\u00e1n\u00ed : zahrani\u010dn\u00ed trendy a inspirace. Praha : Karolinum, 2006<\/li>\n<li style=\"text-align: left\">STAR\u00dd, K. Problematika hodnocen\u00ed ve \u0161kole. Metodick\u00fd port\u00e1l RVP [online].2006. [cit. 2006-10-10].\u00a0<\/div>\n<h5 class=\"collapseomatic highlight\" id=\"id69dcc24458202\"  tabindex=\"0\" title=\"\u00da\u010dast na projektech\/grantech\"    >\u00da\u010dast na projektech\/grantech<\/h5><div id=\"target-id69dcc24458202\" class=\"collapseomatic_content \"><\/li>\n<\/ul>\n<ul>\n<li style=\"text-align: left\">Rozvoj s\u00edt\u011b inovuj\u00edc\u00edch \u0161kol v Praze (INOSKOP) ESF JPD 3 v partnerstv\u00ed s odborem \u0161kolstv\u00ed Magistr\u00e1tu hl. m. Prahy (vedouc\u00ed projektu)<\/li>\n<li>UNCE<\/li>\n<li>Centrum z\u00e1kladn\u00edho v\u00fdzkumu \u0161koln\u00edho vzd\u011bl\u00e1v\u00e1n\u00ed<\/li>\n<li>Zkvalitn\u011bn\u00ed pedagogicko-psychologick\u00e9 p\u0159\u00edpravy budouc\u00edch u\u010ditel\u016f PEDPSY v programu ESF OP RLZ<\/li>\n<li>Koncepce a ov\u011b\u0159en\u00ed nov\u00e9ho modelu pedagogick\u00e9 praxe v strukturovan\u00fdch studijn\u00edch programech pregradu\u00e1ln\u00ed p\u0159\u00edpravy u\u010ditel\u016f na PedF UK\u00a0<\/div>\n<h5 class=\"collapseomatic highlight\" id=\"id69dcc2445824d\"  tabindex=\"0\" title=\"Vyu\u010dovan\u00e9 kurzy\"    >Vyu\u010dovan\u00e9 kurzy<\/h5><div id=\"target-id69dcc2445824d\" class=\"collapseomatic_content \"><\/li>\n<\/ul>\n<ul>\n<li>Evaluace ve vzd\u011bl\u00e1v\u00e1n\u00ed<\/li>\n<li>Kvalitativn\u00ed metody v pedagogick\u00e9m v\u00fdzkumu<\/li>\n<li>Pedagogicko-psychologick\u00e1 praxe<\/li>\n<li>Pedagogick\u00e1 reflexe pedagogicko-psychologick\u00e9 praxe\u00a0<\/div><\/li>\n<\/ul>\n<\/div>\n<\/div>\n<div><\/div>\n<p><!--:--><\/p>\n","protected":false},"excerpt":{"rendered":"<p>PhDr. Karel Star\u00fd, Ph.D. Email: karel.stary@pedf.cuni.cz Kancel\u00e1\u0159: Mysl\u00edkova 7, \u010d. 203 Telefon: 221 900 552 Konzultace: \u00dater\u00fd 12 &#8211; 14 hod. \u010d. dv. 203 &nbsp;<\/p>\n","protected":false},"author":388,"featured_media":0,"parent":0,"menu_order":30,"comment_status":"closed","ping_status":"closed","template":"1r-sidebar.php","meta":{"_monsterinsights_skip_tracking":false,"_monsterinsights_sitenote_active":false,"_monsterinsights_sitenote_note":"","_monsterinsights_sitenote_category":0,"footnotes":""},"class_list":["post-441","page","type-page","status-publish","hentry","post-seq-1","post-parity-odd","meta-position-corners","fix"],"_links":{"self":[{"href":"https:\/\/pages.pedf.cuni.cz\/uvrv\/wp-json\/wp\/v2\/pages\/441","targetHints":{"allow":["GET"]}}],"collection":[{"href":"https:\/\/pages.pedf.cuni.cz\/uvrv\/wp-json\/wp\/v2\/pages"}],"about":[{"href":"https:\/\/pages.pedf.cuni.cz\/uvrv\/wp-json\/wp\/v2\/types\/page"}],"author":[{"embeddable":true,"href":"https:\/\/pages.pedf.cuni.cz\/uvrv\/wp-json\/wp\/v2\/users\/388"}],"replies":[{"embeddable":true,"href":"https:\/\/pages.pedf.cuni.cz\/uvrv\/wp-json\/wp\/v2\/comments?post=441"}],"version-history":[{"count":3,"href":"https:\/\/pages.pedf.cuni.cz\/uvrv\/wp-json\/wp\/v2\/pages\/441\/revisions"}],"predecessor-version":[{"id":5161,"href":"https:\/\/pages.pedf.cuni.cz\/uvrv\/wp-json\/wp\/v2\/pages\/441\/revisions\/5161"}],"wp:attachment":[{"href":"https:\/\/pages.pedf.cuni.cz\/uvrv\/wp-json\/wp\/v2\/media?parent=441"}],"curies":[{"name":"wp","href":"https:\/\/api.w.org\/{rel}","templated":true}]}}