{"id":519,"date":"2010-08-20T15:51:18","date_gmt":"2010-08-20T13:51:18","guid":{"rendered":"http:\/\/userweb.pedf.cuni.cz\/wp\/uvrv\/eliska-walterova\/"},"modified":"2022-02-19T13:45:07","modified_gmt":"2022-02-19T12:45:07","slug":"eliska-walterova","status":"publish","type":"page","link":"https:\/\/pages.pedf.cuni.cz\/uvrv\/eliska-walterova\/","title":{"rendered":"Eli\u0161ka Walterov\u00e1"},"content":{"rendered":"<h1 style=\"margin-top: 0px;margin-bottom: 5px;text-align: left\" align=\"center\"><span style=\"font-size: 24pt\">Prof. PhDr. Eli\u0161ka Walterov\u00e1, CSc.<\/span><\/h1>\n<p style=\"margin-top: 0px;margin-bottom: 5px;text-align: center\" align=\"center\"><img loading=\"lazy\" decoding=\"async\" class=\" wp-image-436 alignleft\" style=\"border: 0px none initial\" src=\"https:\/\/pages.pedf.cuni.cz\/uvrv\/files\/2017\/06\/3V5A9514-e1498729110132.jpg\" alt=\"Eli\u0161ka Walterov\u00e1\" width=\"274\" height=\"183\" border=\"0\" \/><\/p>\n<table class=\" aligncenter\" style=\"border-color: #b9b9b9;height: 172px\" border=\"0\" width=\"922\">\n<tbody>\n<tr>\n<td style=\"text-align: left\">Email:<\/td>\n<td style=\"text-align: left\"><a href=\"mailto:eliska.walterova@pedf.cuni.cz\">eliska.walterova@pedf.cuni.cz<\/a><\/td>\n<\/tr>\n<tr>\n<td style=\"text-align: left\">Kancel\u00e1\u0159:<\/td>\n<td>Mysl\u00edkova 7, \u010d. 206a<\/td>\n<\/tr>\n<tr>\n<td style=\"text-align: left\">Telefon:<\/td>\n<td>221 900 530<\/td>\n<\/tr>\n<tr>\n<td style=\"text-align: left\">Konzultace:<\/td>\n<td>pond\u011bl\u00ed 14\u00a0<strong style=\"color: #000000;font-family: Verdana, Arial, Helvetica, sans-serif;font-size: 11px;line-height: normal;text-align: justify\">\u2013\u00a0<\/strong>16 hod.<br \/>\nVzhledem k po\u010dtu z\u00e1jemc\u016f o konzultaci kontaktujte p\u0159edem sekretari\u00e1t \u00fastavu.<\/td>\n<\/tr>\n<\/tbody>\n<\/table>\n<p><span style=\"font-size: 12pt\"><h5 class=\"collapseomatic highlight\" id=\"id69dad065314be\"  tabindex=\"0\" title=\"Zam\u011b\u0159en\u00ed v\u011bdeck\u00e9 \u010dinnosti\"    >Zam\u011b\u0159en\u00ed v\u011bdeck\u00e9 \u010dinnosti<\/h5><div id=\"target-id69dad065314be\" class=\"collapseomatic_content \"><\/span><\/p>\n<ul>\n<li>srovn\u00e1vac\u00ed pedagogika,<\/li>\n<li>\u0161koln\u00ed pedagogika,<\/li>\n<li>kurikulum,<\/li>\n<li>vzd\u011bl\u00e1vac\u00ed politika,<\/li>\n<li>vzd\u011bl\u00e1v\u00e1n\u00ed u\u010ditel\u016f,<\/li>\n<li>evropsk\u00e1 studia,<\/li>\n<li>teorie a metodologie pedagogiky<\/div>\n<h5 class=\"collapseomatic highlight\" id=\"id69dad06531577\"  tabindex=\"0\" title=\"V\u00fdznamn\u00e9 aktivity a funkce\"    >V\u00fdznamn\u00e9 aktivity a funkce<\/h5><div id=\"target-id69dad06531577\" class=\"collapseomatic_content \"><\/li>\n<\/ul>\n<ul>\n<li style=\"text-align: left\">V\u011bdeck\u00e1 rada Fakulty humanitn\u00edch studi\u00ed, UTB ve Zl\u00edn\u011b, \u010dlen od roku 2015<\/li>\n<li style=\"text-align: left\">\u00dastav v\u00fdzkumu a rozvoje vzd\u011bl\u00e1v\u00e1n\u00ed, \u0159editelka 1998-2014<\/li>\n<li style=\"text-align: left\">World Council of Comparative Education Societies (WCCES), Member of Executive\u00a0Committee, 2004-2016<\/li>\n<li style=\"text-align: left\">V\u011bdeck\u00e1 rada Pedagogick\u00e9 fakulty UK, Praha, \u010dlen od roku 1998<\/li>\n<li style=\"text-align: left\">V\u011bdeck\u00e1 rada Fakulty humanitn\u011b p\u0159\u00edrodov\u011bdn\u00e9 a pedagogick\u00e9 TUL, Liberec, \u010dlen od roku 2004<\/li>\n<li style=\"text-align: left\">V\u011bdeck\u00e1 rada FHS UTB, \u010dlen od roku 2015<\/li>\n<li style=\"text-align: left\">Oborov\u00e1 rada pedagogiky, Pedagogick\u00e1 fakulta UK, Praha, \u010dlen od roku 1998<\/li>\n<li style=\"text-align: left\">Oborov\u00e1 rada pedagogiky, Filozofick\u00e1 fakulta MU v Brn\u011b, \u010dlen od roku 2004<\/li>\n<li style=\"text-align: left\">Oborov\u00e1 rada pedagogiky, Pedagogick\u00e1 fakulta UTB ve Zl\u00edn\u011b, \u010dlen od roku 2013<\/li>\n<li style=\"text-align: left\">Oborov\u00e1 rada mezin\u00e1rodn\u00edch studi\u00ed, Fakulta mezin\u00e1rodn\u00edch vztah\u016f, V\u0160E, Praha, \u010dlen od roku 2007<\/li>\n<li style=\"text-align: left\">Edi\u010dn\u00ed rada vydavatelstv\u00ed PedF UK, Praha, \u010dlen od roku 2008<\/li>\n<li style=\"text-align: left\">P\u0159edsedkyn\u011b\/ \u010dlenka habilita\u010dn\u00edch komis\u00ed, komis\u00ed pro st\u00e1tn\u00ed doktorsk\u00e9 zkou\u0161ky a obhajoby disertac\u00ed<\/li>\n<\/ul>\n<p style=\"text-align: left\"><strong>\u010clenstv\u00ed ve v\u011bdeck\u00fdch a profesn\u00edch spole\u010dnostech<\/strong><\/p>\n<ul>\n<li style=\"text-align: left\">\u010cesk\u00e1 asociace pedagogick\u00e9ho v\u00fdzkumu, \u010dlenka z\u00e1kl\u00e1daj\u00edc\u00edho v\u00fdboru (1992<strong style=\"color: #000000;font-family: Verdana, Arial, Helvetica, sans-serif;font-size: 11px;line-height: normal;text-align: justify\">\u2013<\/strong>93),\u00a0<span style=\"text-align: center;line-height: 1.3em\">\u010dlenka v\u00fdboru (1994<strong style=\"color: #000000;font-family: Verdana, Arial, Helvetica, sans-serif;font-size: 11px;line-height: normal;text-align: justify\">\u2013<\/strong>2006)<\/span><\/li>\n<li style=\"text-align: left\">Pracovn\u00ed skupina akredita\u010dn\u00ed komise pro pedagogiku, psychologii a kinantropologii (2005<strong style=\"color: #000000;font-family: Verdana, Arial, Helvetica, sans-serif;font-size: 11px;line-height: normal;text-align: justify\">\u2013<\/strong>2009)<\/li>\n<li style=\"text-align: left\">Spole\u010dnost pro v\u011bdy a um\u011bn\u00ed p\u0159i AV \u010cR, od roku 1991<\/li>\n<li style=\"text-align: left\">\u010cestn\u00e1 \u010dlenka \u010cPdS od roku 2011<\/li>\n<li>\u010cestn\u00e1 \u010dlenka \u010cAPV od roku 2018<\/li>\n<\/ul>\n<p style=\"text-align: left\"><strong>\u010clenstv\u00ed v\u00a0redak\u010dn\u00edch rad\u00e1ch<\/strong><\/p>\n<ul>\n<li style=\"text-align: left\">Orbis scholae, od roku 2006, p\u0159edsedkyn\u011b<\/li>\n<li style=\"text-align: left\">Pedagogika, \u010dlen od roku 2009<\/li>\n<li style=\"text-align: left\">Studia pedagogika, \u010dlen od roku 2009<\/li>\n<li style=\"text-align: left\">The New Education Review (2004<strong style=\"color: #000000;font-family: Verdana, Arial, Helvetica, sans-serif;font-size: 11px;line-height: normal;text-align: justify\">\u2013<\/strong>2010)<\/li>\n<\/ul>\n<p style=\"text-align: left\"><strong>Recenzentka \u010dasopis\u016f a nakladatelstv\u00ed<\/strong><\/p>\n<ul>\n<li style=\"text-align: left\">European Education, Aula, Pedagogika, Pedagogick\u00e1 orientace, Journal of Competitiveness, Studia Paedagogica, Journal of Competitiveness<\/li>\n<li style=\"text-align: left\">Karolinum, Port\u00e1l, Nakladatelstv\u00ed Masarykovy Univerzity<\/li>\n<\/ul>\n<p style=\"text-align: left\"><strong>Zvl\u00e1\u0161tn\u00ed ocen\u011bn\u00ed<\/strong><\/p>\n<ul>\n<li style=\"text-align: left\">Bronzov\u00e1 medaile Univerzity Karlovy (1998)<\/li>\n<li style=\"text-align: left\">Zlat\u00e1 medaile Univerzity Mateja Bela v Bansk\u00e9 Bystrici (2013)<\/li>\n<li>\u010cestn\u00e1 medaile Pedagogick\u00e9 fakulty Univerzity Karlovy (2016)<\/li>\n<li>Cena Milady Paulov\u00e9 v oblasti v\u011bd o v\u00fdchov\u011b a vzd\u011bl\u00e1v\u00e1n\u00ed (2018)<\/li>\n<\/ul>\n<p><strong>\u0160kolitelka doktorand\u016f (od\u00a0roku\u00a01998)<\/strong><\/p>\n<p>16 PhD, 3 \u0161kol\u00ed v\u00a0sou\u010dasnosti (<a style=\"font-weight: bold;font-style: italic\" title=\"Eli\u0161ka Walterov\u00e1 \u2013 Doktorandi\" href=\"https:\/\/pages.pedf.cuni.cz\/uvrv\/eliska-walterova\/eliska-walterova-doktorandi\">v\u00edce zde<\/a>)\u00a0<\/div>\n<h5 class=\"collapseomatic highlight\" id=\"id69dad065315b6\"  tabindex=\"0\" title=\"Vzd\u011bl\u00e1n\u00ed\"    >Vzd\u011bl\u00e1n\u00ed<\/h5><div id=\"target-id69dad065315b6\" class=\"collapseomatic_content \">\n<ul>\n<li style=\"text-align: left\"><strong>2011 jmenovac\u00ed \u0159\u00edzen\u00ed, profesorka, obor pedagogika<br \/>\n<\/strong>Univerzita Mateja Bela v\u00a0Bansk\u00e9 Bystrici<\/li>\n<li style=\"text-align: left\"><strong>1994 habilitace, docentka, obor pedagogika<br \/>\n<\/strong>Univerzita Karlova v\u00a0Praze<\/li>\n<li style=\"text-align: left\"><strong>1975 CSc., obor pedagogika, specializace teorie vyu\u010dov\u00e1n\u00ed ciz\u00edm jazyk\u016fm<br \/>\n<\/strong>\u010cSAV<\/li>\n<li style=\"text-align: left\"><strong>1968 PhDr., slovansk\u00e1 jazykov\u011bda, lingvistika aplikovan\u00e1 na vyu\u010dov\u00e1n\u00ed ciz\u00edm jazyk\u016fm, d\u011bjiny filozofie<br \/>\n<\/strong>Univerzita Karlova v\u00a0Praze, Filozofick\u00e1 fakulta<\/li>\n<li style=\"text-align: left\"><strong>1965 promovan\u00e1 filolo\u017eka, u\u010ditelstv\u00ed pro st\u0159edn\u00ed \u0161koly, obor ru\u0161tina \u2013 d\u011bjepis<br \/>\n<\/strong>Univerzita Karlova v\u00a0Praze, Filozofick\u00e1 fakulta\u00a0<\/div>\n<h5 class=\"collapseomatic highlight\" id=\"id69dad065315ea\"  tabindex=\"0\" title=\"Zam\u011bstn\u00e1n\u00ed\"    >Zam\u011bstn\u00e1n\u00ed<\/h5><div id=\"target-id69dad065315ea\" class=\"collapseomatic_content \"><\/li>\n<\/ul>\n<ul>\n<li style=\"text-align: left\"><strong>1990 \u2013 dosud<\/strong><br \/>\nUniverzita Karlova v\u00a0Praze, Pedagogick\u00e1 fakulta<\/li>\n<li style=\"text-align: left\"><strong>1975 \u2013 1990<\/strong><br \/>\n\u010cSAV, Pedagogick\u00fd \u00fastav J. A. Komensk\u00e9ho, v\u011bdeck\u00e1 pracovnice<\/li>\n<li style=\"text-align: left\"><strong>1969 \u2013 1975 <\/strong><br \/>\n\u010cSAV, Pedagogick\u00fd \u00fastav J. A Komensk\u00e9ho, aspirantka<\/li>\n<li style=\"text-align: left\"><strong>1965 \u2013 1969<\/strong><br \/>\nSt\u0159edn\u00ed pr\u016fmyslov\u00e1 \u0161kola potravin\u00e1\u0159sk\u00e9 technologie, st\u0159edo\u0161kolsk\u00e1 u\u010ditelka\u00a0<\/div>\n<h5 class=\"collapseomatic highlight\" id=\"id69dad0653161b\"  tabindex=\"0\" title=\"V\u00fdzkumn\u00e9 projekty\"    >V\u00fdzkumn\u00e9 projekty<\/h5><div id=\"target-id69dad0653161b\" class=\"collapseomatic_content \"><\/li>\n<\/ul>\n<h4 style=\"text-align: left\"><span style=\"font-size: 12pt\">Mezin\u00e1rodn\u00ed projekty<\/span><\/h4>\n<ul>\n<li style=\"text-align: left\">celkem 11, z\u00a0toho 2 hlavn\u00ed \u0159e\u0161itel, 10 spolu\u0159e\u0161itel\u00a0(<a style=\"font-weight: bold;font-style: italic\" title=\"Eli\u0161ka Walterov\u00e1 \u2013 Projekty\" href=\"https:\/\/pages.pedf.cuni.cz\/uvrv\/eliska-walterova\/eliska-walterova-projekty\/\">v\u00edce zde<\/a>)<\/li>\n<\/ul>\n<h4 style=\"text-align: left\"><span style=\"font-size: 12pt\">N\u00e1rodn\u00ed projekty <\/span><\/h4>\n<ul>\n<li style=\"text-align: left\">celkem 18, z\u00a0toho 9 hlavn\u00ed \u0159e\u0161itel, 9 spolu\u0159e\u0161itel\u00a0(<a style=\"font-weight: bold;font-style: italic\" title=\"Eli\u0161ka Walterov\u00e1 \u2013 Projekty\" href=\"https:\/\/pages.pedf.cuni.cz\/uvrv\/eliska-walterova\/eliska-walterova-projekty\/\">v\u00edce zde<\/a>)<\/div>\n<h5 class=\"collapseomatic highlight\" id=\"id69dad0653164b\"  tabindex=\"0\" title=\"Publikace a citace\"    >Publikace a citace<\/h5><div id=\"target-id69dad0653164b\" class=\"collapseomatic_content \"><\/li>\n<\/ul>\n<p style=\"text-align: left\">Autorka a spoluautorka 18 monografi\u00ed a v\u00edce ne\u017e 200 studi\u00ed a odborn\u00fdch prac\u00ed publikovan\u00fdch v\u00a0\u010dasopisech, sborn\u00edc\u00edch a knih\u00e1ch (<a style=\"font-weight: bold;font-style: italic\" title=\"Eli\u0161ka Walterov\u00e1 \u2013 Publikace\" href=\"https:\/\/pages.pedf.cuni.cz\/uvrv\/eliska-walterova\/eliska-walterova-publikace\/\">v\u00edce zde<\/a>)<\/p>\n<h4 style=\"text-align: left\"><span style=\"font-size: 12pt\"><strong>Hlavn\u00ed publikace<\/strong><\/span><\/h4>\n<ul>\n<li>\u0160\u0164ASTN\u00dd, V., WALTEROV\u00c1, E. &amp; ZHU, X. (2021)\u00a0<em>\u0160koln\u00ed vzd\u011bl\u00e1v\u00e1n\u00ed v\u00a0\u010c\u00edn\u011b. <\/em>Praha: Karolinum. ISBN 978-80-246-4711-1<\/li>\n<li><span style=\"line-height: 1.3em\">WALTEROV\u00c1, E. a kolektiv (2011) <\/span><i style=\"line-height: 1.3em\">Dva sv\u011bty z\u00e1kladn\u00ed \u0161koly? \u00daskal\u00ed p\u0159echodu z\u00a01. na 2. stupe\u0148.<\/i><span style=\"line-height: 1.3em\"> Praha: Karolinum. 350 s. ISBN 978-80-246-2043-5.<\/span><\/li>\n<li><span style=\"line-height: 1.3em\">WALTEROV\u00c1, E.; \u010cERN\u00dd, K.; GREGER, D.; CHV\u00c1L, M. (2010) <\/span><i style=\"line-height: 1.3em\">\u0160kolstv\u00ed-v\u011bc (ne)ve\u0159ejn\u00e1? N\u00e1zory ve\u0159ejnosti na \u0161kolu a vzd\u011bl\u00e1v\u00e1n\u00ed. <\/i><span style=\"line-height: 1.3em\">Praha: Karolinum. 307 s. ISBN 978-80-246-1882-1.<\/span><\/li>\n<li><span style=\"line-height: 1.3em\">WALTEROV\u00c1, E. (2006) <\/span><i style=\"line-height: 1.3em\">Srovn\u00e1vac\u00ed<\/i> <i style=\"line-height: 1.3em\">pedagogika: V\u00fdvoj a prom\u011bny v\u00a0glob\u00e1ln\u00edm kontextu<\/i><span style=\"line-height: 1.3em\">. Praha: Univerzita Karlova v\u00a0Praze &#8211; Pedagogick\u00e1 fakulta, 324 s. ISBN 80-7290-269-5.<\/span><\/li>\n<li><span style=\"line-height: 1.3em\">WALTEROV\u00c1, E., a kol. (2004) <\/span><i style=\"line-height: 1.3em\">\u00daloha \u0161koly v\u00a0rozvoji vzd\u011blanosti<\/i><span style=\"line-height: 1.3em\">.<\/span><i style=\"line-height: 1.3em\"> <\/i><span style=\"line-height: 1.3em\">Brno: PAIDO\u00a0 2 sv. 502 s. ISBN\u00a0 80-7315-083-2.<\/span><\/li>\n<li><span style=\"line-height: 1.3em\">WALTEROV\u00c1, E. (2010) Teacher Education and Training in the Czech Republic: Development and Current Problems. In: <\/span><i style=\"line-height: 1.3em\">International Handbook on Teacher Education World-Wide: Issues and Challanges.<\/i><span style=\"line-height: 1.3em\"> Athens: Atrapos, pp. 175-194. ISBN 978-960-459-089-9.<\/span><\/li>\n<li><span style=\"line-height: 1.3em\">WALTEROV\u00c1, E. (2007) The Comparative Education Section of the Czech Pedagogical Society. In Masemann, V.; Bray, M.; Manzon, M. (Eds.) <\/span><i style=\"line-height: 1.3em\">Common Interests, Uncommon Goals. Histories of<b> <\/b>the World Council<b> <\/b>of Comparative Education Societies and its Members.<\/i><span style=\"line-height: 1.3em\"> Hong Kong: Springer, pp. 256-267. ISBN 922809310-X.<\/span><\/li>\n<li><span style=\"line-height: 1.3em\">WALTEROV\u00c1, E. (1996) Building school-family-community partnerships in the process of social transition in the Czech Republic. In DAVIES, J.; JOHNSON, V. <\/span><i style=\"line-height: 1.3em\">Crossing Boundaries : Multinational Action Research on Family-School Colaboration.<\/i><span style=\"line-height: 1.3em\"> Boston: Office of\u00a0 Educational Research and Improvement, s. 145-180. Registrov\u00e1no v\u00a0National Library of Canada.<\/span><\/li>\n<li><span style=\"line-height: 1.3em\">WALTEROV\u00c1, E. (2012) Vzd\u011bl\u00e1vac\u00ed standardy a konstruov\u00e1n\u00ed syst\u00e9mu kurikul\u00e1rn\u00edch dokument\u016f v\u00a0Rusku. <\/span><i style=\"line-height: 1.3em\">Orbis scholae.<\/i><span style=\"line-height: 1.3em\"> 6 (<\/span><b style=\"line-height: 1.3em\">1<\/b><span style=\"line-height: 1.3em\">) 107-120.<\/span><\/li>\n<li><span style=\"line-height: 1.3em\">WALTEROV\u00c1, E.; GREGER, D. (2007) In Pursuit of Educational Change: Transformation of Education in the Czech Republic. <\/span><i style=\"line-height: 1.3em\">Orbis scholae<\/i><span style=\"line-height: 1.3em\">, 1 (<\/span><b style=\"line-height: 1.3em\">2<\/b><span style=\"line-height: 1.3em\">) 11-44.<\/span><\/li>\n<li><span style=\"line-height: 1.3em\">WALTEROV\u00c1, E. (2007) The Transformation of Educational Systems of Visegr\u00e1d Countries : Introduction in the Context of Comparative Research. <\/span><i style=\"line-height: 1.3em\">Orbis scholae<\/i><span style=\"line-height: 1.3em\">,\u00a0 1 (<\/span><b style=\"line-height: 1.3em\">2<\/b><span style=\"line-height: 1.3em\">) 5-10.<\/span><\/li>\n<\/ul>\n<h4><span style=\"font-size: 12pt\">Citace, ohlasy<\/span><\/h4>\n<p><span style=\"line-height: 1.3em\">Celkem <strong>225<\/strong>\u00a0citac\u00ed, z\u00a0toho <strong>109<\/strong>\u00a0zahrani\u010dn\u00edch (<\/span><a title=\"Eli\u0161ka Walterov\u00e1 \u2013 Citace\" href=\"https:\/\/pages.pedf.cuni.cz\/uvrv\/eliska-walterova\/eliska-walterova-citace\/\">v\u00edce zde<\/a><span style=\"line-height: 1.3em\">)<\/span><\/p>\n<table style=\"width: 160px;height: 90px\" border=\"1\">\n<tbody>\n<tr>\n<td>WOS:<\/td>\n<td align=\"right\">24 citac\u00ed<\/td>\n<\/tr>\n<tr>\n<td>SCOPUS:<\/td>\n<td align=\"right\">28 citac\u00ed<\/td>\n<\/tr>\n<tr>\n<td>ERIH:<\/td>\n<td align=\"right\">7 citac\u00ed<\/td>\n<\/tr>\n<\/tbody>\n<\/table>\n<p>Dal\u0161\u00ed, manu\u00e1ln\u011b vyhledan\u00e9 a dolo\u017een\u00e9 citace v publikovan\u00fdch odborn\u00fdch textech: 189<\/p>\n<p style=\"text-align: left\">Po\u010det citovan\u00fdch prac\u00ed: <strong>45<\/strong><\/div>\n<h5 class=\"collapseomatic highlight\" id=\"id69dad06531690\"  tabindex=\"0\" title=\"Konference\"    >Konference<\/h5><div id=\"target-id69dad06531690\" class=\"collapseomatic_content \">\n<p style=\"text-align: left\"><strong>Organizace v\u00fdznamn\u00fdch konferenc\u00ed<\/strong><\/p>\n<ul>\n<li style=\"text-align: left\"><em>Kvalita ve vzd\u011bl\u00e1v\u00e1n\u00ed. <\/em>20 v\u00fdro\u010dn\u00ed konference \u010cAPV. Praha, 2012. \u010cestn\u00e1 p\u0159edsedkyn\u011b organiza\u010dn\u00edho v\u00fdboru, vedouc\u00ed programov\u00e9 skupiny.<\/li>\n<li style=\"text-align: left\"><em>Education Change in the Global Context. <\/em>International Conference. Prague, 2010. Chair of the Organizing Committee.<\/li>\n<li style=\"text-align: left\"><em>V\u00fdzkum \u0161koly a u\u010ditele. <\/em>10. v\u00fdro\u010d\u00ed konference \u010cAPV s\u00a0mezin\u00e1rodn\u00ed \u00fa\u010dast\u00ed. Praha, 2002. P\u0159edsedkyn\u011b p\u0159\u00edpravn\u00e9ho v\u00fdboru.<\/li>\n<li style=\"text-align: left\"><em>Education, Democracy and Development. <\/em>8<sup>th<\/sup> World Congress of Comparative Education. Prague, 1992. Member of Organizing Committee.<\/li>\n<\/ul>\n<p><strong><a href=\"https:\/\/pages.pedf.cuni.cz\/uvrv\/eliska-walterova\/eliska-walterova-referaty\/\">P\u0159edn\u00e1\u0161ky a refer\u00e1ty na v\u011bdeck\u00fdch konferenc\u00edch<\/a><\/strong><\/div>\n<span style=\"line-height: 1.5\"><h5 class=\"collapseomatic highlight\" id=\"id69dad065316be\"  tabindex=\"0\" title=\"Vyu\u010dovan\u00e9 p\u0159edm\u011bty\"    >Vyu\u010dovan\u00e9 p\u0159edm\u011bty<\/h5><div id=\"target-id69dad065316be\" class=\"collapseomatic_content \"><\/span><\/p>\n<h4 style=\"text-align: left\"><span style=\"font-size: 12pt\"><em>Doktorsk\u00e9 studium<\/em><\/span><\/h4>\n<ul>\n<li>\u00davodn\u00ed teoreticko-metodologick\u00fd kurz,\u00a0<strong style=\"text-align: center;line-height: 1.3em\">tematick\u00e9 bloky:<\/strong>\n<ul>\n<li style=\"text-align: left\"><span style=\"line-height: 1.3em;text-align: center\">Pedagogika jako v\u011bdn\u00ed obor<\/span><\/li>\n<li style=\"text-align: left\"><span style=\"line-height: 1.3em;text-align: center\">Jazyk pedagogiky<\/span><\/li>\n<li style=\"text-align: left\"><span style=\"line-height: 1.3em;text-align: center\">Formy v\u011bdeck\u00e9 komunikace<\/span><\/li>\n<li style=\"text-align: left\"><span style=\"line-height: 1.3em;text-align: center\">Prezentace v\u00fdsledk\u016f v\u00fdzkumu<\/span><\/li>\n<\/ul>\n<\/li>\n<li style=\"text-align: left\"><span style=\"text-align: justify;line-height: 1.3em\">Srovn\u00e1vac\u00ed pedagogika<\/span><\/li>\n<li style=\"text-align: left\">Vysoko\u0161kolsk\u00e1 pedagogika<\/li>\n<\/ul>\n<h4 style=\"text-align: left\"><span style=\"font-size: 12pt\"><em>Magistersk\u00e9 studium<\/em><\/span><\/h4>\n<ul>\n<li style=\"text-align: left\">Srovn\u00e1vac\u00ed pedagogika, studijn\u00ed program Management vzd\u011bl\u00e1v\u00e1n\u00ed<\/li>\n<\/ul>\n<h4 style=\"text-align: left\"><span style=\"font-size: 12pt\"><em>Bakal\u00e1\u0159sk\u00e9 studium<\/em><\/span><\/h4>\n<ul>\n<li style=\"text-align: left\">\u00davod do \u0159\u00edzen\u00ed pedagogick\u00e9ho procesu, studijn\u00ed program \u0160kolsk\u00fd management<\/li>\n<\/ul>\n<h4 style=\"text-align: left\"><span style=\"font-size: 12pt\"><em>Erasmus<\/em><\/span><\/h4>\n<ul>\n<li style=\"text-align: left\">Quality in Education <\/div><\/li>\n<\/ul>\n<p><!--:--><\/p>\n","protected":false},"excerpt":{"rendered":"<p>Prof. PhDr. Eli\u0161ka Walterov\u00e1, CSc. Email: eliska.walterova@pedf.cuni.cz Kancel\u00e1\u0159: Mysl\u00edkova 7, \u010d. 206a Telefon: 221 900 530 Konzultace: pond\u011bl\u00ed 14\u00a0\u2013\u00a016 hod. Vzhledem k po\u010dtu z\u00e1jemc\u016f o konzultaci kontaktujte p\u0159edem sekretari\u00e1t \u00fastavu.<\/p>\n","protected":false},"author":388,"featured_media":0,"parent":0,"menu_order":14,"comment_status":"closed","ping_status":"closed","template":"1r-sidebar.php","meta":{"_monsterinsights_skip_tracking":false,"_monsterinsights_sitenote_active":false,"_monsterinsights_sitenote_note":"","_monsterinsights_sitenote_category":0,"footnotes":""},"class_list":["post-519","page","type-page","status-publish","hentry","post-seq-1","post-parity-odd","meta-position-corners","fix"],"_links":{"self":[{"href":"https:\/\/pages.pedf.cuni.cz\/uvrv\/wp-json\/wp\/v2\/pages\/519","targetHints":{"allow":["GET"]}}],"collection":[{"href":"https:\/\/pages.pedf.cuni.cz\/uvrv\/wp-json\/wp\/v2\/pages"}],"about":[{"href":"https:\/\/pages.pedf.cuni.cz\/uvrv\/wp-json\/wp\/v2\/types\/page"}],"author":[{"embeddable":true,"href":"https:\/\/pages.pedf.cuni.cz\/uvrv\/wp-json\/wp\/v2\/users\/388"}],"replies":[{"embeddable":true,"href":"https:\/\/pages.pedf.cuni.cz\/uvrv\/wp-json\/wp\/v2\/comments?post=519"}],"version-history":[{"count":15,"href":"https:\/\/pages.pedf.cuni.cz\/uvrv\/wp-json\/wp\/v2\/pages\/519\/revisions"}],"predecessor-version":[{"id":6467,"href":"https:\/\/pages.pedf.cuni.cz\/uvrv\/wp-json\/wp\/v2\/pages\/519\/revisions\/6467"}],"wp:attachment":[{"href":"https:\/\/pages.pedf.cuni.cz\/uvrv\/wp-json\/wp\/v2\/media?parent=519"}],"curies":[{"name":"wp","href":"https:\/\/api.w.org\/{rel}","templated":true}]}}