{"id":5987,"date":"2021-12-22T19:28:30","date_gmt":"2021-12-22T18:28:30","guid":{"rendered":"https:\/\/pages.pedf.cuni.cz\/uvrv\/?page_id=5987"},"modified":"2024-11-05T20:27:16","modified_gmt":"2024-11-05T19:27:16","slug":"mgr-anna-drobna","status":"publish","type":"page","link":"https:\/\/pages.pedf.cuni.cz\/uvrv\/mgr-anna-drobna\/","title":{"rendered":"Mgr. Anna Drobn\u00e1"},"content":{"rendered":"\n<p><\/p>\n\n\n<p><img loading=\"lazy\" decoding=\"async\" class=\"alignleft\" src=\"https:\/\/pages.pedf.cuni.cz\/uvrv\/files\/2022\/03\/drobna_foto-scaled-e1648308796868.jpg\" alt=\"Anna Drobn\u00e1\" width=\"125\" height=\"169\" \/><\/p>\n<table style=\"height: 149px\" width=\"307\">\n<tbody>\n<tr>\n<td>Email:<\/td>\n<td><a href=\"mailto:anna-drob@seznam.cz\">anna-drob@seznam.cz<\/a><\/td>\n<\/tr>\n<tr>\n<td>Kancel\u00e1\u0159:<\/td>\n<td>Mysl\u00edkova 7, \u010d. 204<\/td>\n<\/tr>\n<tr>\n<td>Telefon:<\/td>\n<td>221 900 527<\/td>\n<\/tr>\n<tr>\n<td>Konzultace:<\/td>\n<td>dle dohody<\/td>\n<\/tr>\n<\/tbody>\n<\/table>\n<p><!--more--><\/p>\n\n\n<p><\/p>\n\n\n\n<p><\/p>\n\n\n<h5 class=\"collapseomatic highlight\" id=\"id69f16f2a7cc0e\"  tabindex=\"0\" title=\"Ph.D. studium\"    >Ph.D. studium<\/h5><div id=\"target-id69f16f2a7cc0e\" class=\"collapseomatic_content \">\n<p><strong>N\u00e1zev diserta\u010dn\u00ed pr\u00e1ce:<\/strong><\/p>\n<ul>\n<li>Informatika na 1. stupni Z\u0160 po kurikul\u00e1rn\u00ed reform\u011b<\/li>\n<\/ul>\n<p><strong>\u0160kolitel:<\/strong><\/p>\n<ul>\n<li><a href=\"https:\/\/www.mff.cuni.cz\/cs\/fakulta\/organizacni-struktura\/lide?hdl=3045\">doc. Mgr. Cyril Brom, Ph.D.<\/a><\/li>\n<\/ul>\n<p><strong>Konzultantka:<\/strong><\/p>\n<ul>\n<li><a href=\"https:\/\/pages.pedf.cuni.cz\/uvrv\/janastrakova\/\">doc. RNDr. Jana Strakov\u00e1, Ph.D.<\/a><\/li>\n<\/ul>\n<\/div>\n\n\n<h5 class=\"collapseomatic highlight\" id=\"id69f16f2a7cccd\"  tabindex=\"0\" title=\"Vzd\u011bl\u00e1n\u00ed\"    >Vzd\u011bl\u00e1n\u00ed<\/h5><div id=\"target-id69f16f2a7cccd\" class=\"collapseomatic_content \">\n<ul>\n<li><strong>2021 &#8211; dosud<\/strong><br \/>\nPedagogika<br \/>\nPh.D., PedF UK<\/li>\n<\/ul>\n<ul>\n<li><strong>2016 &#8211; 2021<\/strong><br \/>\nU\u010ditelstv\u00ed pro 1. stupe\u0148 z\u00e1kladn\u00ed \u0161koly<br \/>\nMgr., PedF UK<\/li>\n<\/ul>\n<\/div>\n","protected":false},"excerpt":{"rendered":"<p>Email: anna-drob@seznam.cz Kancel\u00e1\u0159: Mysl\u00edkova 7, \u010d. 204 Telefon: 221 900 527 Konzultace: dle dohody<\/p>\n","protected":false},"author":569,"featured_media":0,"parent":0,"menu_order":0,"comment_status":"closed","ping_status":"closed","template":"","meta":{"_monsterinsights_skip_tracking":false,"_monsterinsights_sitenote_active":false,"_monsterinsights_sitenote_note":"","_monsterinsights_sitenote_category":0,"footnotes":""},"class_list":["post-5987","page","type-page","status-publish","hentry","post-seq-1","post-parity-odd","meta-position-corners","fix"],"_links":{"self":[{"href":"https:\/\/pages.pedf.cuni.cz\/uvrv\/wp-json\/wp\/v2\/pages\/5987","targetHints":{"allow":["GET"]}}],"collection":[{"href":"https:\/\/pages.pedf.cuni.cz\/uvrv\/wp-json\/wp\/v2\/pages"}],"about":[{"href":"https:\/\/pages.pedf.cuni.cz\/uvrv\/wp-json\/wp\/v2\/types\/page"}],"author":[{"embeddable":true,"href":"https:\/\/pages.pedf.cuni.cz\/uvrv\/wp-json\/wp\/v2\/users\/569"}],"replies":[{"embeddable":true,"href":"https:\/\/pages.pedf.cuni.cz\/uvrv\/wp-json\/wp\/v2\/comments?post=5987"}],"version-history":[{"count":6,"href":"https:\/\/pages.pedf.cuni.cz\/uvrv\/wp-json\/wp\/v2\/pages\/5987\/revisions"}],"predecessor-version":[{"id":6892,"href":"https:\/\/pages.pedf.cuni.cz\/uvrv\/wp-json\/wp\/v2\/pages\/5987\/revisions\/6892"}],"wp:attachment":[{"href":"https:\/\/pages.pedf.cuni.cz\/uvrv\/wp-json\/wp\/v2\/media?parent=5987"}],"curies":[{"name":"wp","href":"https:\/\/api.w.org\/{rel}","templated":true}]}}

Mgr. Anna Drobná

<p></p>


<p><img loading="lazy" decoding="async" class="alignleft" src="https://pages.pedf.cuni.cz/uvrv/files/2022/03/drobna_foto-scaled-e1648308796868.jpg" alt="Anna Drobná" width="125" height="169" /></p>
<table style="height: 149px" width="307">
<tbody>
<tr>
<td>Email:</td>
<td><a href="mailto:anna-drob@seznam.cz">anna-drob@seznam.cz</a></td>
</tr>
<tr>
<td>Kancelář:</td>
<td>Myslíkova 7, č. 204</td>
</tr>
<tr>
<td>Telefon:</td>
<td>221 900 527</td>
</tr>
<tr>
<td>Konzultace:</td>
<td>dle dohody</td>
</tr>
</tbody>
</table>
<p><!--more--></p>


<p></p>



<p></p>


<h5 class="collapseomatic highlight" id="id69f16f2a7cc0e"  tabindex="0" title="Ph.D. studium"    >Ph.D. studium</h5><div id="target-id69f16f2a7cc0e" class="collapseomatic_content ">
<p><strong>Název disertační práce:</strong></p>
<ul>
<li>Informatika na 1. stupni ZŠ po kurikulární reformě</li>
</ul>
<p><strong>Školitel:</strong></p>
<ul>
<li><a href="https://www.mff.cuni.cz/cs/fakulta/organizacni-struktura/lide?hdl=3045">doc. Mgr. Cyril Brom, Ph.D.</a></li>
</ul>
<p><strong>Konzultantka:</strong></p>
<ul>
<li><a href="https://pages.pedf.cuni.cz/uvrv/janastrakova/">doc. RNDr. Jana Straková, Ph.D.</a></li>
</ul>
</div>


<h5 class="collapseomatic highlight" id="id69f16f2a7cccd"  tabindex="0" title="Vzdělání"    >Vzdělání</h5><div id="target-id69f16f2a7cccd" class="collapseomatic_content ">
<ul>
<li><strong>2021 &#8211; dosud</strong><br />
Pedagogika<br />
Ph.D., PedF UK</li>
</ul>
<ul>
<li><strong>2016 &#8211; 2021</strong><br />
Učitelství pro 1. stupeň základní školy<br />
Mgr., PedF UK</li>
</ul>
</div>

<p>Email: anna-drob@seznam.cz Kancelář: Myslíkova 7, č. 204 Telefon: 221 900 527 Konzultace: dle dohody</p>
