{"id":6591,"date":"2023-12-14T08:10:02","date_gmt":"2023-12-14T07:10:02","guid":{"rendered":"https:\/\/pages.pedf.cuni.cz\/uvrv\/?page_id=6591"},"modified":"2023-12-14T08:10:03","modified_gmt":"2023-12-14T07:10:03","slug":"stepan-kment-mphil","status":"publish","type":"page","link":"https:\/\/pages.pedf.cuni.cz\/uvrv\/stepan-kment-mphil\/","title":{"rendered":"\u0160t\u011bp\u00e1n Kment, MPhil"},"content":{"rendered":"<div class=\"wp-block-image\">\n<figure class=\"alignleft size-large is-resized\"><a href=\"https:\/\/pages.pedf.cuni.cz\/uvrv\/files\/2023\/12\/kment.jpg\"><img loading=\"lazy\" decoding=\"async\" width=\"951\" height=\"1024\" src=\"https:\/\/pages.pedf.cuni.cz\/uvrv\/files\/2023\/12\/kment-951x1024.jpg\" alt=\"\" class=\"wp-image-6592\" style=\"width:121px;height:auto\" srcset=\"https:\/\/pages.pedf.cuni.cz\/uvrv\/files\/2023\/12\/kment-951x1024.jpg 951w, https:\/\/pages.pedf.cuni.cz\/uvrv\/files\/2023\/12\/kment-279x300.jpg 279w, https:\/\/pages.pedf.cuni.cz\/uvrv\/files\/2023\/12\/kment-768x827.jpg 768w, https:\/\/pages.pedf.cuni.cz\/uvrv\/files\/2023\/12\/kment.jpg 1095w\" sizes=\"auto, (max-width: 951px) 100vw, 951px\" \/><\/a><\/figure>\n<\/div>\n\n\n<figure class=\"wp-block-table\"><table><tbody><tr><td>Email:<\/td><td><a href=\"mailto:sk2101@cantab.ac.uk\">sk2101@cantab.ac.uk<\/a><\/td><\/tr><tr><td>Kancel\u00e1\u0159:<\/td><td>Mysl\u00edkova 7, \u010d. 204<\/td><\/tr><tr><td>Telefon:<\/td><td>221 900 527<\/td><\/tr><tr><td>Konzultace:<\/td><td>dle dohody<\/td><\/tr><\/tbody><\/table><\/figure>\n\n\n<h5 class=\"collapseomatic highlight\" id=\"id69d5a1739f7cf\"  tabindex=\"0\" title=\"Ph.D. studium\"    >Ph.D. studium<\/h5><div id=\"target-id69d5a1739f7cf\" class=\"collapseomatic_content \">\n<p><strong>N\u00e1zev diserta\u010dn\u00ed pr\u00e1ce:<\/strong><\/p>\n<li>Navigating the Dynamics of Curriculum Revision: An Analysis of Knowledge Selection and Canon Formation in Czech Elementary Education<\/li>\n<p><strong>\u0160kolitel:<\/strong><\/p>\n<li>RNDr. Dominik Dvo\u0159\u00e1k, Ph.D.<\/li>\n<\/div>\n\n\n<h5 class=\"collapseomatic highlight\" id=\"id69d5a1739f881\"  tabindex=\"0\" title=\"Vzd\u011bl\u00e1n\u00ed\"    >Vzd\u011bl\u00e1n\u00ed<\/h5><div id=\"target-id69d5a1739f881\" class=\"collapseomatic_content \">\n<p><strong>2020-2021<\/strong><br \/>\nEducation, Globalisation and International Development<br \/>\nMPhil, University of Cambridge<\/p>\n<p><strong>2019<\/strong><br \/>\nEducation Studies and Research<br \/>\nErasmus, University of Helsinki<\/p>\n<p><strong>2017-2020<\/strong><br \/>\nEducation Studies<br \/>\nBA (Hons), UCL IoE<\/p>\n<\/div>\n\n\n<h5 class=\"collapseomatic highlight\" id=\"id69d5a1739f8db\"  tabindex=\"0\" title=\"Zam\u011bstn\u00e1n\u00ed\"    >Zam\u011bstn\u00e1n\u00ed<\/h5><div id=\"target-id69d5a1739f8db\" class=\"collapseomatic_content \">\n<p><strong>2020-doposud<\/strong><br \/>\nV\u00fdzkumn\u00edk<br \/>\nPAQ Research<\/p>\n<p><strong>2023-doposud<\/strong><br \/>\nEducation Advisory<br \/>\nCouncil of Europe<\/p>\n<p><strong>2021<\/strong><br \/>\n\u010clen t\u00fdmu p\u0159\u00edpravy n\u00e1rodn\u00ed vzd\u011bl\u00e1vac\u00ed politiky<br \/>\nM\u0160MT<\/p>\n<p><strong>2018-2020<\/strong><br \/>\nAnalytik a z\u00e1stupce pro komunikaci<br \/>\nEDUin<\/p>\n<p><strong>2015-2017<\/strong><br \/>\nP\u0159edseda<br \/>\n\u010cesk\u00e1 st\u0159edo\u0161kolsk\u00e1 unie<\/p>\n<\/div>\n","protected":false},"excerpt":{"rendered":"<p>Email: sk2101@cantab.ac.uk Kancel\u00e1\u0159: Mysl\u00edkova 7, \u010d. 204 Telefon: 221 900 527 Konzultace: dle dohody<\/p>\n","protected":false},"author":569,"featured_media":0,"parent":0,"menu_order":0,"comment_status":"closed","ping_status":"closed","template":"","meta":{"_monsterinsights_skip_tracking":false,"_monsterinsights_sitenote_active":false,"_monsterinsights_sitenote_note":"","_monsterinsights_sitenote_category":0,"footnotes":""},"class_list":["post-6591","page","type-page","status-publish","hentry","post-seq-1","post-parity-odd","meta-position-corners","fix"],"_links":{"self":[{"href":"https:\/\/pages.pedf.cuni.cz\/uvrv\/wp-json\/wp\/v2\/pages\/6591","targetHints":{"allow":["GET"]}}],"collection":[{"href":"https:\/\/pages.pedf.cuni.cz\/uvrv\/wp-json\/wp\/v2\/pages"}],"about":[{"href":"https:\/\/pages.pedf.cuni.cz\/uvrv\/wp-json\/wp\/v2\/types\/page"}],"author":[{"embeddable":true,"href":"https:\/\/pages.pedf.cuni.cz\/uvrv\/wp-json\/wp\/v2\/users\/569"}],"replies":[{"embeddable":true,"href":"https:\/\/pages.pedf.cuni.cz\/uvrv\/wp-json\/wp\/v2\/comments?post=6591"}],"version-history":[{"count":7,"href":"https:\/\/pages.pedf.cuni.cz\/uvrv\/wp-json\/wp\/v2\/pages\/6591\/revisions"}],"predecessor-version":[{"id":6600,"href":"https:\/\/pages.pedf.cuni.cz\/uvrv\/wp-json\/wp\/v2\/pages\/6591\/revisions\/6600"}],"wp:attachment":[{"href":"https:\/\/pages.pedf.cuni.cz\/uvrv\/wp-json\/wp\/v2\/media?parent=6591"}],"curies":[{"name":"wp","href":"https:\/\/api.w.org\/{rel}","templated":true}]}}