{"id":6732,"date":"2024-10-21T17:20:03","date_gmt":"2024-10-21T15:20:03","guid":{"rendered":"https:\/\/pages.pedf.cuni.cz\/uvrv\/?page_id=6732"},"modified":"2024-11-04T09:40:44","modified_gmt":"2024-11-04T08:40:44","slug":"mgr-jan-netik","status":"publish","type":"page","link":"https:\/\/pages.pedf.cuni.cz\/uvrv\/mgr-jan-netik\/","title":{"rendered":"Mgr. Jan Net\u00edk"},"content":{"rendered":"\n<div class=\"wp-block-columns is-layout-flex wp-container-core-columns-is-layout-9d6595d7 wp-block-columns-is-layout-flex\">\n<div class=\"wp-block-column is-layout-flow wp-block-column-is-layout-flow\" style=\"flex-basis:33.33%\">\n<figure class=\"wp-block-image size-full\"><a href=\"https:\/\/pages.pedf.cuni.cz\/uvrv\/files\/2024\/10\/Netik.png\"><img loading=\"lazy\" decoding=\"async\" width=\"700\" height=\"634\" src=\"https:\/\/pages.pedf.cuni.cz\/uvrv\/files\/2024\/10\/Netik.png\" alt=\"\" class=\"wp-image-6733\" srcset=\"https:\/\/pages.pedf.cuni.cz\/uvrv\/files\/2024\/10\/Netik.png 700w, https:\/\/pages.pedf.cuni.cz\/uvrv\/files\/2024\/10\/Netik-300x272.png 300w\" sizes=\"auto, (max-width: 700px) 100vw, 700px\" \/><\/a><\/figure>\n<\/div>\n\n\n\n<div class=\"wp-block-column is-layout-flow wp-block-column-is-layout-flow\" style=\"flex-basis:66.66%\">\n<figure class=\"wp-block-table\"><table class=\"has-fixed-layout\"><tbody><tr><td>Email:<\/td><td><a href=\"mailto:netikja@gmail.com\">netikja@gmail.com<\/a><\/td><\/tr><tr><td>Adresa:<\/td><td>Mysl\u00edkova 7, \u010d. M204<\/td><\/tr><tr><td>Telefon:<\/td><td>221 900 527<\/td><\/tr><tr><td>Konzultace:<\/td><td>&#8211;<\/td><\/tr><\/tbody><\/table><\/figure>\n<\/div>\n<\/div>\n\n\n<h5 class=\"collapseomatic highlight\" id=\"id69e59ce7aa121\"  tabindex=\"0\" title=\"Ph.D. studium\"    >Ph.D. studium<\/h5><div id=\"target-id69e59ce7aa121\" class=\"collapseomatic_content \">\n<p><strong>N\u00e1zev diserta\u010dn\u00ed pr\u00e1ce<\/strong>:<\/p>\n<ul>\n<li>Psychometrick\u00e9 anal\u00fdzy znalostn\u00edch test\u016f v kontextu mezin\u00e1rodn\u00ed praxe<\/li>\n<\/ul>\n<p><strong>\u0160kolitel:<\/strong><\/p>\n<ul>\n<li><a href=\"https:\/\/pages.pedf.cuni.cz\/uvrv\/patricia-martinkova\/\">Doc. RNDr. Patr\u00edcia Martinkov\u00e1, Ph.D.<\/a><\/li>\n<\/ul>\n<\/div>\n\n\n<h5 class=\"collapseomatic highlight\" id=\"id69e59ce7aa1e3\"  tabindex=\"0\" title=\"Vzd\u011bl\u00e1n\u00ed\"    >Vzd\u011bl\u00e1n\u00ed<\/h5><div id=\"target-id69e59ce7aa1e3\" class=\"collapseomatic_content \">\n<p>Filosofick\u00e1 fakulta UK<\/p>\n<ul>\n<li>Mgr. \u2013 Katedra psychologie \u2013 \u00dazkost u Parkinsonovy nemoci a jej\u00ed m\u011b\u0159en\u00ed<\/li>\n<li>Bc. \u2013 Katedra psychologie <\/div>\n\n\n<h5 class=\"collapseomatic highlight\" id=\"id69e59ce7aa21f\"  tabindex=\"0\" title=\"Zam\u011bstn\u00e1n\u00ed\"    >Zam\u011bstn\u00e1n\u00ed<\/h5><div id=\"target-id69e59ce7aa21f\" class=\"collapseomatic_content \">\n<ul>\n<li>Analytik \u2013 Schola Empirica, z. s.<\/li>\n<li>V\u011bdeck\u00fd asistent &#8211; \u00dastav informatiky Akademie v\u011bd \u010cesk\u00e9 republiky<\/li>\n<p> <\/div>\n\n\n<h5 class=\"collapseomatic highlight\" id=\"id69e59ce7aa250\"  tabindex=\"0\" title=\"Publikace\"    >Publikace<\/h5><div id=\"target-id69e59ce7aa250\" class=\"collapseomatic_content \">\n<ul>\n <a href=\"https:\/\/orcid.org\/0000-0002-3888-3203\"> ORCID ID <\/a>\n<\/ul>\n<\/div>\n","protected":false},"excerpt":{"rendered":"<p>Email: netikja@gmail.com Adresa: Mysl\u00edkova 7, \u010d. M204 Telefon: 221 900 527 Konzultace: &#8211;<\/p>\n","protected":false},"author":965,"featured_media":0,"parent":0,"menu_order":0,"comment_status":"closed","ping_status":"closed","template":"","meta":{"_monsterinsights_skip_tracking":false,"_monsterinsights_sitenote_active":false,"_monsterinsights_sitenote_note":"","_monsterinsights_sitenote_category":0,"footnotes":""},"class_list":["post-6732","page","type-page","status-publish","hentry","post-seq-1","post-parity-odd","meta-position-corners","fix"],"_links":{"self":[{"href":"https:\/\/pages.pedf.cuni.cz\/uvrv\/wp-json\/wp\/v2\/pages\/6732","targetHints":{"allow":["GET"]}}],"collection":[{"href":"https:\/\/pages.pedf.cuni.cz\/uvrv\/wp-json\/wp\/v2\/pages"}],"about":[{"href":"https:\/\/pages.pedf.cuni.cz\/uvrv\/wp-json\/wp\/v2\/types\/page"}],"author":[{"embeddable":true,"href":"https:\/\/pages.pedf.cuni.cz\/uvrv\/wp-json\/wp\/v2\/users\/965"}],"replies":[{"embeddable":true,"href":"https:\/\/pages.pedf.cuni.cz\/uvrv\/wp-json\/wp\/v2\/comments?post=6732"}],"version-history":[{"count":7,"href":"https:\/\/pages.pedf.cuni.cz\/uvrv\/wp-json\/wp\/v2\/pages\/6732\/revisions"}],"predecessor-version":[{"id":6790,"href":"https:\/\/pages.pedf.cuni.cz\/uvrv\/wp-json\/wp\/v2\/pages\/6732\/revisions\/6790"}],"wp:attachment":[{"href":"https:\/\/pages.pedf.cuni.cz\/uvrv\/wp-json\/wp\/v2\/media?parent=6732"}],"curies":[{"name":"wp","href":"https:\/\/api.w.org\/{rel}","templated":true}]}}