{"id":22,"date":"2016-02-12T12:45:59","date_gmt":"2016-02-12T11:45:59","guid":{"rendered":"http:\/\/pages.pedf.cuni.cz\/vytvarnavychova\/?page_id=22"},"modified":"2016-02-12T13:26:08","modified_gmt":"2016-02-12T12:26:08","slug":"pro-autory","status":"publish","type":"page","link":"https:\/\/pages.pedf.cuni.cz\/vytvarnavychova\/pro-autory\/","title":{"rendered":"Pro autory"},"content":{"rendered":"<ul class=\"list-pages-shortcode child-pages\"><li class=\"page_item page-item-28\"><a href=\"https:\/\/pages.pedf.cuni.cz\/vytvarnavychova\/pro-autory\/prijimani-textu-a-recenzni-rizeni\/\">P\u0159ij\u00edm\u00e1n\u00ed text\u016f a recenzn\u00ed \u0159\u00edzen\u00ed<\/a><\/li>\n<li class=\"page_item page-item-26\"><a href=\"https:\/\/pages.pedf.cuni.cz\/vytvarnavychova\/pro-autory\/typy-prispevku\/\">Typy p\u0159\u00edsp\u011bvk\u016f<\/a><\/li>\n<li class=\"page_item page-item-30\"><a href=\"https:\/\/pages.pedf.cuni.cz\/vytvarnavychova\/pro-autory\/pokyny-k-uprave-textu\/\">Pokyny k \u00faprav\u011b text\u016f<\/a><\/li>\n<\/ul>\n","protected":false},"excerpt":{"rendered":"","protected":false},"author":438,"featured_media":0,"parent":0,"menu_order":3,"comment_status":"closed","ping_status":"closed","template":"page-disable-sidebar.php","meta":{"footnotes":""},"class_list":["post-22","page","type-page","status-publish","hentry"],"_links":{"self":[{"href":"https:\/\/pages.pedf.cuni.cz\/vytvarnavychova\/wp-json\/wp\/v2\/pages\/22","targetHints":{"allow":["GET"]}}],"collection":[{"href":"https:\/\/pages.pedf.cuni.cz\/vytvarnavychova\/wp-json\/wp\/v2\/pages"}],"about":[{"href":"https:\/\/pages.pedf.cuni.cz\/vytvarnavychova\/wp-json\/wp\/v2\/types\/page"}],"author":[{"embeddable":true,"href":"https:\/\/pages.pedf.cuni.cz\/vytvarnavychova\/wp-json\/wp\/v2\/users\/438"}],"replies":[{"embeddable":true,"href":"https:\/\/pages.pedf.cuni.cz\/vytvarnavychova\/wp-json\/wp\/v2\/comments?post=22"}],"version-history":[{"count":0,"href":"https:\/\/pages.pedf.cuni.cz\/vytvarnavychova\/wp-json\/wp\/v2\/pages\/22\/revisions"}],"wp:attachment":[{"href":"https:\/\/pages.pedf.cuni.cz\/vytvarnavychova\/wp-json\/wp\/v2\/media?parent=22"}],"curies":[{"name":"wp","href":"https:\/\/api.w.org\/{rel}","templated":true}]}}